{"id":9565,"date":"2026-01-28T16:45:07","date_gmt":"2026-01-28T15:45:07","guid":{"rendered":"https:\/\/moto-pawmar.pl\/?product=torba-tylna-sw-motech-ion-l-black-50l"},"modified":"2026-01-29T09:22:07","modified_gmt":"2026-01-29T08:22:07","slug":"torba-tylna-sw-motech-ion-l-black-50l","status":"publish","type":"product","link":"https:\/\/moto-pawmar.pl\/?product=torba-tylna-sw-motech-ion-l-black-50l","title":{"rendered":"TORBA TYLNA SW-MOTECH ION L BLACK 50L"},"content":{"rendered":"<p>Z 50 litrami obj\u0119to\u015bci torba ION L oferuje mn\u00f3stwo miejsca na d\u0142u\u017csze wycieczki. Pasy mocuj\u0105ce zapobiegaj\u0105 trzepotaniu podczas podr\u00f3\u017cowania z lekkim \u0142adunkiem, umo\u017cliwiaj\u0105c r\u00f3wnie\u017c przymocowanie dodatkowego baga\u017cu do torby. Dwie zewn\u0119trzne kieszenie po bokach zapewniaj\u0105 \u0142atwy dost\u0119p do najwa\u017cniejszych rzeczy. Trwa\u0142e klamry i paski oczkowe umo\u017cliwiaj\u0105 szybkie mocowanie, a wraz z elastycznym kszta\u0142tem i antypo\u015blizgowym spodem nadaj\u0105 torbie pewny i stabilny monta\u017c na siedzeniu pasa\u017cera lub ogonie. Uchwyt do przenoszenia, to kolejna dodatkowa zaleta przestronnej torby ION L.<\/br><\/br>Trzy rozmiary, elegancki wygl\u0105d, atrakcyjna cena: torby tylne z serii ION dost\u0119pne s\u0105 w trzech rozmiarach i mo\u017cna je przymocowa\u0107 do niemal ka\u017cdego ogona motocyklowego. Wykonane z czarnego poliestru 600D z elementami z mi\u0119kkiego winylu. Torby te \u0142\u0105cz\u0105 atrakcyjny wygl\u0105d z bardzo przydatnymi w\u0142a\u015bciwo\u015bciami, tj.: zoptymalizowana wielko\u015b\u0107 na baga\u017c pod ka\u017cdy typ podr\u00f3\u017cy, antypo\u015blizgowy sp\u00f3d, komora g\u0142\u00f3wna zamykana na zamek b\u0142yskawiczny i wodoodporna torba wewn\u0119trzna. Tekstylne odblaskowe paski \u015bci\u0105gaj\u0105ce w \u015bwietle dziennym nie odbijaj\u0105 promieni s\u0142onecznych jednak w ciemno\u015bci sprawiaj\u0105, i\u017c widoczno\u015b\u0107 jest znacznie zwi\u0119kszona.<\/BR><BR><b>W\u0142a\u015bciwo\u015bci<\/b><\/p>\n<ul>\n<li> Kszta\u0142t zoptymalizowany do siedzenia pasa\u017cera lub ogona wielu modeli motocykli\n<li> Lekka o pomie\u015bci 50 litr\u00f3w na baga\u017c\n<li>Trwa\u0142e klamry krzywkowe zapewniaj\u0105 niezawodne mocowanie 4-punktowe za pomoc\u0105 pask\u00f3w p\u0119tlowych\n<li> Pasy mocuj\u0105ce z adapterami zaciskowymi zapobiegaj\u0105 trzepotaniu i umo\u017cliwiaj\u0105 przymocowanie dodatkowego baga\u017cu\n<li> \u0141atwy dost\u0119p: 2 zewn\u0119trzne kieszenie po bokach i kiesze\u0144 z siatki na pokrywie\n<li> Du\u017ca komora g\u0142\u00f3wna do indywidualnego za\u0142adunku\n<li>Praktyczny uchwyt do przenoszenia\n<li> Antypo\u015blizgowy sp\u00f3d zapewnia idealne trzymanie na motocyklu\n<li> Atrakcyjne po\u0142\u0105czenie tkaniny z poliestru z czarnym mi\u0119kkim winylem\n<li>Odblaskowe szczeg\u00f3\u0142y dla wi\u0119kszego bezpiecze\u0144stwa w ruchu drogowym\n<li> Subtelne elementy: wyszyte logo SW-MOTECH oraz byk w kolorze srebrnoszarym\n<li> Trwa\u0142y, odporny na promieniowanie UV poliester 600D z wodoodporn\u0105 pow\u0142ok\u0105 wewn\u0119trzn\u0105\n<li> Wodoodporna torba wewn\u0119trzna w zestawie\n<li> Materia\u0142: poliester 600D \/ mi\u0119kki winyl\n<li>Czarny kolor\n<li> Waga: 1,3 kg\n<li> Rozmiar: 30 x 70 x 30 cm\n<li> Pojemno\u015b\u0107: 50 l<\/ul>\n<p><b>Zestaw zawiera<\/b><\/p>\n<ul><LI>1 torba tylna ION L <LI>1 wodoodporna torba wewn\u0119trzna <LI>4 pasy oczkowe do zamocowania na motocyklu<LI>2 pasy do zaci\u015bni\u0119cia <LI>2 uchwyty za rejestracj\u0119 do szybkiego mocowania pask\u00f3w <LI> 1 folia bezbarwna do zabezpieczenia lakieru<LI>Instrukcja monta\u017cu<\/UL><\/p>\n","protected":false},"excerpt":{"rendered":"<p>Z 50 litrami obj\u0119to\u015bci torba ION L oferuje mn\u00f3stwo miejsca na d\u0142u\u017csze wycieczki. Pasy mocuj\u0105ce zapobiegaj\u0105 trzepotaniu podczas podr\u00f3\u017cowania z lekkim \u0142adunkiem, umo\u017cliwiaj\u0105c r\u00f3wnie\u017c przymocowanie dodatkowego baga\u017cu do torby. Dwie zewn\u0119trzne kieszenie po bokach zapewniaj\u0105 \u0142atwy dost\u0119p do najwa\u017cniejszych rzeczy. Trwa\u0142e klamry i paski oczkowe umo\u017cliwiaj\u0105 szybkie mocowanie, a wraz z elastycznym kszta\u0142tem i antypo\u015blizgowym [&hellip;]<\/p>\n","protected":false},"featured_media":9564,"template":"","meta":[],"product_brand":[386],"product_cat":[390],"product_tag":[],"class_list":{"0":"post-9565","1":"product","2":"type-product","3":"status-publish","4":"has-post-thumbnail","6":"product_brand-sw-motech","7":"product_cat-akcesoria-sw-motech-2","9":"first","10":"onbackorder","11":"taxable","12":"shipping-taxable","13":"purchasable","14":"product-type-simple"},"yoast_head":"<!-- This site is optimized with the Yoast SEO plugin v26.9 - https:\/\/yoast.com\/product\/yoast-seo-wordpress\/ -->\n<title>TORBA TYLNA SW-MOTECH ION L BLACK 50L - MOTO-PAWMAR<\/title>\n<meta name=\"robots\" content=\"index, follow, max-snippet:-1, max-image-preview:large, max-video-preview:-1\" \/>\n<link rel=\"canonical\" href=\"https:\/\/moto-pawmar.pl\/?product=torba-tylna-sw-motech-ion-l-black-50l\" \/>\n<meta property=\"og:locale\" content=\"pl_PL\" \/>\n<meta property=\"og:type\" content=\"article\" \/>\n<meta property=\"og:title\" content=\"TORBA TYLNA SW-MOTECH ION L BLACK 50L - MOTO-PAWMAR\" \/>\n<meta property=\"og:description\" content=\"Z 50 litrami obj\u0119to\u015bci torba ION L oferuje mn\u00f3stwo miejsca na d\u0142u\u017csze wycieczki. Pasy mocuj\u0105ce zapobiegaj\u0105 trzepotaniu podczas podr\u00f3\u017cowania z lekkim \u0142adunkiem, umo\u017cliwiaj\u0105c r\u00f3wnie\u017c przymocowanie dodatkowego baga\u017cu do torby. Dwie zewn\u0119trzne kieszenie po bokach zapewniaj\u0105 \u0142atwy dost\u0119p do najwa\u017cniejszych rzeczy. Trwa\u0142e klamry i paski oczkowe umo\u017cliwiaj\u0105 szybkie mocowanie, a wraz z elastycznym kszta\u0142tem i antypo\u015blizgowym [&hellip;]\" \/>\n<meta property=\"og:url\" content=\"https:\/\/moto-pawmar.pl\/?product=torba-tylna-sw-motech-ion-l-black-50l\" \/>\n<meta property=\"og:site_name\" content=\"MOTO-PAWMAR\" \/>\n<meta property=\"article:publisher\" content=\"https:\/\/www.facebook.com\/motopawmar\/?locale=pl_PL\" \/>\n<meta property=\"article:modified_time\" content=\"2026-01-29T08:22:07+00:00\" \/>\n<meta property=\"og:image\" content=\"https:\/\/moto-pawmar.pl\/wp-content\/uploads\/2026\/01\/181340_ZAL293434.jpg\" \/>\n\t<meta property=\"og:image:width\" content=\"800\" \/>\n\t<meta property=\"og:image:height\" content=\"533\" \/>\n\t<meta property=\"og:image:type\" content=\"image\/jpeg\" \/>\n<meta name=\"twitter:card\" content=\"summary_large_image\" \/>\n<meta name=\"twitter:label1\" content=\"Szacowany czas czytania\" \/>\n\t<meta name=\"twitter:data1\" content=\"2 minuty\" \/>\n<script type=\"application\/ld+json\" class=\"yoast-schema-graph\">{\"@context\":\"https:\/\/schema.org\",\"@graph\":[{\"@type\":\"WebPage\",\"@id\":\"https:\/\/moto-pawmar.pl\/?product=torba-tylna-sw-motech-ion-l-black-50l\",\"url\":\"https:\/\/moto-pawmar.pl\/?product=torba-tylna-sw-motech-ion-l-black-50l\",\"name\":\"TORBA TYLNA SW-MOTECH ION L BLACK 50L - MOTO-PAWMAR\",\"isPartOf\":{\"@id\":\"https:\/\/moto-pawmar.pl\/#website\"},\"primaryImageOfPage\":{\"@id\":\"https:\/\/moto-pawmar.pl\/?product=torba-tylna-sw-motech-ion-l-black-50l#primaryimage\"},\"image\":{\"@id\":\"https:\/\/moto-pawmar.pl\/?product=torba-tylna-sw-motech-ion-l-black-50l#primaryimage\"},\"thumbnailUrl\":\"https:\/\/moto-pawmar.pl\/wp-content\/uploads\/2026\/01\/181340_ZAL293434.jpg\",\"datePublished\":\"2026-01-28T15:45:07+00:00\",\"dateModified\":\"2026-01-29T08:22:07+00:00\",\"breadcrumb\":{\"@id\":\"https:\/\/moto-pawmar.pl\/?product=torba-tylna-sw-motech-ion-l-black-50l#breadcrumb\"},\"inLanguage\":\"pl-PL\",\"potentialAction\":[{\"@type\":\"ReadAction\",\"target\":[\"https:\/\/moto-pawmar.pl\/?product=torba-tylna-sw-motech-ion-l-black-50l\"]}]},{\"@type\":\"ImageObject\",\"inLanguage\":\"pl-PL\",\"@id\":\"https:\/\/moto-pawmar.pl\/?product=torba-tylna-sw-motech-ion-l-black-50l#primaryimage\",\"url\":\"https:\/\/moto-pawmar.pl\/wp-content\/uploads\/2026\/01\/181340_ZAL293434.jpg\",\"contentUrl\":\"https:\/\/moto-pawmar.pl\/wp-content\/uploads\/2026\/01\/181340_ZAL293434.jpg\",\"width\":800,\"height\":533},{\"@type\":\"BreadcrumbList\",\"@id\":\"https:\/\/moto-pawmar.pl\/?product=torba-tylna-sw-motech-ion-l-black-50l#breadcrumb\",\"itemListElement\":[{\"@type\":\"ListItem\",\"position\":1,\"name\":\"Strona g\u0142\u00f3wna\",\"item\":\"https:\/\/moto-pawmar.pl\/\"},{\"@type\":\"ListItem\",\"position\":2,\"name\":\"Sklep Internetowy\",\"item\":\"https:\/\/moto-pawmar.pl\/?page_id=367\"},{\"@type\":\"ListItem\",\"position\":3,\"name\":\"TORBA TYLNA SW-MOTECH ION L BLACK 50L\"}]},{\"@type\":\"WebSite\",\"@id\":\"https:\/\/moto-pawmar.pl\/#website\",\"url\":\"https:\/\/moto-pawmar.pl\/\",\"name\":\"MOTO-PAWMAR\",\"description\":\"MOTO\u2011PAWMAR \u2013 Tw\u00f3j sklep z cz\u0119\u015bciami i akcesoriami do motocykli, skuter\u00f3w i quad\u00f3w.\",\"publisher\":{\"@id\":\"https:\/\/moto-pawmar.pl\/#organization\"},\"potentialAction\":[{\"@type\":\"SearchAction\",\"target\":{\"@type\":\"EntryPoint\",\"urlTemplate\":\"https:\/\/moto-pawmar.pl\/?s={search_term_string}\"},\"query-input\":{\"@type\":\"PropertyValueSpecification\",\"valueRequired\":true,\"valueName\":\"search_term_string\"}}],\"inLanguage\":\"pl-PL\"},{\"@type\":\"Organization\",\"@id\":\"https:\/\/moto-pawmar.pl\/#organization\",\"name\":\"MOTO-PAWMAR\",\"url\":\"https:\/\/moto-pawmar.pl\/\",\"logo\":{\"@type\":\"ImageObject\",\"inLanguage\":\"pl-PL\",\"@id\":\"https:\/\/moto-pawmar.pl\/#\/schema\/logo\/image\/\",\"url\":\"https:\/\/moto-pawmar.pl\/wp-content\/uploads\/2025\/10\/LOGO-SKLEP.png\",\"contentUrl\":\"https:\/\/moto-pawmar.pl\/wp-content\/uploads\/2025\/10\/LOGO-SKLEP.png\",\"width\":2480,\"height\":2053,\"caption\":\"MOTO-PAWMAR\"},\"image\":{\"@id\":\"https:\/\/moto-pawmar.pl\/#\/schema\/logo\/image\/\"},\"sameAs\":[\"https:\/\/www.facebook.com\/motopawmar\/?locale=pl_PL\"]}]}<\/script>\n<!-- \/ Yoast SEO plugin. -->","yoast_head_json":{"title":"TORBA TYLNA SW-MOTECH ION L BLACK 50L - MOTO-PAWMAR","robots":{"index":"index","follow":"follow","max-snippet":"max-snippet:-1","max-image-preview":"max-image-preview:large","max-video-preview":"max-video-preview:-1"},"canonical":"https:\/\/moto-pawmar.pl\/?product=torba-tylna-sw-motech-ion-l-black-50l","og_locale":"pl_PL","og_type":"article","og_title":"TORBA TYLNA SW-MOTECH ION L BLACK 50L - MOTO-PAWMAR","og_description":"Z 50 litrami obj\u0119to\u015bci torba ION L oferuje mn\u00f3stwo miejsca na d\u0142u\u017csze wycieczki. Pasy mocuj\u0105ce zapobiegaj\u0105 trzepotaniu podczas podr\u00f3\u017cowania z lekkim \u0142adunkiem, umo\u017cliwiaj\u0105c r\u00f3wnie\u017c przymocowanie dodatkowego baga\u017cu do torby. Dwie zewn\u0119trzne kieszenie po bokach zapewniaj\u0105 \u0142atwy dost\u0119p do najwa\u017cniejszych rzeczy. Trwa\u0142e klamry i paski oczkowe umo\u017cliwiaj\u0105 szybkie mocowanie, a wraz z elastycznym kszta\u0142tem i antypo\u015blizgowym [&hellip;]","og_url":"https:\/\/moto-pawmar.pl\/?product=torba-tylna-sw-motech-ion-l-black-50l","og_site_name":"MOTO-PAWMAR","article_publisher":"https:\/\/www.facebook.com\/motopawmar\/?locale=pl_PL","article_modified_time":"2026-01-29T08:22:07+00:00","og_image":[{"width":800,"height":533,"url":"https:\/\/moto-pawmar.pl\/wp-content\/uploads\/2026\/01\/181340_ZAL293434.jpg","type":"image\/jpeg"}],"twitter_card":"summary_large_image","twitter_misc":{"Szacowany czas czytania":"2 minuty"},"schema":{"@context":"https:\/\/schema.org","@graph":[{"@type":"WebPage","@id":"https:\/\/moto-pawmar.pl\/?product=torba-tylna-sw-motech-ion-l-black-50l","url":"https:\/\/moto-pawmar.pl\/?product=torba-tylna-sw-motech-ion-l-black-50l","name":"TORBA TYLNA SW-MOTECH ION L BLACK 50L - MOTO-PAWMAR","isPartOf":{"@id":"https:\/\/moto-pawmar.pl\/#website"},"primaryImageOfPage":{"@id":"https:\/\/moto-pawmar.pl\/?product=torba-tylna-sw-motech-ion-l-black-50l#primaryimage"},"image":{"@id":"https:\/\/moto-pawmar.pl\/?product=torba-tylna-sw-motech-ion-l-black-50l#primaryimage"},"thumbnailUrl":"https:\/\/moto-pawmar.pl\/wp-content\/uploads\/2026\/01\/181340_ZAL293434.jpg","datePublished":"2026-01-28T15:45:07+00:00","dateModified":"2026-01-29T08:22:07+00:00","breadcrumb":{"@id":"https:\/\/moto-pawmar.pl\/?product=torba-tylna-sw-motech-ion-l-black-50l#breadcrumb"},"inLanguage":"pl-PL","potentialAction":[{"@type":"ReadAction","target":["https:\/\/moto-pawmar.pl\/?product=torba-tylna-sw-motech-ion-l-black-50l"]}]},{"@type":"ImageObject","inLanguage":"pl-PL","@id":"https:\/\/moto-pawmar.pl\/?product=torba-tylna-sw-motech-ion-l-black-50l#primaryimage","url":"https:\/\/moto-pawmar.pl\/wp-content\/uploads\/2026\/01\/181340_ZAL293434.jpg","contentUrl":"https:\/\/moto-pawmar.pl\/wp-content\/uploads\/2026\/01\/181340_ZAL293434.jpg","width":800,"height":533},{"@type":"BreadcrumbList","@id":"https:\/\/moto-pawmar.pl\/?product=torba-tylna-sw-motech-ion-l-black-50l#breadcrumb","itemListElement":[{"@type":"ListItem","position":1,"name":"Strona g\u0142\u00f3wna","item":"https:\/\/moto-pawmar.pl\/"},{"@type":"ListItem","position":2,"name":"Sklep Internetowy","item":"https:\/\/moto-pawmar.pl\/?page_id=367"},{"@type":"ListItem","position":3,"name":"TORBA TYLNA SW-MOTECH ION L BLACK 50L"}]},{"@type":"WebSite","@id":"https:\/\/moto-pawmar.pl\/#website","url":"https:\/\/moto-pawmar.pl\/","name":"MOTO-PAWMAR","description":"MOTO\u2011PAWMAR \u2013 Tw\u00f3j sklep z cz\u0119\u015bciami i akcesoriami do motocykli, skuter\u00f3w i quad\u00f3w.","publisher":{"@id":"https:\/\/moto-pawmar.pl\/#organization"},"potentialAction":[{"@type":"SearchAction","target":{"@type":"EntryPoint","urlTemplate":"https:\/\/moto-pawmar.pl\/?s={search_term_string}"},"query-input":{"@type":"PropertyValueSpecification","valueRequired":true,"valueName":"search_term_string"}}],"inLanguage":"pl-PL"},{"@type":"Organization","@id":"https:\/\/moto-pawmar.pl\/#organization","name":"MOTO-PAWMAR","url":"https:\/\/moto-pawmar.pl\/","logo":{"@type":"ImageObject","inLanguage":"pl-PL","@id":"https:\/\/moto-pawmar.pl\/#\/schema\/logo\/image\/","url":"https:\/\/moto-pawmar.pl\/wp-content\/uploads\/2025\/10\/LOGO-SKLEP.png","contentUrl":"https:\/\/moto-pawmar.pl\/wp-content\/uploads\/2025\/10\/LOGO-SKLEP.png","width":2480,"height":2053,"caption":"MOTO-PAWMAR"},"image":{"@id":"https:\/\/moto-pawmar.pl\/#\/schema\/logo\/image\/"},"sameAs":["https:\/\/www.facebook.com\/motopawmar\/?locale=pl_PL"]}]}},"_links":{"self":[{"href":"https:\/\/moto-pawmar.pl\/index.php?rest_route=\/wp\/v2\/product\/9565","targetHints":{"allow":["GET"]}}],"collection":[{"href":"https:\/\/moto-pawmar.pl\/index.php?rest_route=\/wp\/v2\/product"}],"about":[{"href":"https:\/\/moto-pawmar.pl\/index.php?rest_route=\/wp\/v2\/types\/product"}],"wp:featuredmedia":[{"embeddable":true,"href":"https:\/\/moto-pawmar.pl\/index.php?rest_route=\/wp\/v2\/media\/9564"}],"wp:attachment":[{"href":"https:\/\/moto-pawmar.pl\/index.php?rest_route=%2Fwp%2Fv2%2Fmedia&parent=9565"}],"wp:term":[{"taxonomy":"product_brand","embeddable":true,"href":"https:\/\/moto-pawmar.pl\/index.php?rest_route=%2Fwp%2Fv2%2Fproduct_brand&post=9565"},{"taxonomy":"product_cat","embeddable":true,"href":"https:\/\/moto-pawmar.pl\/index.php?rest_route=%2Fwp%2Fv2%2Fproduct_cat&post=9565"},{"taxonomy":"product_tag","embeddable":true,"href":"https:\/\/moto-pawmar.pl\/index.php?rest_route=%2Fwp%2Fv2%2Fproduct_tag&post=9565"}],"curies":[{"name":"wp","href":"https:\/\/api.w.org\/{rel}","templated":true}]}}