{"id":8784,"date":"2026-01-28T16:43:06","date_gmt":"2026-01-28T15:43:06","guid":{"rendered":"https:\/\/moto-pawmar.pl\/?product=osona-kolektora-32-50-mm-sw-motech-silver"},"modified":"2026-01-29T09:21:14","modified_gmt":"2026-01-29T08:21:14","slug":"osona-kolektora-32-50-mm-sw-motech-silver","status":"publish","type":"product","link":"https:\/\/moto-pawmar.pl\/?product=osona-kolektora-32-50-mm-sw-motech-silver","title":{"rendered":"OS\u0141ONA KOLEKTORA 32-50 MM SW-MOTECH SILVER"},"content":{"rendered":"<p>Os\u0142ona kolektora motocykla od SW-MOTECH, zosta\u0142a tak zaprojektowana, aby os\u0142oni\u0107 rury wydechowe przed kamieniami, a jednocze\u015bnie by\u0107 uzupe\u0142nieniem os\u0142ony silnika. Opr\u00f3cz zabezpieczenia przed uszkodzeniem spe\u0142nia tak\u017ce funkcj\u0119 radiatora, skutecznie odprowadzaj\u0105c temperatur\u0119. Ca\u0142a konstrukcja jest elastyczna co sprawia, \u017ce bez problemu zamontujesz na ka\u017cdym kolektorze. Produkt dost\u0119pny jest w dw\u00f3ch wariantach, a mianowicie obejmuj\u0105ce \u015brednic\u0119 rur od 32-50 oraz 50-70 mm. Zatem wszystkie te w\u0142a\u015bciwo\u015bci sprawiaj\u0105, \u017ce os\u0142ona bez najmniejszego problemu b\u0119dzie pasowa\u0107 do niemal ka\u017cdego motocykla. <\/p>\n<p><b>Zestaw zawiera:<\/b><\/p>\n<ul><LI> os\u0142on\u0119 kolektora dla rur o \u015brednicy 32-50 mm,<LI> materia\u0142y monta\u017cowe,<LI> Instrukcj\u0119 monta\u017cu,<\/ul>\n<p>Uwaga: SW-MOTECH posiada r\u00f3wnie\u017c os\u0142on\u0119 kolektora dla \u015brednic rur 50-70 mm<\/p>\n<p><\/UL><\/p>\n","protected":false},"excerpt":{"rendered":"<p>Os\u0142ona kolektora motocykla od SW-MOTECH, zosta\u0142a tak zaprojektowana, aby os\u0142oni\u0107 rury wydechowe przed kamieniami, a jednocze\u015bnie by\u0107 uzupe\u0142nieniem os\u0142ony silnika. Opr\u00f3cz zabezpieczenia przed uszkodzeniem spe\u0142nia tak\u017ce funkcj\u0119 radiatora, skutecznie odprowadzaj\u0105c temperatur\u0119. Ca\u0142a konstrukcja jest elastyczna co sprawia, \u017ce bez problemu zamontujesz na ka\u017cdym kolektorze. Produkt dost\u0119pny jest w dw\u00f3ch wariantach, a mianowicie obejmuj\u0105ce \u015brednic\u0119 rur [&hellip;]<\/p>\n","protected":false},"featured_media":8783,"template":"","meta":[],"product_brand":[386],"product_cat":[390],"product_tag":[],"class_list":{"0":"post-8784","1":"product","2":"type-product","3":"status-publish","4":"has-post-thumbnail","6":"product_brand-sw-motech","7":"product_cat-akcesoria-sw-motech-2","9":"first","10":"onbackorder","11":"taxable","12":"shipping-taxable","13":"purchasable","14":"product-type-simple"},"yoast_head":"<!-- This site is optimized with the Yoast SEO plugin v26.9 - https:\/\/yoast.com\/product\/yoast-seo-wordpress\/ -->\n<title>OS\u0141ONA KOLEKTORA 32-50 MM SW-MOTECH SILVER - MOTO-PAWMAR<\/title>\n<meta name=\"robots\" content=\"index, follow, max-snippet:-1, max-image-preview:large, max-video-preview:-1\" \/>\n<link rel=\"canonical\" href=\"https:\/\/moto-pawmar.pl\/?product=osona-kolektora-32-50-mm-sw-motech-silver\" \/>\n<meta property=\"og:locale\" content=\"pl_PL\" \/>\n<meta property=\"og:type\" content=\"article\" \/>\n<meta property=\"og:title\" content=\"OS\u0141ONA KOLEKTORA 32-50 MM SW-MOTECH SILVER - MOTO-PAWMAR\" \/>\n<meta property=\"og:description\" content=\"Os\u0142ona kolektora motocykla od SW-MOTECH, zosta\u0142a tak zaprojektowana, aby os\u0142oni\u0107 rury wydechowe przed kamieniami, a jednocze\u015bnie by\u0107 uzupe\u0142nieniem os\u0142ony silnika. Opr\u00f3cz zabezpieczenia przed uszkodzeniem spe\u0142nia tak\u017ce funkcj\u0119 radiatora, skutecznie odprowadzaj\u0105c temperatur\u0119. Ca\u0142a konstrukcja jest elastyczna co sprawia, \u017ce bez problemu zamontujesz na ka\u017cdym kolektorze. Produkt dost\u0119pny jest w dw\u00f3ch wariantach, a mianowicie obejmuj\u0105ce \u015brednic\u0119 rur [&hellip;]\" \/>\n<meta property=\"og:url\" content=\"https:\/\/moto-pawmar.pl\/?product=osona-kolektora-32-50-mm-sw-motech-silver\" \/>\n<meta property=\"og:site_name\" content=\"MOTO-PAWMAR\" \/>\n<meta property=\"article:publisher\" content=\"https:\/\/www.facebook.com\/motopawmar\/?locale=pl_PL\" \/>\n<meta property=\"article:modified_time\" content=\"2026-01-29T08:21:14+00:00\" \/>\n<meta property=\"og:image\" content=\"https:\/\/moto-pawmar.pl\/wp-content\/uploads\/2026\/01\/123261_ZAL253114.jpg\" \/>\n\t<meta property=\"og:image:width\" content=\"800\" \/>\n\t<meta property=\"og:image:height\" content=\"533\" \/>\n\t<meta property=\"og:image:type\" content=\"image\/jpeg\" \/>\n<meta name=\"twitter:card\" content=\"summary_large_image\" \/>\n<meta name=\"twitter:label1\" content=\"Szacowany czas czytania\" \/>\n\t<meta name=\"twitter:data1\" content=\"1 minuta\" \/>\n<script type=\"application\/ld+json\" class=\"yoast-schema-graph\">{\"@context\":\"https:\/\/schema.org\",\"@graph\":[{\"@type\":\"WebPage\",\"@id\":\"https:\/\/moto-pawmar.pl\/?product=osona-kolektora-32-50-mm-sw-motech-silver\",\"url\":\"https:\/\/moto-pawmar.pl\/?product=osona-kolektora-32-50-mm-sw-motech-silver\",\"name\":\"OS\u0141ONA KOLEKTORA 32-50 MM SW-MOTECH SILVER - MOTO-PAWMAR\",\"isPartOf\":{\"@id\":\"https:\/\/moto-pawmar.pl\/#website\"},\"primaryImageOfPage\":{\"@id\":\"https:\/\/moto-pawmar.pl\/?product=osona-kolektora-32-50-mm-sw-motech-silver#primaryimage\"},\"image\":{\"@id\":\"https:\/\/moto-pawmar.pl\/?product=osona-kolektora-32-50-mm-sw-motech-silver#primaryimage\"},\"thumbnailUrl\":\"https:\/\/moto-pawmar.pl\/wp-content\/uploads\/2026\/01\/123261_ZAL253114.jpg\",\"datePublished\":\"2026-01-28T15:43:06+00:00\",\"dateModified\":\"2026-01-29T08:21:14+00:00\",\"breadcrumb\":{\"@id\":\"https:\/\/moto-pawmar.pl\/?product=osona-kolektora-32-50-mm-sw-motech-silver#breadcrumb\"},\"inLanguage\":\"pl-PL\",\"potentialAction\":[{\"@type\":\"ReadAction\",\"target\":[\"https:\/\/moto-pawmar.pl\/?product=osona-kolektora-32-50-mm-sw-motech-silver\"]}]},{\"@type\":\"ImageObject\",\"inLanguage\":\"pl-PL\",\"@id\":\"https:\/\/moto-pawmar.pl\/?product=osona-kolektora-32-50-mm-sw-motech-silver#primaryimage\",\"url\":\"https:\/\/moto-pawmar.pl\/wp-content\/uploads\/2026\/01\/123261_ZAL253114.jpg\",\"contentUrl\":\"https:\/\/moto-pawmar.pl\/wp-content\/uploads\/2026\/01\/123261_ZAL253114.jpg\",\"width\":800,\"height\":533},{\"@type\":\"BreadcrumbList\",\"@id\":\"https:\/\/moto-pawmar.pl\/?product=osona-kolektora-32-50-mm-sw-motech-silver#breadcrumb\",\"itemListElement\":[{\"@type\":\"ListItem\",\"position\":1,\"name\":\"Strona g\u0142\u00f3wna\",\"item\":\"https:\/\/moto-pawmar.pl\/\"},{\"@type\":\"ListItem\",\"position\":2,\"name\":\"Sklep Internetowy\",\"item\":\"https:\/\/moto-pawmar.pl\/?page_id=367\"},{\"@type\":\"ListItem\",\"position\":3,\"name\":\"OS\u0141ONA KOLEKTORA 32-50 MM SW-MOTECH SILVER\"}]},{\"@type\":\"WebSite\",\"@id\":\"https:\/\/moto-pawmar.pl\/#website\",\"url\":\"https:\/\/moto-pawmar.pl\/\",\"name\":\"MOTO-PAWMAR\",\"description\":\"MOTO\u2011PAWMAR \u2013 Tw\u00f3j sklep z cz\u0119\u015bciami i akcesoriami do motocykli, skuter\u00f3w i quad\u00f3w.\",\"publisher\":{\"@id\":\"https:\/\/moto-pawmar.pl\/#organization\"},\"potentialAction\":[{\"@type\":\"SearchAction\",\"target\":{\"@type\":\"EntryPoint\",\"urlTemplate\":\"https:\/\/moto-pawmar.pl\/?s={search_term_string}\"},\"query-input\":{\"@type\":\"PropertyValueSpecification\",\"valueRequired\":true,\"valueName\":\"search_term_string\"}}],\"inLanguage\":\"pl-PL\"},{\"@type\":\"Organization\",\"@id\":\"https:\/\/moto-pawmar.pl\/#organization\",\"name\":\"MOTO-PAWMAR\",\"url\":\"https:\/\/moto-pawmar.pl\/\",\"logo\":{\"@type\":\"ImageObject\",\"inLanguage\":\"pl-PL\",\"@id\":\"https:\/\/moto-pawmar.pl\/#\/schema\/logo\/image\/\",\"url\":\"https:\/\/moto-pawmar.pl\/wp-content\/uploads\/2025\/10\/LOGO-SKLEP.png\",\"contentUrl\":\"https:\/\/moto-pawmar.pl\/wp-content\/uploads\/2025\/10\/LOGO-SKLEP.png\",\"width\":2480,\"height\":2053,\"caption\":\"MOTO-PAWMAR\"},\"image\":{\"@id\":\"https:\/\/moto-pawmar.pl\/#\/schema\/logo\/image\/\"},\"sameAs\":[\"https:\/\/www.facebook.com\/motopawmar\/?locale=pl_PL\"]}]}<\/script>\n<!-- \/ Yoast SEO plugin. -->","yoast_head_json":{"title":"OS\u0141ONA KOLEKTORA 32-50 MM SW-MOTECH SILVER - MOTO-PAWMAR","robots":{"index":"index","follow":"follow","max-snippet":"max-snippet:-1","max-image-preview":"max-image-preview:large","max-video-preview":"max-video-preview:-1"},"canonical":"https:\/\/moto-pawmar.pl\/?product=osona-kolektora-32-50-mm-sw-motech-silver","og_locale":"pl_PL","og_type":"article","og_title":"OS\u0141ONA KOLEKTORA 32-50 MM SW-MOTECH SILVER - MOTO-PAWMAR","og_description":"Os\u0142ona kolektora motocykla od SW-MOTECH, zosta\u0142a tak zaprojektowana, aby os\u0142oni\u0107 rury wydechowe przed kamieniami, a jednocze\u015bnie by\u0107 uzupe\u0142nieniem os\u0142ony silnika. Opr\u00f3cz zabezpieczenia przed uszkodzeniem spe\u0142nia tak\u017ce funkcj\u0119 radiatora, skutecznie odprowadzaj\u0105c temperatur\u0119. Ca\u0142a konstrukcja jest elastyczna co sprawia, \u017ce bez problemu zamontujesz na ka\u017cdym kolektorze. Produkt dost\u0119pny jest w dw\u00f3ch wariantach, a mianowicie obejmuj\u0105ce \u015brednic\u0119 rur [&hellip;]","og_url":"https:\/\/moto-pawmar.pl\/?product=osona-kolektora-32-50-mm-sw-motech-silver","og_site_name":"MOTO-PAWMAR","article_publisher":"https:\/\/www.facebook.com\/motopawmar\/?locale=pl_PL","article_modified_time":"2026-01-29T08:21:14+00:00","og_image":[{"width":800,"height":533,"url":"https:\/\/moto-pawmar.pl\/wp-content\/uploads\/2026\/01\/123261_ZAL253114.jpg","type":"image\/jpeg"}],"twitter_card":"summary_large_image","twitter_misc":{"Szacowany czas czytania":"1 minuta"},"schema":{"@context":"https:\/\/schema.org","@graph":[{"@type":"WebPage","@id":"https:\/\/moto-pawmar.pl\/?product=osona-kolektora-32-50-mm-sw-motech-silver","url":"https:\/\/moto-pawmar.pl\/?product=osona-kolektora-32-50-mm-sw-motech-silver","name":"OS\u0141ONA KOLEKTORA 32-50 MM SW-MOTECH SILVER - MOTO-PAWMAR","isPartOf":{"@id":"https:\/\/moto-pawmar.pl\/#website"},"primaryImageOfPage":{"@id":"https:\/\/moto-pawmar.pl\/?product=osona-kolektora-32-50-mm-sw-motech-silver#primaryimage"},"image":{"@id":"https:\/\/moto-pawmar.pl\/?product=osona-kolektora-32-50-mm-sw-motech-silver#primaryimage"},"thumbnailUrl":"https:\/\/moto-pawmar.pl\/wp-content\/uploads\/2026\/01\/123261_ZAL253114.jpg","datePublished":"2026-01-28T15:43:06+00:00","dateModified":"2026-01-29T08:21:14+00:00","breadcrumb":{"@id":"https:\/\/moto-pawmar.pl\/?product=osona-kolektora-32-50-mm-sw-motech-silver#breadcrumb"},"inLanguage":"pl-PL","potentialAction":[{"@type":"ReadAction","target":["https:\/\/moto-pawmar.pl\/?product=osona-kolektora-32-50-mm-sw-motech-silver"]}]},{"@type":"ImageObject","inLanguage":"pl-PL","@id":"https:\/\/moto-pawmar.pl\/?product=osona-kolektora-32-50-mm-sw-motech-silver#primaryimage","url":"https:\/\/moto-pawmar.pl\/wp-content\/uploads\/2026\/01\/123261_ZAL253114.jpg","contentUrl":"https:\/\/moto-pawmar.pl\/wp-content\/uploads\/2026\/01\/123261_ZAL253114.jpg","width":800,"height":533},{"@type":"BreadcrumbList","@id":"https:\/\/moto-pawmar.pl\/?product=osona-kolektora-32-50-mm-sw-motech-silver#breadcrumb","itemListElement":[{"@type":"ListItem","position":1,"name":"Strona g\u0142\u00f3wna","item":"https:\/\/moto-pawmar.pl\/"},{"@type":"ListItem","position":2,"name":"Sklep Internetowy","item":"https:\/\/moto-pawmar.pl\/?page_id=367"},{"@type":"ListItem","position":3,"name":"OS\u0141ONA KOLEKTORA 32-50 MM SW-MOTECH SILVER"}]},{"@type":"WebSite","@id":"https:\/\/moto-pawmar.pl\/#website","url":"https:\/\/moto-pawmar.pl\/","name":"MOTO-PAWMAR","description":"MOTO\u2011PAWMAR \u2013 Tw\u00f3j sklep z cz\u0119\u015bciami i akcesoriami do motocykli, skuter\u00f3w i quad\u00f3w.","publisher":{"@id":"https:\/\/moto-pawmar.pl\/#organization"},"potentialAction":[{"@type":"SearchAction","target":{"@type":"EntryPoint","urlTemplate":"https:\/\/moto-pawmar.pl\/?s={search_term_string}"},"query-input":{"@type":"PropertyValueSpecification","valueRequired":true,"valueName":"search_term_string"}}],"inLanguage":"pl-PL"},{"@type":"Organization","@id":"https:\/\/moto-pawmar.pl\/#organization","name":"MOTO-PAWMAR","url":"https:\/\/moto-pawmar.pl\/","logo":{"@type":"ImageObject","inLanguage":"pl-PL","@id":"https:\/\/moto-pawmar.pl\/#\/schema\/logo\/image\/","url":"https:\/\/moto-pawmar.pl\/wp-content\/uploads\/2025\/10\/LOGO-SKLEP.png","contentUrl":"https:\/\/moto-pawmar.pl\/wp-content\/uploads\/2025\/10\/LOGO-SKLEP.png","width":2480,"height":2053,"caption":"MOTO-PAWMAR"},"image":{"@id":"https:\/\/moto-pawmar.pl\/#\/schema\/logo\/image\/"},"sameAs":["https:\/\/www.facebook.com\/motopawmar\/?locale=pl_PL"]}]}},"_links":{"self":[{"href":"https:\/\/moto-pawmar.pl\/index.php?rest_route=\/wp\/v2\/product\/8784","targetHints":{"allow":["GET"]}}],"collection":[{"href":"https:\/\/moto-pawmar.pl\/index.php?rest_route=\/wp\/v2\/product"}],"about":[{"href":"https:\/\/moto-pawmar.pl\/index.php?rest_route=\/wp\/v2\/types\/product"}],"wp:featuredmedia":[{"embeddable":true,"href":"https:\/\/moto-pawmar.pl\/index.php?rest_route=\/wp\/v2\/media\/8783"}],"wp:attachment":[{"href":"https:\/\/moto-pawmar.pl\/index.php?rest_route=%2Fwp%2Fv2%2Fmedia&parent=8784"}],"wp:term":[{"taxonomy":"product_brand","embeddable":true,"href":"https:\/\/moto-pawmar.pl\/index.php?rest_route=%2Fwp%2Fv2%2Fproduct_brand&post=8784"},{"taxonomy":"product_cat","embeddable":true,"href":"https:\/\/moto-pawmar.pl\/index.php?rest_route=%2Fwp%2Fv2%2Fproduct_cat&post=8784"},{"taxonomy":"product_tag","embeddable":true,"href":"https:\/\/moto-pawmar.pl\/index.php?rest_route=%2Fwp%2Fv2%2Fproduct_tag&post=8784"}],"curies":[{"name":"wp","href":"https:\/\/api.w.org\/{rel}","templated":true}]}}