{"id":8299,"date":"2026-01-28T16:41:54","date_gmt":"2026-01-28T15:41:54","guid":{"rendered":"https:\/\/moto-pawmar.pl\/?product=mocowanie-gps-na-poprzeczk-sw-motech-10-12mm-black"},"modified":"2026-01-29T09:20:44","modified_gmt":"2026-01-29T08:20:44","slug":"mocowanie-gps-na-poprzeczk-sw-motech-10-12mm-black","status":"publish","type":"product","link":"https:\/\/moto-pawmar.pl\/?product=mocowanie-gps-na-poprzeczk-sw-motech-10-12mm-black","title":{"rendered":"MOCOWANIE GPS NA POPRZECZK\u0118 SW-MOTECH 10\/12MM BLACK"},"content":{"rendered":"<p>Uchwyty monta\u017cowe od SW-Motecha charakteryzuj\u0105 si\u0119 bardzo przemy\u015blanym sposobem instalacji jak i bardzo \u0142atwym monta\u017cem i demonta\u017cem. Dzi\u0119ki zastosowaniu systemu QUICKLOCK demonta\u017c urz\u0105dzenia z uchwytu jest bardzo proste i szybkie. Trwa to kilka sekund. Mocowanie nawigacji pasuje do poprzeczek o \u015brednicy 10 lub 12 milimetr\u00f3w. <\/p>\n<p> <B> W\u0142a\u015bciwo\u015bci: <\/b> <UL> <\/p>\n<li> Szybko zdejmowalny oraz wyposa\u017cony w t\u0142umik drga\u0144 uchwyt na nawigacj\u0119 \/ GPS\n<li> Montowany na belce poprzecznej\n<li> Powierzchnia czarna, powlekana proszkowo\n<li> Wspornik obrotowy jest mocowany za pomoc\u0105 systemu QUICK-LOCK na p\u0142ycie podstawy <\/UL> <B> Zawiera: <\/B> <UL>\n<li> Uchwyt na nawigacj\u0119 \/ GPS z systemem QUICK-LOCK\n<li> Materia\u0142y monta\u017cowe\n<li> Instrukcj\u0119 monta\u017cu <\/UL> <B> Dane dodatkowe: <\/b> <UL>\n<li> Otwory znajduj\u0105ce si\u0119 na p\u0142ycie podstawy pasuj\u0105 do wszystkich modeli TOMTOM Rider i Garmin z serii Zumo, Garmin Montana, Blaupunkt MotoPilot i wielu innych. Pasuje r\u00f3wnie\u017c do wszystkich aplikacjami RAM oraz pokrowc\u00f3w i etui SW-Motech\n<li> Dodatkowy zestaw adaptera GPS.00.085.10000\/ B jest niezb\u0119dny dla Garmin Zumo 340\/350\/390\/590\/595\/660.\n<li> Aby u\u017cywa\u0107 nawigacji przeznaczonych do samochod\u00f3w, zaleca si\u0119 zamocowanie przezroczystego pokrowca wodoszczelnego <\/UL><br \/>\n","protected":false},"excerpt":{"rendered":"<p>Uchwyty monta\u017cowe od SW-Motecha charakteryzuj\u0105 si\u0119 bardzo przemy\u015blanym sposobem instalacji jak i bardzo \u0142atwym monta\u017cem i demonta\u017cem. Dzi\u0119ki zastosowaniu systemu QUICKLOCK demonta\u017c urz\u0105dzenia z uchwytu jest bardzo proste i szybkie. Trwa to kilka sekund. Mocowanie nawigacji pasuje do poprzeczek o \u015brednicy 10 lub 12 milimetr\u00f3w. W\u0142a\u015bciwo\u015bci: Szybko zdejmowalny oraz wyposa\u017cony w t\u0142umik drga\u0144 uchwyt na [&hellip;]<\/p>\n","protected":false},"featured_media":8298,"template":"","meta":[],"product_brand":[386],"product_cat":[390],"product_tag":[],"class_list":{"0":"post-8299","1":"product","2":"type-product","3":"status-publish","4":"has-post-thumbnail","6":"product_brand-sw-motech","7":"product_cat-akcesoria-sw-motech-2","9":"first","10":"onbackorder","11":"taxable","12":"shipping-taxable","13":"purchasable","14":"product-type-simple"},"yoast_head":"<!-- This site is optimized with the Yoast SEO plugin v26.9 - https:\/\/yoast.com\/product\/yoast-seo-wordpress\/ -->\n<title>MOCOWANIE GPS NA POPRZECZK\u0118 SW-MOTECH 10\/12MM BLACK - MOTO-PAWMAR<\/title>\n<meta name=\"robots\" content=\"index, follow, max-snippet:-1, max-image-preview:large, max-video-preview:-1\" \/>\n<link rel=\"canonical\" href=\"https:\/\/moto-pawmar.pl\/?product=mocowanie-gps-na-poprzeczk-sw-motech-10-12mm-black\" \/>\n<meta property=\"og:locale\" content=\"pl_PL\" \/>\n<meta property=\"og:type\" content=\"article\" \/>\n<meta property=\"og:title\" content=\"MOCOWANIE GPS NA POPRZECZK\u0118 SW-MOTECH 10\/12MM BLACK - MOTO-PAWMAR\" \/>\n<meta property=\"og:description\" content=\"Uchwyty monta\u017cowe od SW-Motecha charakteryzuj\u0105 si\u0119 bardzo przemy\u015blanym sposobem instalacji jak i bardzo \u0142atwym monta\u017cem i demonta\u017cem. Dzi\u0119ki zastosowaniu systemu QUICKLOCK demonta\u017c urz\u0105dzenia z uchwytu jest bardzo proste i szybkie. Trwa to kilka sekund. Mocowanie nawigacji pasuje do poprzeczek o \u015brednicy 10 lub 12 milimetr\u00f3w. W\u0142a\u015bciwo\u015bci: Szybko zdejmowalny oraz wyposa\u017cony w t\u0142umik drga\u0144 uchwyt na [&hellip;]\" \/>\n<meta property=\"og:url\" content=\"https:\/\/moto-pawmar.pl\/?product=mocowanie-gps-na-poprzeczk-sw-motech-10-12mm-black\" \/>\n<meta property=\"og:site_name\" content=\"MOTO-PAWMAR\" \/>\n<meta property=\"article:publisher\" content=\"https:\/\/www.facebook.com\/motopawmar\/?locale=pl_PL\" \/>\n<meta property=\"article:modified_time\" content=\"2026-01-29T08:20:44+00:00\" \/>\n<meta property=\"og:image\" content=\"https:\/\/moto-pawmar.pl\/wp-content\/uploads\/2026\/01\/050914_ZAL200216.jpg\" \/>\n\t<meta property=\"og:image:width\" content=\"800\" \/>\n\t<meta property=\"og:image:height\" content=\"533\" \/>\n\t<meta property=\"og:image:type\" content=\"image\/jpeg\" \/>\n<meta name=\"twitter:card\" content=\"summary_large_image\" \/>\n<meta name=\"twitter:label1\" content=\"Szacowany czas czytania\" \/>\n\t<meta name=\"twitter:data1\" content=\"1 minuta\" \/>\n<script type=\"application\/ld+json\" class=\"yoast-schema-graph\">{\"@context\":\"https:\/\/schema.org\",\"@graph\":[{\"@type\":\"WebPage\",\"@id\":\"https:\/\/moto-pawmar.pl\/?product=mocowanie-gps-na-poprzeczk-sw-motech-10-12mm-black\",\"url\":\"https:\/\/moto-pawmar.pl\/?product=mocowanie-gps-na-poprzeczk-sw-motech-10-12mm-black\",\"name\":\"MOCOWANIE GPS NA POPRZECZK\u0118 SW-MOTECH 10\/12MM BLACK - MOTO-PAWMAR\",\"isPartOf\":{\"@id\":\"https:\/\/moto-pawmar.pl\/#website\"},\"primaryImageOfPage\":{\"@id\":\"https:\/\/moto-pawmar.pl\/?product=mocowanie-gps-na-poprzeczk-sw-motech-10-12mm-black#primaryimage\"},\"image\":{\"@id\":\"https:\/\/moto-pawmar.pl\/?product=mocowanie-gps-na-poprzeczk-sw-motech-10-12mm-black#primaryimage\"},\"thumbnailUrl\":\"https:\/\/moto-pawmar.pl\/wp-content\/uploads\/2026\/01\/050914_ZAL200216.jpg\",\"datePublished\":\"2026-01-28T15:41:54+00:00\",\"dateModified\":\"2026-01-29T08:20:44+00:00\",\"breadcrumb\":{\"@id\":\"https:\/\/moto-pawmar.pl\/?product=mocowanie-gps-na-poprzeczk-sw-motech-10-12mm-black#breadcrumb\"},\"inLanguage\":\"pl-PL\",\"potentialAction\":[{\"@type\":\"ReadAction\",\"target\":[\"https:\/\/moto-pawmar.pl\/?product=mocowanie-gps-na-poprzeczk-sw-motech-10-12mm-black\"]}]},{\"@type\":\"ImageObject\",\"inLanguage\":\"pl-PL\",\"@id\":\"https:\/\/moto-pawmar.pl\/?product=mocowanie-gps-na-poprzeczk-sw-motech-10-12mm-black#primaryimage\",\"url\":\"https:\/\/moto-pawmar.pl\/wp-content\/uploads\/2026\/01\/050914_ZAL200216.jpg\",\"contentUrl\":\"https:\/\/moto-pawmar.pl\/wp-content\/uploads\/2026\/01\/050914_ZAL200216.jpg\",\"width\":800,\"height\":533},{\"@type\":\"BreadcrumbList\",\"@id\":\"https:\/\/moto-pawmar.pl\/?product=mocowanie-gps-na-poprzeczk-sw-motech-10-12mm-black#breadcrumb\",\"itemListElement\":[{\"@type\":\"ListItem\",\"position\":1,\"name\":\"Strona g\u0142\u00f3wna\",\"item\":\"https:\/\/moto-pawmar.pl\/\"},{\"@type\":\"ListItem\",\"position\":2,\"name\":\"Sklep Internetowy\",\"item\":\"https:\/\/moto-pawmar.pl\/?page_id=367\"},{\"@type\":\"ListItem\",\"position\":3,\"name\":\"MOCOWANIE GPS NA POPRZECZK\u0118 SW-MOTECH 10\/12MM BLACK\"}]},{\"@type\":\"WebSite\",\"@id\":\"https:\/\/moto-pawmar.pl\/#website\",\"url\":\"https:\/\/moto-pawmar.pl\/\",\"name\":\"MOTO-PAWMAR\",\"description\":\"MOTO\u2011PAWMAR \u2013 Tw\u00f3j sklep z cz\u0119\u015bciami i akcesoriami do motocykli, skuter\u00f3w i quad\u00f3w.\",\"publisher\":{\"@id\":\"https:\/\/moto-pawmar.pl\/#organization\"},\"potentialAction\":[{\"@type\":\"SearchAction\",\"target\":{\"@type\":\"EntryPoint\",\"urlTemplate\":\"https:\/\/moto-pawmar.pl\/?s={search_term_string}\"},\"query-input\":{\"@type\":\"PropertyValueSpecification\",\"valueRequired\":true,\"valueName\":\"search_term_string\"}}],\"inLanguage\":\"pl-PL\"},{\"@type\":\"Organization\",\"@id\":\"https:\/\/moto-pawmar.pl\/#organization\",\"name\":\"MOTO-PAWMAR\",\"url\":\"https:\/\/moto-pawmar.pl\/\",\"logo\":{\"@type\":\"ImageObject\",\"inLanguage\":\"pl-PL\",\"@id\":\"https:\/\/moto-pawmar.pl\/#\/schema\/logo\/image\/\",\"url\":\"https:\/\/moto-pawmar.pl\/wp-content\/uploads\/2025\/10\/LOGO-SKLEP.png\",\"contentUrl\":\"https:\/\/moto-pawmar.pl\/wp-content\/uploads\/2025\/10\/LOGO-SKLEP.png\",\"width\":2480,\"height\":2053,\"caption\":\"MOTO-PAWMAR\"},\"image\":{\"@id\":\"https:\/\/moto-pawmar.pl\/#\/schema\/logo\/image\/\"},\"sameAs\":[\"https:\/\/www.facebook.com\/motopawmar\/?locale=pl_PL\"]}]}<\/script>\n<!-- \/ Yoast SEO plugin. -->","yoast_head_json":{"title":"MOCOWANIE GPS NA POPRZECZK\u0118 SW-MOTECH 10\/12MM BLACK - MOTO-PAWMAR","robots":{"index":"index","follow":"follow","max-snippet":"max-snippet:-1","max-image-preview":"max-image-preview:large","max-video-preview":"max-video-preview:-1"},"canonical":"https:\/\/moto-pawmar.pl\/?product=mocowanie-gps-na-poprzeczk-sw-motech-10-12mm-black","og_locale":"pl_PL","og_type":"article","og_title":"MOCOWANIE GPS NA POPRZECZK\u0118 SW-MOTECH 10\/12MM BLACK - MOTO-PAWMAR","og_description":"Uchwyty monta\u017cowe od SW-Motecha charakteryzuj\u0105 si\u0119 bardzo przemy\u015blanym sposobem instalacji jak i bardzo \u0142atwym monta\u017cem i demonta\u017cem. Dzi\u0119ki zastosowaniu systemu QUICKLOCK demonta\u017c urz\u0105dzenia z uchwytu jest bardzo proste i szybkie. Trwa to kilka sekund. Mocowanie nawigacji pasuje do poprzeczek o \u015brednicy 10 lub 12 milimetr\u00f3w. W\u0142a\u015bciwo\u015bci: Szybko zdejmowalny oraz wyposa\u017cony w t\u0142umik drga\u0144 uchwyt na [&hellip;]","og_url":"https:\/\/moto-pawmar.pl\/?product=mocowanie-gps-na-poprzeczk-sw-motech-10-12mm-black","og_site_name":"MOTO-PAWMAR","article_publisher":"https:\/\/www.facebook.com\/motopawmar\/?locale=pl_PL","article_modified_time":"2026-01-29T08:20:44+00:00","og_image":[{"width":800,"height":533,"url":"https:\/\/moto-pawmar.pl\/wp-content\/uploads\/2026\/01\/050914_ZAL200216.jpg","type":"image\/jpeg"}],"twitter_card":"summary_large_image","twitter_misc":{"Szacowany czas czytania":"1 minuta"},"schema":{"@context":"https:\/\/schema.org","@graph":[{"@type":"WebPage","@id":"https:\/\/moto-pawmar.pl\/?product=mocowanie-gps-na-poprzeczk-sw-motech-10-12mm-black","url":"https:\/\/moto-pawmar.pl\/?product=mocowanie-gps-na-poprzeczk-sw-motech-10-12mm-black","name":"MOCOWANIE GPS NA POPRZECZK\u0118 SW-MOTECH 10\/12MM BLACK - MOTO-PAWMAR","isPartOf":{"@id":"https:\/\/moto-pawmar.pl\/#website"},"primaryImageOfPage":{"@id":"https:\/\/moto-pawmar.pl\/?product=mocowanie-gps-na-poprzeczk-sw-motech-10-12mm-black#primaryimage"},"image":{"@id":"https:\/\/moto-pawmar.pl\/?product=mocowanie-gps-na-poprzeczk-sw-motech-10-12mm-black#primaryimage"},"thumbnailUrl":"https:\/\/moto-pawmar.pl\/wp-content\/uploads\/2026\/01\/050914_ZAL200216.jpg","datePublished":"2026-01-28T15:41:54+00:00","dateModified":"2026-01-29T08:20:44+00:00","breadcrumb":{"@id":"https:\/\/moto-pawmar.pl\/?product=mocowanie-gps-na-poprzeczk-sw-motech-10-12mm-black#breadcrumb"},"inLanguage":"pl-PL","potentialAction":[{"@type":"ReadAction","target":["https:\/\/moto-pawmar.pl\/?product=mocowanie-gps-na-poprzeczk-sw-motech-10-12mm-black"]}]},{"@type":"ImageObject","inLanguage":"pl-PL","@id":"https:\/\/moto-pawmar.pl\/?product=mocowanie-gps-na-poprzeczk-sw-motech-10-12mm-black#primaryimage","url":"https:\/\/moto-pawmar.pl\/wp-content\/uploads\/2026\/01\/050914_ZAL200216.jpg","contentUrl":"https:\/\/moto-pawmar.pl\/wp-content\/uploads\/2026\/01\/050914_ZAL200216.jpg","width":800,"height":533},{"@type":"BreadcrumbList","@id":"https:\/\/moto-pawmar.pl\/?product=mocowanie-gps-na-poprzeczk-sw-motech-10-12mm-black#breadcrumb","itemListElement":[{"@type":"ListItem","position":1,"name":"Strona g\u0142\u00f3wna","item":"https:\/\/moto-pawmar.pl\/"},{"@type":"ListItem","position":2,"name":"Sklep Internetowy","item":"https:\/\/moto-pawmar.pl\/?page_id=367"},{"@type":"ListItem","position":3,"name":"MOCOWANIE GPS NA POPRZECZK\u0118 SW-MOTECH 10\/12MM BLACK"}]},{"@type":"WebSite","@id":"https:\/\/moto-pawmar.pl\/#website","url":"https:\/\/moto-pawmar.pl\/","name":"MOTO-PAWMAR","description":"MOTO\u2011PAWMAR \u2013 Tw\u00f3j sklep z cz\u0119\u015bciami i akcesoriami do motocykli, skuter\u00f3w i quad\u00f3w.","publisher":{"@id":"https:\/\/moto-pawmar.pl\/#organization"},"potentialAction":[{"@type":"SearchAction","target":{"@type":"EntryPoint","urlTemplate":"https:\/\/moto-pawmar.pl\/?s={search_term_string}"},"query-input":{"@type":"PropertyValueSpecification","valueRequired":true,"valueName":"search_term_string"}}],"inLanguage":"pl-PL"},{"@type":"Organization","@id":"https:\/\/moto-pawmar.pl\/#organization","name":"MOTO-PAWMAR","url":"https:\/\/moto-pawmar.pl\/","logo":{"@type":"ImageObject","inLanguage":"pl-PL","@id":"https:\/\/moto-pawmar.pl\/#\/schema\/logo\/image\/","url":"https:\/\/moto-pawmar.pl\/wp-content\/uploads\/2025\/10\/LOGO-SKLEP.png","contentUrl":"https:\/\/moto-pawmar.pl\/wp-content\/uploads\/2025\/10\/LOGO-SKLEP.png","width":2480,"height":2053,"caption":"MOTO-PAWMAR"},"image":{"@id":"https:\/\/moto-pawmar.pl\/#\/schema\/logo\/image\/"},"sameAs":["https:\/\/www.facebook.com\/motopawmar\/?locale=pl_PL"]}]}},"_links":{"self":[{"href":"https:\/\/moto-pawmar.pl\/index.php?rest_route=\/wp\/v2\/product\/8299","targetHints":{"allow":["GET"]}}],"collection":[{"href":"https:\/\/moto-pawmar.pl\/index.php?rest_route=\/wp\/v2\/product"}],"about":[{"href":"https:\/\/moto-pawmar.pl\/index.php?rest_route=\/wp\/v2\/types\/product"}],"wp:featuredmedia":[{"embeddable":true,"href":"https:\/\/moto-pawmar.pl\/index.php?rest_route=\/wp\/v2\/media\/8298"}],"wp:attachment":[{"href":"https:\/\/moto-pawmar.pl\/index.php?rest_route=%2Fwp%2Fv2%2Fmedia&parent=8299"}],"wp:term":[{"taxonomy":"product_brand","embeddable":true,"href":"https:\/\/moto-pawmar.pl\/index.php?rest_route=%2Fwp%2Fv2%2Fproduct_brand&post=8299"},{"taxonomy":"product_cat","embeddable":true,"href":"https:\/\/moto-pawmar.pl\/index.php?rest_route=%2Fwp%2Fv2%2Fproduct_cat&post=8299"},{"taxonomy":"product_tag","embeddable":true,"href":"https:\/\/moto-pawmar.pl\/index.php?rest_route=%2Fwp%2Fv2%2Fproduct_tag&post=8299"}],"curies":[{"name":"wp","href":"https:\/\/api.w.org\/{rel}","templated":true}]}}