{"id":7242,"date":"2025-12-16T14:36:21","date_gmt":"2025-12-16T13:36:21","guid":{"rendered":"https:\/\/moto-pawmar.pl\/?post_type=product&#038;p=7242"},"modified":"2025-12-16T14:38:07","modified_gmt":"2025-12-16T13:38:07","slug":"kurtka-motocyklowa-skorzana-rebelhorn-hunter-2-lady-black","status":"publish","type":"product","link":"https:\/\/moto-pawmar.pl\/?product=kurtka-motocyklowa-skorzana-rebelhorn-hunter-2-lady-black","title":{"rendered":"Kurtka motocyklowa sk\u00f3rzana Rebelhorn Hunter 2 LADY Black"},"content":{"rendered":"<p>Sk\u00f3rzana kurtka motocyklowa\u00a0<strong>Rebelhorn Hunter II<\/strong>\u00a0to drugie, ulepszone wcielenie popularnego modelu o tej samej nazwie. Hunter II to ikona motocyklowego stylu, \u0142\u0105cz\u0105ca nowoczesn\u0105 technologi\u0119 z klasycznym designem. Ta jednowarstwowa kurtka sk\u00f3rzana dost\u0119pna jest w dw\u00f3ch wersjach z koziej sk\u00f3ry w wersji vintage brown oraz z bydl\u0119cje sk\u00f3ry w wersji black. Sprawdzi si\u0119 zar\u00f3wno podczas jazdy na motocyklu, jak i w codziennym u\u017cytkowaniu po wyj\u0119ciu ochraniaczy.<\/p>\n<p><strong>Linia modelowa:<\/strong>\u00a0Classic<\/p>\n<p><strong>Dopasowanie:<\/strong>\u00a0Regular<\/p>\n<p><strong>Liczba warstw:<\/strong>\u00a01<\/p>\n<p><strong>Warstwy:<\/strong><\/p>\n<p>Hunter II zosta\u0142a stworzona z dba\u0142o\u015bci\u0105 o jako\u015b\u0107 materia\u0142\u00f3w. Warstwa zewn\u0119trzna wykonana jest ze sk\u00f3ry koziej lub krowiej (w zale\u017cno\u015bci od wersji kolorystycznej), zapewniaj\u0105cej nie tylko wytrzyma\u0142o\u015b\u0107, ale r\u00f3wnie\u017c niepowtarzalny wygl\u0105d.<\/p>\n<ul>\n<li>Warstwa zewn\u0119trzna: 100% kozia sk\u00f3ra (wersja vintage brown), 100% bydl\u0119ca sk\u00f3ra (wersja black)<\/li>\n<li>Warstwa wewn\u0119trzna: 100% bawe\u0142na<\/li>\n<\/ul>\n<p>Dzi\u0119ki starannemu wyborowi materia\u0142\u00f3w i klasycznemu krojowi, Hunter II doskonale sprawdzi si\u0119 zar\u00f3wno podczas jazdy na motocyklu, jak i w codziennym u\u017cytkowaniu po wyj\u0119ciu ochraniaczy.<\/p>\n<p><strong>Bezpiecze\u0144stwo<\/strong><\/p>\n<p>Kurtka Hunter II cechuje si\u0119 wysokim poziomem bezpiecze\u0144stwa. Wyposa\u017cona jest w ochraniacze \u0142okci, bark\u00f3w oraz ochraniacz plec\u00f3w, spe\u0142niaj\u0105ce wymogi certyfikacyjne poziomu 2.<\/p>\n<ul>\n<li>Ochraniacze \u0142okci &#8211; \u00a0CE-Level-2<\/li>\n<li>Ochraniacze bark\u00f3w \u2013 CE-Level-2<\/li>\n<li><strong>Ochraniacz plec\u00f3w \u2013 CE-Level 2<\/strong><\/li>\n<\/ul>\n<p><strong>Wentylacja<\/strong><\/p>\n<p>Kurtka Hunter II zapewnia odpowiedni\u0105 wentylacj\u0119 dzi\u0119ki dw\u00f3m kana\u0142om wentylacyjnym umieszczonym na klatce piersiowej. To idealne rozwi\u0105zanie do jazdy w cieplejsze dni, pozwala utrzymywa\u0107 komfort termiczny podczas trasy.<\/p>\n<ul>\n<li>2 kana\u0142y wentylacyjne na klatce piersiowej<\/li>\n<\/ul>\n<p><strong>Komfort<\/strong><\/p>\n<p>Kurtka oferuje nie tylko bezpiecze\u0144stwo, ale r\u00f3wnie\u017c wygod\u0119 i praktyczne rozwi\u0105zania. Kr\u00f3tki zamek \u0142\u0105cz\u0105cy umo\u017cliwia po\u0142\u0105czenie kurtki ze spodniami, co zapobiega podwijaniu si\u0119 kurtki podczas jazdy. Dodatkowe paski do spi\u0119cia ze spodniami to kolejna funkcjonalno\u015b\u0107, dbaj\u0105ca o kompleksowe bezpiecze\u0144stwo.<\/p>\n<ul>\n<li>Regulacja obwodu mankietu<\/li>\n<li>Regulacja obwodu dolnej cz\u0119\u015bci kurtki<\/li>\n<li>Kr\u00f3tki zamek \u0142\u0105cz\u0105cy ze spodniami<\/li>\n<li>Dodatkowe paski do spi\u0119cia ze spodniami nie posiadaj\u0105cych wszytego zamka<\/li>\n<\/ul>\n<p><strong>Cechy dodatkowe<\/strong><\/p>\n<p>Kurtka Rebelhorn Hunter II posiada cztery kieszenie zewn\u0119trzne zapinane na zamek oraz dwie kieszenie wewn\u0119trzne. To idealne miejsce na przechowywanie niezb\u0119dnych drobiazg\u00f3w podczas podr\u00f3\u017cy.<\/p>\n<ul>\n<li>4 kieszenie zewn\u0119trzne zapinane na zamek<\/li>\n<li>2 kieszenie wewn\u0119trzne<\/li>\n<\/ul>\n<p>Rebelhorn Hunter II to klasyczna kurtka motocyklowa, kt\u00f3ra \u0142\u0105czy w sobie doskona\u0142e w\u0142a\u015bciwo\u015bci ochronne z niepowtarzalnym stylem. Dla mi\u0142o\u015bnik\u00f3w motocykli, kt\u00f3rzy ceni\u0105 klasyczny design i najwy\u017csz\u0105 jako\u015b\u0107 wykonania, Hunter II jest idealnym wyborem. Nie tylko zapewnia bezpiecze\u0144stwo, ale tak\u017ce komfort i praktyczne rozwi\u0105zania, kt\u00f3re sprawiaj\u0105, \u017ce jazda na motocyklu staje si\u0119 jeszcze bardziej satysfakcjonuj\u0105ca<\/p>\n","protected":false},"excerpt":{"rendered":"<p>Sk\u00f3rzana kurtka motocyklowa\u00a0Rebelhorn Hunter II\u00a0to drugie, ulepszone wcielenie popularnego modelu o tej samej nazwie. Hunter II to ikona motocyklowego stylu, \u0142\u0105cz\u0105ca nowoczesn\u0105 technologi\u0119 z klasycznym designem. Ta jednowarstwowa kurtka sk\u00f3rzana dost\u0119pna jest w dw\u00f3ch wersjach z koziej sk\u00f3ry w wersji vintage brown oraz z bydl\u0119cje sk\u00f3ry w wersji black. Sprawdzi si\u0119 zar\u00f3wno podczas jazdy na [&hellip;]<\/p>\n","protected":false},"featured_media":7254,"template":"","meta":[],"product_brand":[377],"product_cat":[278,373],"product_tag":[],"class_list":{"0":"post-7242","1":"product","2":"type-product","3":"status-publish","4":"has-post-thumbnail","6":"product_brand-rebelhorn","7":"product_cat-kurtki-meska","8":"product_cat-skorzane","10":"first","11":"instock","12":"taxable","13":"shipping-taxable","14":"purchasable","15":"product-type-variable"},"yoast_head":"<!-- This site is optimized with the Yoast SEO plugin v26.9 - https:\/\/yoast.com\/product\/yoast-seo-wordpress\/ -->\n<title>Kurtka motocyklowa sk\u00f3rzana Rebelhorn Hunter 2 LADY Black - MOTO-PAWMAR<\/title>\n<meta name=\"robots\" content=\"index, follow, max-snippet:-1, max-image-preview:large, max-video-preview:-1\" \/>\n<link rel=\"canonical\" href=\"https:\/\/moto-pawmar.pl\/?product=kurtka-motocyklowa-skorzana-rebelhorn-hunter-2-lady-black\" \/>\n<meta property=\"og:locale\" content=\"pl_PL\" \/>\n<meta property=\"og:type\" content=\"article\" \/>\n<meta property=\"og:title\" content=\"Kurtka motocyklowa sk\u00f3rzana Rebelhorn Hunter 2 LADY Black - MOTO-PAWMAR\" \/>\n<meta property=\"og:description\" content=\"Sk\u00f3rzana kurtka motocyklowa\u00a0Rebelhorn Hunter II\u00a0to drugie, ulepszone wcielenie popularnego modelu o tej samej nazwie. Hunter II to ikona motocyklowego stylu, \u0142\u0105cz\u0105ca nowoczesn\u0105 technologi\u0119 z klasycznym designem. Ta jednowarstwowa kurtka sk\u00f3rzana dost\u0119pna jest w dw\u00f3ch wersjach z koziej sk\u00f3ry w wersji vintage brown oraz z bydl\u0119cje sk\u00f3ry w wersji black. Sprawdzi si\u0119 zar\u00f3wno podczas jazdy na [&hellip;]\" \/>\n<meta property=\"og:url\" content=\"https:\/\/moto-pawmar.pl\/?product=kurtka-motocyklowa-skorzana-rebelhorn-hunter-2-lady-black\" \/>\n<meta property=\"og:site_name\" content=\"MOTO-PAWMAR\" \/>\n<meta property=\"article:publisher\" content=\"https:\/\/www.facebook.com\/motopawmar\/?locale=pl_PL\" \/>\n<meta property=\"article:modified_time\" content=\"2025-12-16T13:38:07+00:00\" \/>\n<meta property=\"og:image\" content=\"https:\/\/moto-pawmar.pl\/wp-content\/uploads\/2025\/12\/277827_ZAL712195.jpg\" \/>\n\t<meta property=\"og:image:width\" content=\"800\" \/>\n\t<meta property=\"og:image:height\" content=\"800\" \/>\n\t<meta property=\"og:image:type\" content=\"image\/jpeg\" \/>\n<meta name=\"twitter:card\" content=\"summary_large_image\" \/>\n<meta name=\"twitter:label1\" content=\"Szacowany czas czytania\" \/>\n\t<meta name=\"twitter:data1\" content=\"2 minuty\" \/>\n<script type=\"application\/ld+json\" class=\"yoast-schema-graph\">{\"@context\":\"https:\/\/schema.org\",\"@graph\":[{\"@type\":\"WebPage\",\"@id\":\"https:\/\/moto-pawmar.pl\/?product=kurtka-motocyklowa-skorzana-rebelhorn-hunter-2-lady-black\",\"url\":\"https:\/\/moto-pawmar.pl\/?product=kurtka-motocyklowa-skorzana-rebelhorn-hunter-2-lady-black\",\"name\":\"Kurtka motocyklowa sk\u00f3rzana Rebelhorn Hunter 2 LADY Black - MOTO-PAWMAR\",\"isPartOf\":{\"@id\":\"https:\/\/moto-pawmar.pl\/#website\"},\"primaryImageOfPage\":{\"@id\":\"https:\/\/moto-pawmar.pl\/?product=kurtka-motocyklowa-skorzana-rebelhorn-hunter-2-lady-black#primaryimage\"},\"image\":{\"@id\":\"https:\/\/moto-pawmar.pl\/?product=kurtka-motocyklowa-skorzana-rebelhorn-hunter-2-lady-black#primaryimage\"},\"thumbnailUrl\":\"https:\/\/moto-pawmar.pl\/wp-content\/uploads\/2025\/12\/277827_ZAL712195.jpg\",\"datePublished\":\"2025-12-16T13:36:21+00:00\",\"dateModified\":\"2025-12-16T13:38:07+00:00\",\"breadcrumb\":{\"@id\":\"https:\/\/moto-pawmar.pl\/?product=kurtka-motocyklowa-skorzana-rebelhorn-hunter-2-lady-black#breadcrumb\"},\"inLanguage\":\"pl-PL\",\"potentialAction\":[{\"@type\":\"ReadAction\",\"target\":[\"https:\/\/moto-pawmar.pl\/?product=kurtka-motocyklowa-skorzana-rebelhorn-hunter-2-lady-black\"]}]},{\"@type\":\"ImageObject\",\"inLanguage\":\"pl-PL\",\"@id\":\"https:\/\/moto-pawmar.pl\/?product=kurtka-motocyklowa-skorzana-rebelhorn-hunter-2-lady-black#primaryimage\",\"url\":\"https:\/\/moto-pawmar.pl\/wp-content\/uploads\/2025\/12\/277827_ZAL712195.jpg\",\"contentUrl\":\"https:\/\/moto-pawmar.pl\/wp-content\/uploads\/2025\/12\/277827_ZAL712195.jpg\",\"width\":800,\"height\":800},{\"@type\":\"BreadcrumbList\",\"@id\":\"https:\/\/moto-pawmar.pl\/?product=kurtka-motocyklowa-skorzana-rebelhorn-hunter-2-lady-black#breadcrumb\",\"itemListElement\":[{\"@type\":\"ListItem\",\"position\":1,\"name\":\"Strona g\u0142\u00f3wna\",\"item\":\"https:\/\/moto-pawmar.pl\/\"},{\"@type\":\"ListItem\",\"position\":2,\"name\":\"Sklep Internetowy\",\"item\":\"https:\/\/moto-pawmar.pl\/?page_id=367\"},{\"@type\":\"ListItem\",\"position\":3,\"name\":\"Kurtka motocyklowa sk\u00f3rzana Rebelhorn Hunter 2 LADY Black\"}]},{\"@type\":\"WebSite\",\"@id\":\"https:\/\/moto-pawmar.pl\/#website\",\"url\":\"https:\/\/moto-pawmar.pl\/\",\"name\":\"MOTO-PAWMAR\",\"description\":\"MOTO\u2011PAWMAR \u2013 Tw\u00f3j sklep z cz\u0119\u015bciami i akcesoriami do motocykli, skuter\u00f3w i quad\u00f3w.\",\"publisher\":{\"@id\":\"https:\/\/moto-pawmar.pl\/#organization\"},\"potentialAction\":[{\"@type\":\"SearchAction\",\"target\":{\"@type\":\"EntryPoint\",\"urlTemplate\":\"https:\/\/moto-pawmar.pl\/?s={search_term_string}\"},\"query-input\":{\"@type\":\"PropertyValueSpecification\",\"valueRequired\":true,\"valueName\":\"search_term_string\"}}],\"inLanguage\":\"pl-PL\"},{\"@type\":\"Organization\",\"@id\":\"https:\/\/moto-pawmar.pl\/#organization\",\"name\":\"MOTO-PAWMAR\",\"url\":\"https:\/\/moto-pawmar.pl\/\",\"logo\":{\"@type\":\"ImageObject\",\"inLanguage\":\"pl-PL\",\"@id\":\"https:\/\/moto-pawmar.pl\/#\/schema\/logo\/image\/\",\"url\":\"https:\/\/moto-pawmar.pl\/wp-content\/uploads\/2025\/10\/LOGO-SKLEP.png\",\"contentUrl\":\"https:\/\/moto-pawmar.pl\/wp-content\/uploads\/2025\/10\/LOGO-SKLEP.png\",\"width\":2480,\"height\":2053,\"caption\":\"MOTO-PAWMAR\"},\"image\":{\"@id\":\"https:\/\/moto-pawmar.pl\/#\/schema\/logo\/image\/\"},\"sameAs\":[\"https:\/\/www.facebook.com\/motopawmar\/?locale=pl_PL\"]}]}<\/script>\n<!-- \/ Yoast SEO plugin. -->","yoast_head_json":{"title":"Kurtka motocyklowa sk\u00f3rzana Rebelhorn Hunter 2 LADY Black - MOTO-PAWMAR","robots":{"index":"index","follow":"follow","max-snippet":"max-snippet:-1","max-image-preview":"max-image-preview:large","max-video-preview":"max-video-preview:-1"},"canonical":"https:\/\/moto-pawmar.pl\/?product=kurtka-motocyklowa-skorzana-rebelhorn-hunter-2-lady-black","og_locale":"pl_PL","og_type":"article","og_title":"Kurtka motocyklowa sk\u00f3rzana Rebelhorn Hunter 2 LADY Black - MOTO-PAWMAR","og_description":"Sk\u00f3rzana kurtka motocyklowa\u00a0Rebelhorn Hunter II\u00a0to drugie, ulepszone wcielenie popularnego modelu o tej samej nazwie. Hunter II to ikona motocyklowego stylu, \u0142\u0105cz\u0105ca nowoczesn\u0105 technologi\u0119 z klasycznym designem. Ta jednowarstwowa kurtka sk\u00f3rzana dost\u0119pna jest w dw\u00f3ch wersjach z koziej sk\u00f3ry w wersji vintage brown oraz z bydl\u0119cje sk\u00f3ry w wersji black. Sprawdzi si\u0119 zar\u00f3wno podczas jazdy na [&hellip;]","og_url":"https:\/\/moto-pawmar.pl\/?product=kurtka-motocyklowa-skorzana-rebelhorn-hunter-2-lady-black","og_site_name":"MOTO-PAWMAR","article_publisher":"https:\/\/www.facebook.com\/motopawmar\/?locale=pl_PL","article_modified_time":"2025-12-16T13:38:07+00:00","og_image":[{"width":800,"height":800,"url":"https:\/\/moto-pawmar.pl\/wp-content\/uploads\/2025\/12\/277827_ZAL712195.jpg","type":"image\/jpeg"}],"twitter_card":"summary_large_image","twitter_misc":{"Szacowany czas czytania":"2 minuty"},"schema":{"@context":"https:\/\/schema.org","@graph":[{"@type":"WebPage","@id":"https:\/\/moto-pawmar.pl\/?product=kurtka-motocyklowa-skorzana-rebelhorn-hunter-2-lady-black","url":"https:\/\/moto-pawmar.pl\/?product=kurtka-motocyklowa-skorzana-rebelhorn-hunter-2-lady-black","name":"Kurtka motocyklowa sk\u00f3rzana Rebelhorn Hunter 2 LADY Black - MOTO-PAWMAR","isPartOf":{"@id":"https:\/\/moto-pawmar.pl\/#website"},"primaryImageOfPage":{"@id":"https:\/\/moto-pawmar.pl\/?product=kurtka-motocyklowa-skorzana-rebelhorn-hunter-2-lady-black#primaryimage"},"image":{"@id":"https:\/\/moto-pawmar.pl\/?product=kurtka-motocyklowa-skorzana-rebelhorn-hunter-2-lady-black#primaryimage"},"thumbnailUrl":"https:\/\/moto-pawmar.pl\/wp-content\/uploads\/2025\/12\/277827_ZAL712195.jpg","datePublished":"2025-12-16T13:36:21+00:00","dateModified":"2025-12-16T13:38:07+00:00","breadcrumb":{"@id":"https:\/\/moto-pawmar.pl\/?product=kurtka-motocyklowa-skorzana-rebelhorn-hunter-2-lady-black#breadcrumb"},"inLanguage":"pl-PL","potentialAction":[{"@type":"ReadAction","target":["https:\/\/moto-pawmar.pl\/?product=kurtka-motocyklowa-skorzana-rebelhorn-hunter-2-lady-black"]}]},{"@type":"ImageObject","inLanguage":"pl-PL","@id":"https:\/\/moto-pawmar.pl\/?product=kurtka-motocyklowa-skorzana-rebelhorn-hunter-2-lady-black#primaryimage","url":"https:\/\/moto-pawmar.pl\/wp-content\/uploads\/2025\/12\/277827_ZAL712195.jpg","contentUrl":"https:\/\/moto-pawmar.pl\/wp-content\/uploads\/2025\/12\/277827_ZAL712195.jpg","width":800,"height":800},{"@type":"BreadcrumbList","@id":"https:\/\/moto-pawmar.pl\/?product=kurtka-motocyklowa-skorzana-rebelhorn-hunter-2-lady-black#breadcrumb","itemListElement":[{"@type":"ListItem","position":1,"name":"Strona g\u0142\u00f3wna","item":"https:\/\/moto-pawmar.pl\/"},{"@type":"ListItem","position":2,"name":"Sklep Internetowy","item":"https:\/\/moto-pawmar.pl\/?page_id=367"},{"@type":"ListItem","position":3,"name":"Kurtka motocyklowa sk\u00f3rzana Rebelhorn Hunter 2 LADY Black"}]},{"@type":"WebSite","@id":"https:\/\/moto-pawmar.pl\/#website","url":"https:\/\/moto-pawmar.pl\/","name":"MOTO-PAWMAR","description":"MOTO\u2011PAWMAR \u2013 Tw\u00f3j sklep z cz\u0119\u015bciami i akcesoriami do motocykli, skuter\u00f3w i quad\u00f3w.","publisher":{"@id":"https:\/\/moto-pawmar.pl\/#organization"},"potentialAction":[{"@type":"SearchAction","target":{"@type":"EntryPoint","urlTemplate":"https:\/\/moto-pawmar.pl\/?s={search_term_string}"},"query-input":{"@type":"PropertyValueSpecification","valueRequired":true,"valueName":"search_term_string"}}],"inLanguage":"pl-PL"},{"@type":"Organization","@id":"https:\/\/moto-pawmar.pl\/#organization","name":"MOTO-PAWMAR","url":"https:\/\/moto-pawmar.pl\/","logo":{"@type":"ImageObject","inLanguage":"pl-PL","@id":"https:\/\/moto-pawmar.pl\/#\/schema\/logo\/image\/","url":"https:\/\/moto-pawmar.pl\/wp-content\/uploads\/2025\/10\/LOGO-SKLEP.png","contentUrl":"https:\/\/moto-pawmar.pl\/wp-content\/uploads\/2025\/10\/LOGO-SKLEP.png","width":2480,"height":2053,"caption":"MOTO-PAWMAR"},"image":{"@id":"https:\/\/moto-pawmar.pl\/#\/schema\/logo\/image\/"},"sameAs":["https:\/\/www.facebook.com\/motopawmar\/?locale=pl_PL"]}]}},"_links":{"self":[{"href":"https:\/\/moto-pawmar.pl\/index.php?rest_route=\/wp\/v2\/product\/7242","targetHints":{"allow":["GET"]}}],"collection":[{"href":"https:\/\/moto-pawmar.pl\/index.php?rest_route=\/wp\/v2\/product"}],"about":[{"href":"https:\/\/moto-pawmar.pl\/index.php?rest_route=\/wp\/v2\/types\/product"}],"wp:featuredmedia":[{"embeddable":true,"href":"https:\/\/moto-pawmar.pl\/index.php?rest_route=\/wp\/v2\/media\/7254"}],"wp:attachment":[{"href":"https:\/\/moto-pawmar.pl\/index.php?rest_route=%2Fwp%2Fv2%2Fmedia&parent=7242"}],"wp:term":[{"taxonomy":"product_brand","embeddable":true,"href":"https:\/\/moto-pawmar.pl\/index.php?rest_route=%2Fwp%2Fv2%2Fproduct_brand&post=7242"},{"taxonomy":"product_cat","embeddable":true,"href":"https:\/\/moto-pawmar.pl\/index.php?rest_route=%2Fwp%2Fv2%2Fproduct_cat&post=7242"},{"taxonomy":"product_tag","embeddable":true,"href":"https:\/\/moto-pawmar.pl\/index.php?rest_route=%2Fwp%2Fv2%2Fproduct_tag&post=7242"}],"curies":[{"name":"wp","href":"https:\/\/api.w.org\/{rel}","templated":true}]}}