{"id":7070,"date":"2025-12-12T15:11:05","date_gmt":"2025-12-12T14:11:05","guid":{"rendered":"https:\/\/moto-pawmar.pl\/?post_type=product&#038;p=7070"},"modified":"2025-12-12T15:11:49","modified_gmt":"2025-12-12T14:11:49","slug":"buty-motocyklowe-rebelhorn-vandal-2-black-blue-red","status":"publish","type":"product","link":"https:\/\/moto-pawmar.pl\/?product=buty-motocyklowe-rebelhorn-vandal-2-black-blue-red","title":{"rendered":"Buty motocyklowe Rebelhorn Vandal 2 Black Blue Red"},"content":{"rendered":"<p><strong>Buty motocyklowe Rebelhorn VANDAL II\u00a0<\/strong>to nowoczesne, miejskie trampki motocyklowe, kt\u00f3re \u0142\u0105cz\u0105 styl, komfort i ochron\u0119. Wykonane zosta\u0142y z wysokiej jako\u015bci sk\u00f3ry bydl\u0119cej z dodatkiem mikrofibry i zapewniaj\u0105 doskona\u0142\u0105 wytrzyma\u0142o\u015b\u0107 oraz wygod\u0119 podczas codziennej jazdy po mie\u015bcie. Perforowane panele gwarantuj\u0105 optymaln\u0105 wentylacj\u0119, a dodatkowe wzmocnienia pod d\u017awigni\u0119 zmiany bieg\u00f3w zwi\u0119kszaj\u0105 trwa\u0142o\u015b\u0107 but\u00f3w. Rebelhorn VANDAL II to idealny wyb\u00f3r dla motocyklist\u00f3w szukaj\u0105cych stylowego i funkcjonalnego obuwia na co dzie\u0144.<\/p>\n<p>&nbsp;<\/p>\n<p><strong>Przeznaczenie:<\/strong>\u00a0City<\/p>\n<p><strong>Warstwy:<\/strong><\/p>\n<p>Buty wykonane s\u0105 z trwa\u0142ych i wytrzyma\u0142ych materia\u0142\u00f3w, kt\u00f3re zapewniaj\u0105 komfort i optymaln\u0105 ochron\u0119 w miejskich warunkach.<\/p>\n<ul>\n<li><strong>Warstwa zewn\u0119trzna:<\/strong>\u00a080% Sk\u00f3ra bydl\u0119ca, 20% Mikrofibra<\/li>\n<li><strong>Podszewka:<\/strong>\u00a0100% Poliester mesh<\/li>\n<\/ul>\n<p><strong>Ochraniacze\/Bezpiecze\u0144stwo:<\/strong><\/p>\n<p>Rebelhorn VANDAL II oferuj\u0105 dodatkow\u0105 ochron\u0119 dzi\u0119ki wzmocnieniom kostek, kt\u00f3re zwi\u0119kszaj\u0105 bezpiecze\u0144stwo podczas codziennej jazdy w miejskim \u015brodowisku.<\/p>\n<ul>\n<li><strong>Wzmocnienie kostek<\/strong><\/li>\n<li><strong>Certyfikacja CE: EN-13634_2018 LEVEL 1222<\/strong><\/li>\n<\/ul>\n<p><strong>Wentylacja:<\/strong><\/p>\n<p>Buty posiadaj\u0105 perforowane panele po obu stronach, co zapewnia doskona\u0142\u0105 cyrkulacj\u0119 powietrza i komfort w ciep\u0142e dni.<\/p>\n<ul>\n<li><strong>Perforowane panele po obu stronach buta<\/strong><\/li>\n<\/ul>\n<p><strong>Komfort + Dodatkowe cechy:<\/strong><\/p>\n<p>Buty Rebelhorn VANDAL II zosta\u0142y zaprojektowane z my\u015bl\u0105 o maksymalnym komforcie u\u017cytkowania. Mi\u0119kkie wyko\u0144czenie g\u00f3rnej kraw\u0119dzi buta oraz piankowa wk\u0142adka o anatomicznym kszta\u0142cie gwarantuj\u0105 wygod\u0119, a zamek u\u0142atwia zak\u0142adanie but\u00f3w.<\/p>\n<ul>\n<li><strong>Mi\u0119kkie i elastyczne wyko\u0144czenie g\u00f3rnej kraw\u0119dzi buta<\/strong><\/li>\n<li><strong>Wzmocnienie pod d\u017awigni\u0119 zmiany bieg\u00f3w z materia\u0142u TPU<\/strong>\u00a0odpornego na przetarcia<\/li>\n<li><strong>Piankowa wk\u0142adka o anatomicznym kszta\u0142cie<\/strong>\u00a0pokryta poliestrowym meshem zapewnia komfort oraz absorbuje drgania<\/li>\n<li><strong>Mi\u0119kka i oddychaj\u0105ca podszewka 3D mesh<\/strong>\u00a0doskonale odprowadza wilgo\u0107<\/li>\n<li><strong>Zamek u\u0142atwiaj\u0105cy zak\u0142adanie<\/strong><\/li>\n<li>Model ten doskonale\u00a0<strong>pasuje do jeans\u00f3w i kurtek Vandal<\/strong>, tworz\u0105c sp\u00f3jny i stylowy zestaw motocyklowy.<\/li>\n<li><strong>W zestawie dodatkowe, czarne sznur\u00f3wki z nici\u0105 odblaskow\u0105 Reflective<\/strong><\/li>\n<\/ul>\n","protected":false},"excerpt":{"rendered":"<p>Buty motocyklowe Rebelhorn VANDAL II\u00a0to nowoczesne, miejskie trampki motocyklowe, kt\u00f3re \u0142\u0105cz\u0105 styl, komfort i ochron\u0119. Wykonane zosta\u0142y z wysokiej jako\u015bci sk\u00f3ry bydl\u0119cej z dodatkiem mikrofibry i zapewniaj\u0105 doskona\u0142\u0105 wytrzyma\u0142o\u015b\u0107 oraz wygod\u0119 podczas codziennej jazdy po mie\u015bcie. Perforowane panele gwarantuj\u0105 optymaln\u0105 wentylacj\u0119, a dodatkowe wzmocnienia pod d\u017awigni\u0119 zmiany bieg\u00f3w zwi\u0119kszaj\u0105 trwa\u0142o\u015b\u0107 but\u00f3w. Rebelhorn VANDAL II to [&hellip;]<\/p>\n","protected":false},"featured_media":7084,"template":"","meta":[],"product_brand":[377],"product_cat":[282,294],"product_tag":[],"class_list":{"0":"post-7070","1":"product","2":"type-product","3":"status-publish","4":"has-post-thumbnail","6":"product_brand-rebelhorn","7":"product_cat-buty-meska","8":"product_cat-buty-miejskie-meska","9":"pa_rozmiar-buty-352","10":"pa_rozmiar-buty-353","11":"pa_rozmiar-buty-354","12":"pa_rozmiar-buty-355","13":"pa_rozmiar-buty-356","14":"pa_rozmiar-buty-321","15":"pa_rozmiar-buty-322","16":"pa_rozmiar-buty-323","17":"pa_rozmiar-buty-324","18":"pa_rozmiar-buty-325","19":"pa_rozmiar-buty-326","20":"pa_rozmiar-buty-327","21":"pa_rozmiar-buty-328","23":"first","24":"instock","25":"taxable","26":"shipping-taxable","27":"purchasable","28":"product-type-variable"},"yoast_head":"<!-- This site is optimized with the Yoast SEO plugin v26.9 - https:\/\/yoast.com\/product\/yoast-seo-wordpress\/ -->\n<title>Buty motocyklowe Rebelhorn Vandal 2 Black Blue Red - MOTO-PAWMAR<\/title>\n<meta name=\"robots\" content=\"index, follow, max-snippet:-1, max-image-preview:large, max-video-preview:-1\" \/>\n<link rel=\"canonical\" href=\"https:\/\/moto-pawmar.pl\/?product=buty-motocyklowe-rebelhorn-vandal-2-black-blue-red\" \/>\n<meta property=\"og:locale\" content=\"pl_PL\" \/>\n<meta property=\"og:type\" content=\"article\" \/>\n<meta property=\"og:title\" content=\"Buty motocyklowe Rebelhorn Vandal 2 Black Blue Red - MOTO-PAWMAR\" \/>\n<meta property=\"og:description\" content=\"Buty motocyklowe Rebelhorn VANDAL II\u00a0to nowoczesne, miejskie trampki motocyklowe, kt\u00f3re \u0142\u0105cz\u0105 styl, komfort i ochron\u0119. Wykonane zosta\u0142y z wysokiej jako\u015bci sk\u00f3ry bydl\u0119cej z dodatkiem mikrofibry i zapewniaj\u0105 doskona\u0142\u0105 wytrzyma\u0142o\u015b\u0107 oraz wygod\u0119 podczas codziennej jazdy po mie\u015bcie. Perforowane panele gwarantuj\u0105 optymaln\u0105 wentylacj\u0119, a dodatkowe wzmocnienia pod d\u017awigni\u0119 zmiany bieg\u00f3w zwi\u0119kszaj\u0105 trwa\u0142o\u015b\u0107 but\u00f3w. Rebelhorn VANDAL II to [&hellip;]\" \/>\n<meta property=\"og:url\" content=\"https:\/\/moto-pawmar.pl\/?product=buty-motocyklowe-rebelhorn-vandal-2-black-blue-red\" \/>\n<meta property=\"og:site_name\" content=\"MOTO-PAWMAR\" \/>\n<meta property=\"article:publisher\" content=\"https:\/\/www.facebook.com\/motopawmar\/?locale=pl_PL\" \/>\n<meta property=\"article:modified_time\" content=\"2025-12-12T14:11:49+00:00\" \/>\n<meta property=\"og:image\" content=\"https:\/\/moto-pawmar.pl\/wp-content\/uploads\/2025\/12\/323373_ZAL785210.jpg\" \/>\n\t<meta property=\"og:image:width\" content=\"800\" \/>\n\t<meta property=\"og:image:height\" content=\"800\" \/>\n\t<meta property=\"og:image:type\" content=\"image\/jpeg\" \/>\n<meta name=\"twitter:card\" content=\"summary_large_image\" \/>\n<meta name=\"twitter:label1\" content=\"Szacowany czas czytania\" \/>\n\t<meta name=\"twitter:data1\" content=\"2 minuty\" \/>\n<script type=\"application\/ld+json\" class=\"yoast-schema-graph\">{\"@context\":\"https:\/\/schema.org\",\"@graph\":[{\"@type\":\"WebPage\",\"@id\":\"https:\/\/moto-pawmar.pl\/?product=buty-motocyklowe-rebelhorn-vandal-2-black-blue-red\",\"url\":\"https:\/\/moto-pawmar.pl\/?product=buty-motocyklowe-rebelhorn-vandal-2-black-blue-red\",\"name\":\"Buty motocyklowe Rebelhorn Vandal 2 Black Blue Red - MOTO-PAWMAR\",\"isPartOf\":{\"@id\":\"https:\/\/moto-pawmar.pl\/#website\"},\"primaryImageOfPage\":{\"@id\":\"https:\/\/moto-pawmar.pl\/?product=buty-motocyklowe-rebelhorn-vandal-2-black-blue-red#primaryimage\"},\"image\":{\"@id\":\"https:\/\/moto-pawmar.pl\/?product=buty-motocyklowe-rebelhorn-vandal-2-black-blue-red#primaryimage\"},\"thumbnailUrl\":\"https:\/\/moto-pawmar.pl\/wp-content\/uploads\/2025\/12\/323373_ZAL785210.jpg\",\"datePublished\":\"2025-12-12T14:11:05+00:00\",\"dateModified\":\"2025-12-12T14:11:49+00:00\",\"breadcrumb\":{\"@id\":\"https:\/\/moto-pawmar.pl\/?product=buty-motocyklowe-rebelhorn-vandal-2-black-blue-red#breadcrumb\"},\"inLanguage\":\"pl-PL\",\"potentialAction\":[{\"@type\":\"ReadAction\",\"target\":[\"https:\/\/moto-pawmar.pl\/?product=buty-motocyklowe-rebelhorn-vandal-2-black-blue-red\"]}]},{\"@type\":\"ImageObject\",\"inLanguage\":\"pl-PL\",\"@id\":\"https:\/\/moto-pawmar.pl\/?product=buty-motocyklowe-rebelhorn-vandal-2-black-blue-red#primaryimage\",\"url\":\"https:\/\/moto-pawmar.pl\/wp-content\/uploads\/2025\/12\/323373_ZAL785210.jpg\",\"contentUrl\":\"https:\/\/moto-pawmar.pl\/wp-content\/uploads\/2025\/12\/323373_ZAL785210.jpg\",\"width\":800,\"height\":800},{\"@type\":\"BreadcrumbList\",\"@id\":\"https:\/\/moto-pawmar.pl\/?product=buty-motocyklowe-rebelhorn-vandal-2-black-blue-red#breadcrumb\",\"itemListElement\":[{\"@type\":\"ListItem\",\"position\":1,\"name\":\"Strona g\u0142\u00f3wna\",\"item\":\"https:\/\/moto-pawmar.pl\/\"},{\"@type\":\"ListItem\",\"position\":2,\"name\":\"Sklep Internetowy\",\"item\":\"https:\/\/moto-pawmar.pl\/?page_id=367\"},{\"@type\":\"ListItem\",\"position\":3,\"name\":\"Buty motocyklowe Rebelhorn Vandal 2 Black Blue Red\"}]},{\"@type\":\"WebSite\",\"@id\":\"https:\/\/moto-pawmar.pl\/#website\",\"url\":\"https:\/\/moto-pawmar.pl\/\",\"name\":\"MOTO-PAWMAR\",\"description\":\"MOTO\u2011PAWMAR \u2013 Tw\u00f3j sklep z cz\u0119\u015bciami i akcesoriami do motocykli, skuter\u00f3w i quad\u00f3w.\",\"publisher\":{\"@id\":\"https:\/\/moto-pawmar.pl\/#organization\"},\"potentialAction\":[{\"@type\":\"SearchAction\",\"target\":{\"@type\":\"EntryPoint\",\"urlTemplate\":\"https:\/\/moto-pawmar.pl\/?s={search_term_string}\"},\"query-input\":{\"@type\":\"PropertyValueSpecification\",\"valueRequired\":true,\"valueName\":\"search_term_string\"}}],\"inLanguage\":\"pl-PL\"},{\"@type\":\"Organization\",\"@id\":\"https:\/\/moto-pawmar.pl\/#organization\",\"name\":\"MOTO-PAWMAR\",\"url\":\"https:\/\/moto-pawmar.pl\/\",\"logo\":{\"@type\":\"ImageObject\",\"inLanguage\":\"pl-PL\",\"@id\":\"https:\/\/moto-pawmar.pl\/#\/schema\/logo\/image\/\",\"url\":\"https:\/\/moto-pawmar.pl\/wp-content\/uploads\/2025\/10\/LOGO-SKLEP.png\",\"contentUrl\":\"https:\/\/moto-pawmar.pl\/wp-content\/uploads\/2025\/10\/LOGO-SKLEP.png\",\"width\":2480,\"height\":2053,\"caption\":\"MOTO-PAWMAR\"},\"image\":{\"@id\":\"https:\/\/moto-pawmar.pl\/#\/schema\/logo\/image\/\"},\"sameAs\":[\"https:\/\/www.facebook.com\/motopawmar\/?locale=pl_PL\"]}]}<\/script>\n<!-- \/ Yoast SEO plugin. -->","yoast_head_json":{"title":"Buty motocyklowe Rebelhorn Vandal 2 Black Blue Red - MOTO-PAWMAR","robots":{"index":"index","follow":"follow","max-snippet":"max-snippet:-1","max-image-preview":"max-image-preview:large","max-video-preview":"max-video-preview:-1"},"canonical":"https:\/\/moto-pawmar.pl\/?product=buty-motocyklowe-rebelhorn-vandal-2-black-blue-red","og_locale":"pl_PL","og_type":"article","og_title":"Buty motocyklowe Rebelhorn Vandal 2 Black Blue Red - MOTO-PAWMAR","og_description":"Buty motocyklowe Rebelhorn VANDAL II\u00a0to nowoczesne, miejskie trampki motocyklowe, kt\u00f3re \u0142\u0105cz\u0105 styl, komfort i ochron\u0119. Wykonane zosta\u0142y z wysokiej jako\u015bci sk\u00f3ry bydl\u0119cej z dodatkiem mikrofibry i zapewniaj\u0105 doskona\u0142\u0105 wytrzyma\u0142o\u015b\u0107 oraz wygod\u0119 podczas codziennej jazdy po mie\u015bcie. Perforowane panele gwarantuj\u0105 optymaln\u0105 wentylacj\u0119, a dodatkowe wzmocnienia pod d\u017awigni\u0119 zmiany bieg\u00f3w zwi\u0119kszaj\u0105 trwa\u0142o\u015b\u0107 but\u00f3w. Rebelhorn VANDAL II to [&hellip;]","og_url":"https:\/\/moto-pawmar.pl\/?product=buty-motocyklowe-rebelhorn-vandal-2-black-blue-red","og_site_name":"MOTO-PAWMAR","article_publisher":"https:\/\/www.facebook.com\/motopawmar\/?locale=pl_PL","article_modified_time":"2025-12-12T14:11:49+00:00","og_image":[{"width":800,"height":800,"url":"https:\/\/moto-pawmar.pl\/wp-content\/uploads\/2025\/12\/323373_ZAL785210.jpg","type":"image\/jpeg"}],"twitter_card":"summary_large_image","twitter_misc":{"Szacowany czas czytania":"2 minuty"},"schema":{"@context":"https:\/\/schema.org","@graph":[{"@type":"WebPage","@id":"https:\/\/moto-pawmar.pl\/?product=buty-motocyklowe-rebelhorn-vandal-2-black-blue-red","url":"https:\/\/moto-pawmar.pl\/?product=buty-motocyklowe-rebelhorn-vandal-2-black-blue-red","name":"Buty motocyklowe Rebelhorn Vandal 2 Black Blue Red - MOTO-PAWMAR","isPartOf":{"@id":"https:\/\/moto-pawmar.pl\/#website"},"primaryImageOfPage":{"@id":"https:\/\/moto-pawmar.pl\/?product=buty-motocyklowe-rebelhorn-vandal-2-black-blue-red#primaryimage"},"image":{"@id":"https:\/\/moto-pawmar.pl\/?product=buty-motocyklowe-rebelhorn-vandal-2-black-blue-red#primaryimage"},"thumbnailUrl":"https:\/\/moto-pawmar.pl\/wp-content\/uploads\/2025\/12\/323373_ZAL785210.jpg","datePublished":"2025-12-12T14:11:05+00:00","dateModified":"2025-12-12T14:11:49+00:00","breadcrumb":{"@id":"https:\/\/moto-pawmar.pl\/?product=buty-motocyklowe-rebelhorn-vandal-2-black-blue-red#breadcrumb"},"inLanguage":"pl-PL","potentialAction":[{"@type":"ReadAction","target":["https:\/\/moto-pawmar.pl\/?product=buty-motocyklowe-rebelhorn-vandal-2-black-blue-red"]}]},{"@type":"ImageObject","inLanguage":"pl-PL","@id":"https:\/\/moto-pawmar.pl\/?product=buty-motocyklowe-rebelhorn-vandal-2-black-blue-red#primaryimage","url":"https:\/\/moto-pawmar.pl\/wp-content\/uploads\/2025\/12\/323373_ZAL785210.jpg","contentUrl":"https:\/\/moto-pawmar.pl\/wp-content\/uploads\/2025\/12\/323373_ZAL785210.jpg","width":800,"height":800},{"@type":"BreadcrumbList","@id":"https:\/\/moto-pawmar.pl\/?product=buty-motocyklowe-rebelhorn-vandal-2-black-blue-red#breadcrumb","itemListElement":[{"@type":"ListItem","position":1,"name":"Strona g\u0142\u00f3wna","item":"https:\/\/moto-pawmar.pl\/"},{"@type":"ListItem","position":2,"name":"Sklep Internetowy","item":"https:\/\/moto-pawmar.pl\/?page_id=367"},{"@type":"ListItem","position":3,"name":"Buty motocyklowe Rebelhorn Vandal 2 Black Blue Red"}]},{"@type":"WebSite","@id":"https:\/\/moto-pawmar.pl\/#website","url":"https:\/\/moto-pawmar.pl\/","name":"MOTO-PAWMAR","description":"MOTO\u2011PAWMAR \u2013 Tw\u00f3j sklep z cz\u0119\u015bciami i akcesoriami do motocykli, skuter\u00f3w i quad\u00f3w.","publisher":{"@id":"https:\/\/moto-pawmar.pl\/#organization"},"potentialAction":[{"@type":"SearchAction","target":{"@type":"EntryPoint","urlTemplate":"https:\/\/moto-pawmar.pl\/?s={search_term_string}"},"query-input":{"@type":"PropertyValueSpecification","valueRequired":true,"valueName":"search_term_string"}}],"inLanguage":"pl-PL"},{"@type":"Organization","@id":"https:\/\/moto-pawmar.pl\/#organization","name":"MOTO-PAWMAR","url":"https:\/\/moto-pawmar.pl\/","logo":{"@type":"ImageObject","inLanguage":"pl-PL","@id":"https:\/\/moto-pawmar.pl\/#\/schema\/logo\/image\/","url":"https:\/\/moto-pawmar.pl\/wp-content\/uploads\/2025\/10\/LOGO-SKLEP.png","contentUrl":"https:\/\/moto-pawmar.pl\/wp-content\/uploads\/2025\/10\/LOGO-SKLEP.png","width":2480,"height":2053,"caption":"MOTO-PAWMAR"},"image":{"@id":"https:\/\/moto-pawmar.pl\/#\/schema\/logo\/image\/"},"sameAs":["https:\/\/www.facebook.com\/motopawmar\/?locale=pl_PL"]}]}},"_links":{"self":[{"href":"https:\/\/moto-pawmar.pl\/index.php?rest_route=\/wp\/v2\/product\/7070","targetHints":{"allow":["GET"]}}],"collection":[{"href":"https:\/\/moto-pawmar.pl\/index.php?rest_route=\/wp\/v2\/product"}],"about":[{"href":"https:\/\/moto-pawmar.pl\/index.php?rest_route=\/wp\/v2\/types\/product"}],"wp:featuredmedia":[{"embeddable":true,"href":"https:\/\/moto-pawmar.pl\/index.php?rest_route=\/wp\/v2\/media\/7084"}],"wp:attachment":[{"href":"https:\/\/moto-pawmar.pl\/index.php?rest_route=%2Fwp%2Fv2%2Fmedia&parent=7070"}],"wp:term":[{"taxonomy":"product_brand","embeddable":true,"href":"https:\/\/moto-pawmar.pl\/index.php?rest_route=%2Fwp%2Fv2%2Fproduct_brand&post=7070"},{"taxonomy":"product_cat","embeddable":true,"href":"https:\/\/moto-pawmar.pl\/index.php?rest_route=%2Fwp%2Fv2%2Fproduct_cat&post=7070"},{"taxonomy":"product_tag","embeddable":true,"href":"https:\/\/moto-pawmar.pl\/index.php?rest_route=%2Fwp%2Fv2%2Fproduct_tag&post=7070"}],"curies":[{"name":"wp","href":"https:\/\/api.w.org\/{rel}","templated":true}]}}