{"id":6691,"date":"2025-12-12T13:51:08","date_gmt":"2025-12-12T12:51:08","guid":{"rendered":"https:\/\/moto-pawmar.pl\/?post_type=product&#038;p=6691"},"modified":"2025-12-12T13:53:25","modified_gmt":"2025-12-12T12:53:25","slug":"buty-motocyklowe-rebelhorn-range-black","status":"publish","type":"product","link":"https:\/\/moto-pawmar.pl\/?product=buty-motocyklowe-rebelhorn-range-black","title":{"rendered":"Buty motocyklowe Rebelhorn Range Black"},"content":{"rendered":"<p>Motocyklowe buty turystyczne\u00a0<strong>Rebelhorn Range<\/strong>\u00a0zosta\u0142y stworzone z po\u0142\u0105czenia materia\u0142u Microfabric oraz wtryskiwanego materia\u0142u KPU kt\u00f3ry wzmacnia newralgiczne partie i chroni przed uszkodzeniami mechanicznymi. Membrana Sympatex zapewnia ochron\u0119 przed wod\u0105, a dzi\u0119ki wysokim parametrom oddychalno\u015bci jazda w butach jest komfortowa niezale\u017cnie od wyzwa\u0144 pogodowych na trasie.<\/p>\n<p><strong>Przeznaczenie:<\/strong>\u00a0Tour<\/p>\n<p><strong>Materia\u0142y:<\/strong><\/p>\n<ul>\n<li><strong>Warstwa zewn\u0119trzna:\u00a0<\/strong>wytrzyma\u0142y Microfabric po\u0142\u0105czony z wtryskiwanym materia\u0142em KPU w miejscach najbardziej nara\u017conych na uszkodzenia<\/li>\n<li><strong>Warstwa wewn\u0119trzna:<\/strong>\u00a0mi\u0119kka i oddychaj\u0105ca podszewka 3D mesh,\u00a0<strong>membrana Sympatex<\/strong><\/li>\n<\/ul>\n<p><strong>Bezpiecze\u0144stwo:<\/strong><\/p>\n<ul>\n<li><strong>Stopie\u0144 ochrony kostek: IPA<\/strong><\/li>\n<li><strong>Stopie\u0144 ochrony piszczeli: IPS<\/strong><\/li>\n<li>Wzmocnienie pod d\u017awigni\u0119 zmiany bieg\u00f3w<\/li>\n<li>Wtryskiwany materia\u0142 KPU w miejscach najbardziej nara\u017conych na uszkodzenia<\/li>\n<li>poziom ochrony 2 2 2 2 IPA\/WR<\/li>\n<\/ul>\n<p><strong>Wentylacja:<\/strong><\/p>\n<ul>\n<li>Wstawki z oddychaj\u0105cego i przewiewnego materia\u0142u\u00a0<strong>steel mesh<\/strong><\/li>\n<li><strong>Membrana Sympatex<\/strong>\u00a0o wysokich parametrach oddychalno\u015bci wsp\u00f3\u0142pracuje ze steel meshem i sprawia, \u017ce buty pozostaj\u0105 dobrze wentylowane i nie przemakaj\u0105<\/li>\n<\/ul>\n<p><strong>Dopasowanie:<\/strong><\/p>\n<ul>\n<li>Dwa d\u0142ugie zamki u\u0142atwiaj\u0105 wk\u0142adanie i zdejmowanie but\u00f3w<\/li>\n<li>Rzep regulacyjny pozwala na dopasowanie obwodu do szeroko\u015bci \u0142ydki<\/li>\n<\/ul>\n<p><strong>Komfort:<\/strong><\/p>\n<ul>\n<li>Mi\u0119kkie wyko\u0144czenie g\u00f3rnej kraw\u0119dzi buta<\/li>\n<li>Piankowa wk\u0142adka pokryta poliestrowym meshem zapewnia komfort oraz absorbuje drgania<\/li>\n<\/ul>\n<p>Buty Rebelhorn Range sprawdz\u0105 si\u0119 nawet w najd\u0142u\u017cszych i najbardziej wymagaj\u0105cych wyprawach. Idealnie pasuj\u0105 do zestawu turystycznego Rebelhorn Range w kt\u00f3rego sk\u0142ad wchodz\u0105 kurtka, spodnie oraz r\u0119kawice.<\/p>\n","protected":false},"excerpt":{"rendered":"<p>Motocyklowe buty turystyczne\u00a0Rebelhorn Range\u00a0zosta\u0142y stworzone z po\u0142\u0105czenia materia\u0142u Microfabric oraz wtryskiwanego materia\u0142u KPU kt\u00f3ry wzmacnia newralgiczne partie i chroni przed uszkodzeniami mechanicznymi. Membrana Sympatex zapewnia ochron\u0119 przed wod\u0105, a dzi\u0119ki wysokim parametrom oddychalno\u015bci jazda w butach jest komfortowa niezale\u017cnie od wyzwa\u0144 pogodowych na trasie. Przeznaczenie:\u00a0Tour Materia\u0142y: Warstwa zewn\u0119trzna:\u00a0wytrzyma\u0142y Microfabric po\u0142\u0105czony z wtryskiwanym materia\u0142em KPU w [&hellip;]<\/p>\n","protected":false},"featured_media":6705,"template":"","meta":[],"product_brand":[377],"product_cat":[282,291],"product_tag":[],"class_list":{"0":"post-6691","1":"product","2":"type-product","3":"status-publish","4":"has-post-thumbnail","6":"product_brand-rebelhorn","7":"product_cat-buty-meska","8":"product_cat-buty-turystyczne-meska","9":"pa_rozmiar-buty-382","10":"pa_rozmiar-buty-352","11":"pa_rozmiar-buty-353","12":"pa_rozmiar-buty-354","13":"pa_rozmiar-buty-355","14":"pa_rozmiar-buty-356","15":"pa_rozmiar-buty-321","16":"pa_rozmiar-buty-322","17":"pa_rozmiar-buty-323","18":"pa_rozmiar-buty-324","19":"pa_rozmiar-buty-325","20":"pa_rozmiar-buty-326","21":"pa_rozmiar-buty-327","22":"pa_rozmiar-buty-328","24":"first","25":"instock","26":"taxable","27":"shipping-taxable","28":"purchasable","29":"product-type-variable"},"yoast_head":"<!-- This site is optimized with the Yoast SEO plugin v26.9 - https:\/\/yoast.com\/product\/yoast-seo-wordpress\/ -->\n<title>Buty motocyklowe Rebelhorn Range Black - MOTO-PAWMAR<\/title>\n<meta name=\"robots\" content=\"index, follow, max-snippet:-1, max-image-preview:large, max-video-preview:-1\" \/>\n<link rel=\"canonical\" href=\"https:\/\/moto-pawmar.pl\/?product=buty-motocyklowe-rebelhorn-range-black\" \/>\n<meta property=\"og:locale\" content=\"pl_PL\" \/>\n<meta property=\"og:type\" content=\"article\" \/>\n<meta property=\"og:title\" content=\"Buty motocyklowe Rebelhorn Range Black - MOTO-PAWMAR\" \/>\n<meta property=\"og:description\" content=\"Motocyklowe buty turystyczne\u00a0Rebelhorn Range\u00a0zosta\u0142y stworzone z po\u0142\u0105czenia materia\u0142u Microfabric oraz wtryskiwanego materia\u0142u KPU kt\u00f3ry wzmacnia newralgiczne partie i chroni przed uszkodzeniami mechanicznymi. Membrana Sympatex zapewnia ochron\u0119 przed wod\u0105, a dzi\u0119ki wysokim parametrom oddychalno\u015bci jazda w butach jest komfortowa niezale\u017cnie od wyzwa\u0144 pogodowych na trasie. Przeznaczenie:\u00a0Tour Materia\u0142y: Warstwa zewn\u0119trzna:\u00a0wytrzyma\u0142y Microfabric po\u0142\u0105czony z wtryskiwanym materia\u0142em KPU w [&hellip;]\" \/>\n<meta property=\"og:url\" content=\"https:\/\/moto-pawmar.pl\/?product=buty-motocyklowe-rebelhorn-range-black\" \/>\n<meta property=\"og:site_name\" content=\"MOTO-PAWMAR\" \/>\n<meta property=\"article:publisher\" content=\"https:\/\/www.facebook.com\/motopawmar\/?locale=pl_PL\" \/>\n<meta property=\"article:modified_time\" content=\"2025-12-12T12:53:25+00:00\" \/>\n<meta property=\"og:image\" content=\"https:\/\/moto-pawmar.pl\/wp-content\/uploads\/2025\/12\/279019_ZAL689832.jpg\" \/>\n\t<meta property=\"og:image:width\" content=\"800\" \/>\n\t<meta property=\"og:image:height\" content=\"800\" \/>\n\t<meta property=\"og:image:type\" content=\"image\/jpeg\" \/>\n<meta name=\"twitter:card\" content=\"summary_large_image\" \/>\n<meta name=\"twitter:label1\" content=\"Szacowany czas czytania\" \/>\n\t<meta name=\"twitter:data1\" content=\"1 minuta\" \/>\n<script type=\"application\/ld+json\" class=\"yoast-schema-graph\">{\"@context\":\"https:\/\/schema.org\",\"@graph\":[{\"@type\":\"WebPage\",\"@id\":\"https:\/\/moto-pawmar.pl\/?product=buty-motocyklowe-rebelhorn-range-black\",\"url\":\"https:\/\/moto-pawmar.pl\/?product=buty-motocyklowe-rebelhorn-range-black\",\"name\":\"Buty motocyklowe Rebelhorn Range Black - MOTO-PAWMAR\",\"isPartOf\":{\"@id\":\"https:\/\/moto-pawmar.pl\/#website\"},\"primaryImageOfPage\":{\"@id\":\"https:\/\/moto-pawmar.pl\/?product=buty-motocyklowe-rebelhorn-range-black#primaryimage\"},\"image\":{\"@id\":\"https:\/\/moto-pawmar.pl\/?product=buty-motocyklowe-rebelhorn-range-black#primaryimage\"},\"thumbnailUrl\":\"https:\/\/moto-pawmar.pl\/wp-content\/uploads\/2025\/12\/279019_ZAL689832.jpg\",\"datePublished\":\"2025-12-12T12:51:08+00:00\",\"dateModified\":\"2025-12-12T12:53:25+00:00\",\"breadcrumb\":{\"@id\":\"https:\/\/moto-pawmar.pl\/?product=buty-motocyklowe-rebelhorn-range-black#breadcrumb\"},\"inLanguage\":\"pl-PL\",\"potentialAction\":[{\"@type\":\"ReadAction\",\"target\":[\"https:\/\/moto-pawmar.pl\/?product=buty-motocyklowe-rebelhorn-range-black\"]}]},{\"@type\":\"ImageObject\",\"inLanguage\":\"pl-PL\",\"@id\":\"https:\/\/moto-pawmar.pl\/?product=buty-motocyklowe-rebelhorn-range-black#primaryimage\",\"url\":\"https:\/\/moto-pawmar.pl\/wp-content\/uploads\/2025\/12\/279019_ZAL689832.jpg\",\"contentUrl\":\"https:\/\/moto-pawmar.pl\/wp-content\/uploads\/2025\/12\/279019_ZAL689832.jpg\",\"width\":800,\"height\":800},{\"@type\":\"BreadcrumbList\",\"@id\":\"https:\/\/moto-pawmar.pl\/?product=buty-motocyklowe-rebelhorn-range-black#breadcrumb\",\"itemListElement\":[{\"@type\":\"ListItem\",\"position\":1,\"name\":\"Strona g\u0142\u00f3wna\",\"item\":\"https:\/\/moto-pawmar.pl\/\"},{\"@type\":\"ListItem\",\"position\":2,\"name\":\"Sklep Internetowy\",\"item\":\"https:\/\/moto-pawmar.pl\/?page_id=367\"},{\"@type\":\"ListItem\",\"position\":3,\"name\":\"Buty motocyklowe Rebelhorn Range Black\"}]},{\"@type\":\"WebSite\",\"@id\":\"https:\/\/moto-pawmar.pl\/#website\",\"url\":\"https:\/\/moto-pawmar.pl\/\",\"name\":\"MOTO-PAWMAR\",\"description\":\"MOTO\u2011PAWMAR \u2013 Tw\u00f3j sklep z cz\u0119\u015bciami i akcesoriami do motocykli, skuter\u00f3w i quad\u00f3w.\",\"publisher\":{\"@id\":\"https:\/\/moto-pawmar.pl\/#organization\"},\"potentialAction\":[{\"@type\":\"SearchAction\",\"target\":{\"@type\":\"EntryPoint\",\"urlTemplate\":\"https:\/\/moto-pawmar.pl\/?s={search_term_string}\"},\"query-input\":{\"@type\":\"PropertyValueSpecification\",\"valueRequired\":true,\"valueName\":\"search_term_string\"}}],\"inLanguage\":\"pl-PL\"},{\"@type\":\"Organization\",\"@id\":\"https:\/\/moto-pawmar.pl\/#organization\",\"name\":\"MOTO-PAWMAR\",\"url\":\"https:\/\/moto-pawmar.pl\/\",\"logo\":{\"@type\":\"ImageObject\",\"inLanguage\":\"pl-PL\",\"@id\":\"https:\/\/moto-pawmar.pl\/#\/schema\/logo\/image\/\",\"url\":\"https:\/\/moto-pawmar.pl\/wp-content\/uploads\/2025\/10\/LOGO-SKLEP.png\",\"contentUrl\":\"https:\/\/moto-pawmar.pl\/wp-content\/uploads\/2025\/10\/LOGO-SKLEP.png\",\"width\":2480,\"height\":2053,\"caption\":\"MOTO-PAWMAR\"},\"image\":{\"@id\":\"https:\/\/moto-pawmar.pl\/#\/schema\/logo\/image\/\"},\"sameAs\":[\"https:\/\/www.facebook.com\/motopawmar\/?locale=pl_PL\"]}]}<\/script>\n<!-- \/ Yoast SEO plugin. -->","yoast_head_json":{"title":"Buty motocyklowe Rebelhorn Range Black - MOTO-PAWMAR","robots":{"index":"index","follow":"follow","max-snippet":"max-snippet:-1","max-image-preview":"max-image-preview:large","max-video-preview":"max-video-preview:-1"},"canonical":"https:\/\/moto-pawmar.pl\/?product=buty-motocyklowe-rebelhorn-range-black","og_locale":"pl_PL","og_type":"article","og_title":"Buty motocyklowe Rebelhorn Range Black - MOTO-PAWMAR","og_description":"Motocyklowe buty turystyczne\u00a0Rebelhorn Range\u00a0zosta\u0142y stworzone z po\u0142\u0105czenia materia\u0142u Microfabric oraz wtryskiwanego materia\u0142u KPU kt\u00f3ry wzmacnia newralgiczne partie i chroni przed uszkodzeniami mechanicznymi. Membrana Sympatex zapewnia ochron\u0119 przed wod\u0105, a dzi\u0119ki wysokim parametrom oddychalno\u015bci jazda w butach jest komfortowa niezale\u017cnie od wyzwa\u0144 pogodowych na trasie. Przeznaczenie:\u00a0Tour Materia\u0142y: Warstwa zewn\u0119trzna:\u00a0wytrzyma\u0142y Microfabric po\u0142\u0105czony z wtryskiwanym materia\u0142em KPU w [&hellip;]","og_url":"https:\/\/moto-pawmar.pl\/?product=buty-motocyklowe-rebelhorn-range-black","og_site_name":"MOTO-PAWMAR","article_publisher":"https:\/\/www.facebook.com\/motopawmar\/?locale=pl_PL","article_modified_time":"2025-12-12T12:53:25+00:00","og_image":[{"width":800,"height":800,"url":"https:\/\/moto-pawmar.pl\/wp-content\/uploads\/2025\/12\/279019_ZAL689832.jpg","type":"image\/jpeg"}],"twitter_card":"summary_large_image","twitter_misc":{"Szacowany czas czytania":"1 minuta"},"schema":{"@context":"https:\/\/schema.org","@graph":[{"@type":"WebPage","@id":"https:\/\/moto-pawmar.pl\/?product=buty-motocyklowe-rebelhorn-range-black","url":"https:\/\/moto-pawmar.pl\/?product=buty-motocyklowe-rebelhorn-range-black","name":"Buty motocyklowe Rebelhorn Range Black - MOTO-PAWMAR","isPartOf":{"@id":"https:\/\/moto-pawmar.pl\/#website"},"primaryImageOfPage":{"@id":"https:\/\/moto-pawmar.pl\/?product=buty-motocyklowe-rebelhorn-range-black#primaryimage"},"image":{"@id":"https:\/\/moto-pawmar.pl\/?product=buty-motocyklowe-rebelhorn-range-black#primaryimage"},"thumbnailUrl":"https:\/\/moto-pawmar.pl\/wp-content\/uploads\/2025\/12\/279019_ZAL689832.jpg","datePublished":"2025-12-12T12:51:08+00:00","dateModified":"2025-12-12T12:53:25+00:00","breadcrumb":{"@id":"https:\/\/moto-pawmar.pl\/?product=buty-motocyklowe-rebelhorn-range-black#breadcrumb"},"inLanguage":"pl-PL","potentialAction":[{"@type":"ReadAction","target":["https:\/\/moto-pawmar.pl\/?product=buty-motocyklowe-rebelhorn-range-black"]}]},{"@type":"ImageObject","inLanguage":"pl-PL","@id":"https:\/\/moto-pawmar.pl\/?product=buty-motocyklowe-rebelhorn-range-black#primaryimage","url":"https:\/\/moto-pawmar.pl\/wp-content\/uploads\/2025\/12\/279019_ZAL689832.jpg","contentUrl":"https:\/\/moto-pawmar.pl\/wp-content\/uploads\/2025\/12\/279019_ZAL689832.jpg","width":800,"height":800},{"@type":"BreadcrumbList","@id":"https:\/\/moto-pawmar.pl\/?product=buty-motocyklowe-rebelhorn-range-black#breadcrumb","itemListElement":[{"@type":"ListItem","position":1,"name":"Strona g\u0142\u00f3wna","item":"https:\/\/moto-pawmar.pl\/"},{"@type":"ListItem","position":2,"name":"Sklep Internetowy","item":"https:\/\/moto-pawmar.pl\/?page_id=367"},{"@type":"ListItem","position":3,"name":"Buty motocyklowe Rebelhorn Range Black"}]},{"@type":"WebSite","@id":"https:\/\/moto-pawmar.pl\/#website","url":"https:\/\/moto-pawmar.pl\/","name":"MOTO-PAWMAR","description":"MOTO\u2011PAWMAR \u2013 Tw\u00f3j sklep z cz\u0119\u015bciami i akcesoriami do motocykli, skuter\u00f3w i quad\u00f3w.","publisher":{"@id":"https:\/\/moto-pawmar.pl\/#organization"},"potentialAction":[{"@type":"SearchAction","target":{"@type":"EntryPoint","urlTemplate":"https:\/\/moto-pawmar.pl\/?s={search_term_string}"},"query-input":{"@type":"PropertyValueSpecification","valueRequired":true,"valueName":"search_term_string"}}],"inLanguage":"pl-PL"},{"@type":"Organization","@id":"https:\/\/moto-pawmar.pl\/#organization","name":"MOTO-PAWMAR","url":"https:\/\/moto-pawmar.pl\/","logo":{"@type":"ImageObject","inLanguage":"pl-PL","@id":"https:\/\/moto-pawmar.pl\/#\/schema\/logo\/image\/","url":"https:\/\/moto-pawmar.pl\/wp-content\/uploads\/2025\/10\/LOGO-SKLEP.png","contentUrl":"https:\/\/moto-pawmar.pl\/wp-content\/uploads\/2025\/10\/LOGO-SKLEP.png","width":2480,"height":2053,"caption":"MOTO-PAWMAR"},"image":{"@id":"https:\/\/moto-pawmar.pl\/#\/schema\/logo\/image\/"},"sameAs":["https:\/\/www.facebook.com\/motopawmar\/?locale=pl_PL"]}]}},"_links":{"self":[{"href":"https:\/\/moto-pawmar.pl\/index.php?rest_route=\/wp\/v2\/product\/6691","targetHints":{"allow":["GET"]}}],"collection":[{"href":"https:\/\/moto-pawmar.pl\/index.php?rest_route=\/wp\/v2\/product"}],"about":[{"href":"https:\/\/moto-pawmar.pl\/index.php?rest_route=\/wp\/v2\/types\/product"}],"wp:featuredmedia":[{"embeddable":true,"href":"https:\/\/moto-pawmar.pl\/index.php?rest_route=\/wp\/v2\/media\/6705"}],"wp:attachment":[{"href":"https:\/\/moto-pawmar.pl\/index.php?rest_route=%2Fwp%2Fv2%2Fmedia&parent=6691"}],"wp:term":[{"taxonomy":"product_brand","embeddable":true,"href":"https:\/\/moto-pawmar.pl\/index.php?rest_route=%2Fwp%2Fv2%2Fproduct_brand&post=6691"},{"taxonomy":"product_cat","embeddable":true,"href":"https:\/\/moto-pawmar.pl\/index.php?rest_route=%2Fwp%2Fv2%2Fproduct_cat&post=6691"},{"taxonomy":"product_tag","embeddable":true,"href":"https:\/\/moto-pawmar.pl\/index.php?rest_route=%2Fwp%2Fv2%2Fproduct_tag&post=6691"}],"curies":[{"name":"wp","href":"https:\/\/api.w.org\/{rel}","templated":true}]}}