{"id":6579,"date":"2025-12-12T13:15:40","date_gmt":"2025-12-12T12:15:40","guid":{"rendered":"https:\/\/moto-pawmar.pl\/?post_type=product&#038;p=6579"},"modified":"2025-12-12T13:17:58","modified_gmt":"2025-12-12T12:17:58","slug":"buty-motocyklowe-rebelhorn-defender-black","status":"publish","type":"product","link":"https:\/\/moto-pawmar.pl\/?product=buty-motocyklowe-rebelhorn-defender-black","title":{"rendered":"Buty motocyklowe Rebelhorn Defender Black"},"content":{"rendered":"<p><strong>Buty motocyklowe Rebelhorn DEFENDER<\/strong>\u00a0to wszechstronne buty turystyczne, kt\u00f3re \u0142\u0105cz\u0105 w sobie cechy but\u00f3w motocyklowych i outdorowych. Dzi\u0119ki zaawansowanym technologiom oraz zastosowaniu materia\u0142\u00f3w takich jak Cordura, Ripstop i mikrofibra, zapewniaj\u0105 doskona\u0142\u0105 wytrzyma\u0142o\u015b\u0107 oraz komfort podczas d\u0142ugich tras. Buty\u00a0<strong>Rebelhorn DEFENDER<\/strong>\u00a0s\u0105 idealnym wyborem dla mi\u0142o\u015bnik\u00f3w turystyki motocyklowej, gwarantuj\u0105c nie tylko bezpiecze\u0144stwo, ale r\u00f3wnie\u017c wygod\u0119 na trasie dzi\u0119ki\u00a0<strong>systemowi szybkiego zamykania ATOP\u00a0<\/strong>czy podeszwie VIBRAM<strong>\u00ae<\/strong>\u00a0odpornej na \u015bcieranie.<\/p>\n<p>&nbsp;<\/p>\n<p><strong>Przeznaczenie:<\/strong>\u00a0Tour<\/p>\n<p><strong>Warstwy:<\/strong><\/p>\n<p>Buty wykonane s\u0105 z wysokiej jako\u015bci materia\u0142\u00f3w, kt\u00f3re zapewniaj\u0105 optymaln\u0105 ochron\u0119 oraz oddychalno\u015b\u0107, dzi\u0119ki czemu idealnie sprawdz\u0105 si\u0119 w d\u0142ugich podr\u00f3\u017cach.<\/p>\n<ul>\n<li><strong>Warstwa zewn\u0119trzna:<\/strong>\u00a030% Mikrofibra, 30% Cordura, 30% Polyester Ripstop, 10% Polyester Knit<\/li>\n<li><strong>Podszewka:<\/strong>\u00a080% Sympatex\u00ae (membrana), 20% Poliester mesh<\/li>\n<\/ul>\n<p><strong>Ochraniacze\/Bezpiecze\u0144stwo:<\/strong><\/p>\n<p>Buty Rebelhorn DEFENDER zapewniaj\u0105 dodatkow\u0105 ochron\u0119 dzi\u0119ki wzmocnieniom kostek oraz wytrzyma\u0142ym materia\u0142om, co czyni je idealnym wyborem na d\u0142ugie trasy, gdzie ochrona jest priorytetem.<\/p>\n<ul>\n<li><strong>Wzmocnienie kostek<\/strong><\/li>\n<li><strong>Certyfikacja CE:\u00a0<\/strong>EN 13634:2017 LEVEL 1222 WR<\/li>\n<\/ul>\n<p><strong>Wentylacja i wodoodporno\u015b\u0107:<\/strong><\/p>\n<p>Dzi\u0119ki\u00a0<strong>nieprzemakaj\u0105cej membranie Sympatex<\/strong>\u00ae\u00a0 o wysokich parametrach oddychalno\u015bci, buty Rebelhorn DEFENDER skutecznie odprowadzaj\u0105 wilgo\u0107, zapewniaj\u0105c sucho\u015b\u0107 i odpowiedni\u0105 wentylacj\u0119 nawet w wymagaj\u0105cych warunkach.<\/p>\n<ul>\n<li><strong>Membrana Sympatex o wysokich parametrach oddychalno\u015bci<\/strong><\/li>\n<\/ul>\n<p><strong>Komfort + Dodatkowe cechy:<\/strong><\/p>\n<p>Buty Rebelhorn DEFENDER zosta\u0142y zaprojektowane z my\u015bl\u0105 o d\u0142ugich trasach, zapewniaj\u0105c doskona\u0142e dopasowanie do stopy oraz wysoki komfort u\u017cytkowania. System szybkiego zamykania ATOP umo\u017cliwia idealne dopasowanie, a po\u0142\u0105czenie materia\u0142\u00f3w takich jak mikrofibra, Cordura i Ripstop gwarantuje wytrzyma\u0142o\u015b\u0107.<\/p>\n<ul>\n<li><strong>System szybkiego zamykania ATOP<\/strong>\u00a0zapewnia lepsze dopasowanie do stopy<\/li>\n<li>Materia\u0142:\u00a0<strong>po\u0142\u0105czenie wytrzyma\u0142ej Mikrofibry z materia\u0142em Ripstop i Cordura<\/strong><\/li>\n<li><strong>Mi\u0119kkie wyko\u0144czenie g\u00f3rnej kraw\u0119dzi buta<\/strong><\/li>\n<li><strong>Wzmocnienie pod d\u017awigni\u0119 zmiany bieg\u00f3w z materia\u0142u TPU<\/strong>\u00a0odpornego na przetarcia<\/li>\n<li><strong>Piankowa wk\u0142adka<\/strong>\u00a0o anatomicznym kszta\u0142cie pokryta poliestrowym meshem zapewnia komfort oraz absorbuje drgania<\/li>\n<li>Mi\u0119kka i oddychaj\u0105ca\u00a0<strong>podszewka 3D mesh<\/strong>\u00a0doskonale odprowadza wilgo\u0107<\/li>\n<li><strong>Podeszwa Vibram\u00ae<\/strong>\u00a0odporna na \u015bcieranie<\/li>\n<\/ul>\n","protected":false},"excerpt":{"rendered":"<p>Buty motocyklowe Rebelhorn DEFENDER\u00a0to wszechstronne buty turystyczne, kt\u00f3re \u0142\u0105cz\u0105 w sobie cechy but\u00f3w motocyklowych i outdorowych. Dzi\u0119ki zaawansowanym technologiom oraz zastosowaniu materia\u0142\u00f3w takich jak Cordura, Ripstop i mikrofibra, zapewniaj\u0105 doskona\u0142\u0105 wytrzyma\u0142o\u015b\u0107 oraz komfort podczas d\u0142ugich tras. Buty\u00a0Rebelhorn DEFENDER\u00a0s\u0105 idealnym wyborem dla mi\u0142o\u015bnik\u00f3w turystyki motocyklowej, gwarantuj\u0105c nie tylko bezpiecze\u0144stwo, ale r\u00f3wnie\u017c wygod\u0119 na trasie dzi\u0119ki\u00a0systemowi szybkiego [&hellip;]<\/p>\n","protected":false},"featured_media":6594,"template":"","meta":[],"product_brand":[377],"product_cat":[282,291],"product_tag":[],"class_list":{"0":"post-6579","1":"product","2":"type-product","3":"status-publish","4":"has-post-thumbnail","6":"product_brand-rebelhorn","7":"product_cat-buty-meska","8":"product_cat-buty-turystyczne-meska","9":"pa_rozmiar-buty-382","10":"pa_rozmiar-buty-352","11":"pa_rozmiar-buty-353","12":"pa_rozmiar-buty-354","13":"pa_rozmiar-buty-355","14":"pa_rozmiar-buty-356","15":"pa_rozmiar-buty-321","16":"pa_rozmiar-buty-322","17":"pa_rozmiar-buty-323","18":"pa_rozmiar-buty-324","19":"pa_rozmiar-buty-325","20":"pa_rozmiar-buty-326","21":"pa_rozmiar-buty-327","22":"pa_rozmiar-buty-328","24":"first","25":"instock","26":"taxable","27":"shipping-taxable","28":"purchasable","29":"product-type-variable"},"yoast_head":"<!-- This site is optimized with the Yoast SEO plugin v26.9 - https:\/\/yoast.com\/product\/yoast-seo-wordpress\/ -->\n<title>Buty motocyklowe Rebelhorn Defender Black - MOTO-PAWMAR<\/title>\n<meta name=\"robots\" content=\"index, follow, max-snippet:-1, max-image-preview:large, max-video-preview:-1\" \/>\n<link rel=\"canonical\" href=\"https:\/\/moto-pawmar.pl\/?product=buty-motocyklowe-rebelhorn-defender-black\" \/>\n<meta property=\"og:locale\" content=\"pl_PL\" \/>\n<meta property=\"og:type\" content=\"article\" \/>\n<meta property=\"og:title\" content=\"Buty motocyklowe Rebelhorn Defender Black - MOTO-PAWMAR\" \/>\n<meta property=\"og:description\" content=\"Buty motocyklowe Rebelhorn DEFENDER\u00a0to wszechstronne buty turystyczne, kt\u00f3re \u0142\u0105cz\u0105 w sobie cechy but\u00f3w motocyklowych i outdorowych. Dzi\u0119ki zaawansowanym technologiom oraz zastosowaniu materia\u0142\u00f3w takich jak Cordura, Ripstop i mikrofibra, zapewniaj\u0105 doskona\u0142\u0105 wytrzyma\u0142o\u015b\u0107 oraz komfort podczas d\u0142ugich tras. Buty\u00a0Rebelhorn DEFENDER\u00a0s\u0105 idealnym wyborem dla mi\u0142o\u015bnik\u00f3w turystyki motocyklowej, gwarantuj\u0105c nie tylko bezpiecze\u0144stwo, ale r\u00f3wnie\u017c wygod\u0119 na trasie dzi\u0119ki\u00a0systemowi szybkiego [&hellip;]\" \/>\n<meta property=\"og:url\" content=\"https:\/\/moto-pawmar.pl\/?product=buty-motocyklowe-rebelhorn-defender-black\" \/>\n<meta property=\"og:site_name\" content=\"MOTO-PAWMAR\" \/>\n<meta property=\"article:publisher\" content=\"https:\/\/www.facebook.com\/motopawmar\/?locale=pl_PL\" \/>\n<meta property=\"article:modified_time\" content=\"2025-12-12T12:17:58+00:00\" \/>\n<meta property=\"og:image\" content=\"https:\/\/moto-pawmar.pl\/wp-content\/uploads\/2025\/12\/323865_ZAL807434.jpg\" \/>\n\t<meta property=\"og:image:width\" content=\"800\" \/>\n\t<meta property=\"og:image:height\" content=\"800\" \/>\n\t<meta property=\"og:image:type\" content=\"image\/jpeg\" \/>\n<meta name=\"twitter:card\" content=\"summary_large_image\" \/>\n<meta name=\"twitter:label1\" content=\"Szacowany czas czytania\" \/>\n\t<meta name=\"twitter:data1\" content=\"2 minuty\" \/>\n<script type=\"application\/ld+json\" class=\"yoast-schema-graph\">{\"@context\":\"https:\/\/schema.org\",\"@graph\":[{\"@type\":\"WebPage\",\"@id\":\"https:\/\/moto-pawmar.pl\/?product=buty-motocyklowe-rebelhorn-defender-black\",\"url\":\"https:\/\/moto-pawmar.pl\/?product=buty-motocyklowe-rebelhorn-defender-black\",\"name\":\"Buty motocyklowe Rebelhorn Defender Black - MOTO-PAWMAR\",\"isPartOf\":{\"@id\":\"https:\/\/moto-pawmar.pl\/#website\"},\"primaryImageOfPage\":{\"@id\":\"https:\/\/moto-pawmar.pl\/?product=buty-motocyklowe-rebelhorn-defender-black#primaryimage\"},\"image\":{\"@id\":\"https:\/\/moto-pawmar.pl\/?product=buty-motocyklowe-rebelhorn-defender-black#primaryimage\"},\"thumbnailUrl\":\"https:\/\/moto-pawmar.pl\/wp-content\/uploads\/2025\/12\/323865_ZAL807434.jpg\",\"datePublished\":\"2025-12-12T12:15:40+00:00\",\"dateModified\":\"2025-12-12T12:17:58+00:00\",\"breadcrumb\":{\"@id\":\"https:\/\/moto-pawmar.pl\/?product=buty-motocyklowe-rebelhorn-defender-black#breadcrumb\"},\"inLanguage\":\"pl-PL\",\"potentialAction\":[{\"@type\":\"ReadAction\",\"target\":[\"https:\/\/moto-pawmar.pl\/?product=buty-motocyklowe-rebelhorn-defender-black\"]}]},{\"@type\":\"ImageObject\",\"inLanguage\":\"pl-PL\",\"@id\":\"https:\/\/moto-pawmar.pl\/?product=buty-motocyklowe-rebelhorn-defender-black#primaryimage\",\"url\":\"https:\/\/moto-pawmar.pl\/wp-content\/uploads\/2025\/12\/323865_ZAL807434.jpg\",\"contentUrl\":\"https:\/\/moto-pawmar.pl\/wp-content\/uploads\/2025\/12\/323865_ZAL807434.jpg\",\"width\":800,\"height\":800},{\"@type\":\"BreadcrumbList\",\"@id\":\"https:\/\/moto-pawmar.pl\/?product=buty-motocyklowe-rebelhorn-defender-black#breadcrumb\",\"itemListElement\":[{\"@type\":\"ListItem\",\"position\":1,\"name\":\"Strona g\u0142\u00f3wna\",\"item\":\"https:\/\/moto-pawmar.pl\/\"},{\"@type\":\"ListItem\",\"position\":2,\"name\":\"Sklep Internetowy\",\"item\":\"https:\/\/moto-pawmar.pl\/?page_id=367\"},{\"@type\":\"ListItem\",\"position\":3,\"name\":\"Buty motocyklowe Rebelhorn Defender Black\"}]},{\"@type\":\"WebSite\",\"@id\":\"https:\/\/moto-pawmar.pl\/#website\",\"url\":\"https:\/\/moto-pawmar.pl\/\",\"name\":\"MOTO-PAWMAR\",\"description\":\"MOTO\u2011PAWMAR \u2013 Tw\u00f3j sklep z cz\u0119\u015bciami i akcesoriami do motocykli, skuter\u00f3w i quad\u00f3w.\",\"publisher\":{\"@id\":\"https:\/\/moto-pawmar.pl\/#organization\"},\"potentialAction\":[{\"@type\":\"SearchAction\",\"target\":{\"@type\":\"EntryPoint\",\"urlTemplate\":\"https:\/\/moto-pawmar.pl\/?s={search_term_string}\"},\"query-input\":{\"@type\":\"PropertyValueSpecification\",\"valueRequired\":true,\"valueName\":\"search_term_string\"}}],\"inLanguage\":\"pl-PL\"},{\"@type\":\"Organization\",\"@id\":\"https:\/\/moto-pawmar.pl\/#organization\",\"name\":\"MOTO-PAWMAR\",\"url\":\"https:\/\/moto-pawmar.pl\/\",\"logo\":{\"@type\":\"ImageObject\",\"inLanguage\":\"pl-PL\",\"@id\":\"https:\/\/moto-pawmar.pl\/#\/schema\/logo\/image\/\",\"url\":\"https:\/\/moto-pawmar.pl\/wp-content\/uploads\/2025\/10\/LOGO-SKLEP.png\",\"contentUrl\":\"https:\/\/moto-pawmar.pl\/wp-content\/uploads\/2025\/10\/LOGO-SKLEP.png\",\"width\":2480,\"height\":2053,\"caption\":\"MOTO-PAWMAR\"},\"image\":{\"@id\":\"https:\/\/moto-pawmar.pl\/#\/schema\/logo\/image\/\"},\"sameAs\":[\"https:\/\/www.facebook.com\/motopawmar\/?locale=pl_PL\"]}]}<\/script>\n<!-- \/ Yoast SEO plugin. -->","yoast_head_json":{"title":"Buty motocyklowe Rebelhorn Defender Black - MOTO-PAWMAR","robots":{"index":"index","follow":"follow","max-snippet":"max-snippet:-1","max-image-preview":"max-image-preview:large","max-video-preview":"max-video-preview:-1"},"canonical":"https:\/\/moto-pawmar.pl\/?product=buty-motocyklowe-rebelhorn-defender-black","og_locale":"pl_PL","og_type":"article","og_title":"Buty motocyklowe Rebelhorn Defender Black - MOTO-PAWMAR","og_description":"Buty motocyklowe Rebelhorn DEFENDER\u00a0to wszechstronne buty turystyczne, kt\u00f3re \u0142\u0105cz\u0105 w sobie cechy but\u00f3w motocyklowych i outdorowych. Dzi\u0119ki zaawansowanym technologiom oraz zastosowaniu materia\u0142\u00f3w takich jak Cordura, Ripstop i mikrofibra, zapewniaj\u0105 doskona\u0142\u0105 wytrzyma\u0142o\u015b\u0107 oraz komfort podczas d\u0142ugich tras. Buty\u00a0Rebelhorn DEFENDER\u00a0s\u0105 idealnym wyborem dla mi\u0142o\u015bnik\u00f3w turystyki motocyklowej, gwarantuj\u0105c nie tylko bezpiecze\u0144stwo, ale r\u00f3wnie\u017c wygod\u0119 na trasie dzi\u0119ki\u00a0systemowi szybkiego [&hellip;]","og_url":"https:\/\/moto-pawmar.pl\/?product=buty-motocyklowe-rebelhorn-defender-black","og_site_name":"MOTO-PAWMAR","article_publisher":"https:\/\/www.facebook.com\/motopawmar\/?locale=pl_PL","article_modified_time":"2025-12-12T12:17:58+00:00","og_image":[{"width":800,"height":800,"url":"https:\/\/moto-pawmar.pl\/wp-content\/uploads\/2025\/12\/323865_ZAL807434.jpg","type":"image\/jpeg"}],"twitter_card":"summary_large_image","twitter_misc":{"Szacowany czas czytania":"2 minuty"},"schema":{"@context":"https:\/\/schema.org","@graph":[{"@type":"WebPage","@id":"https:\/\/moto-pawmar.pl\/?product=buty-motocyklowe-rebelhorn-defender-black","url":"https:\/\/moto-pawmar.pl\/?product=buty-motocyklowe-rebelhorn-defender-black","name":"Buty motocyklowe Rebelhorn Defender Black - MOTO-PAWMAR","isPartOf":{"@id":"https:\/\/moto-pawmar.pl\/#website"},"primaryImageOfPage":{"@id":"https:\/\/moto-pawmar.pl\/?product=buty-motocyklowe-rebelhorn-defender-black#primaryimage"},"image":{"@id":"https:\/\/moto-pawmar.pl\/?product=buty-motocyklowe-rebelhorn-defender-black#primaryimage"},"thumbnailUrl":"https:\/\/moto-pawmar.pl\/wp-content\/uploads\/2025\/12\/323865_ZAL807434.jpg","datePublished":"2025-12-12T12:15:40+00:00","dateModified":"2025-12-12T12:17:58+00:00","breadcrumb":{"@id":"https:\/\/moto-pawmar.pl\/?product=buty-motocyklowe-rebelhorn-defender-black#breadcrumb"},"inLanguage":"pl-PL","potentialAction":[{"@type":"ReadAction","target":["https:\/\/moto-pawmar.pl\/?product=buty-motocyklowe-rebelhorn-defender-black"]}]},{"@type":"ImageObject","inLanguage":"pl-PL","@id":"https:\/\/moto-pawmar.pl\/?product=buty-motocyklowe-rebelhorn-defender-black#primaryimage","url":"https:\/\/moto-pawmar.pl\/wp-content\/uploads\/2025\/12\/323865_ZAL807434.jpg","contentUrl":"https:\/\/moto-pawmar.pl\/wp-content\/uploads\/2025\/12\/323865_ZAL807434.jpg","width":800,"height":800},{"@type":"BreadcrumbList","@id":"https:\/\/moto-pawmar.pl\/?product=buty-motocyklowe-rebelhorn-defender-black#breadcrumb","itemListElement":[{"@type":"ListItem","position":1,"name":"Strona g\u0142\u00f3wna","item":"https:\/\/moto-pawmar.pl\/"},{"@type":"ListItem","position":2,"name":"Sklep Internetowy","item":"https:\/\/moto-pawmar.pl\/?page_id=367"},{"@type":"ListItem","position":3,"name":"Buty motocyklowe Rebelhorn Defender Black"}]},{"@type":"WebSite","@id":"https:\/\/moto-pawmar.pl\/#website","url":"https:\/\/moto-pawmar.pl\/","name":"MOTO-PAWMAR","description":"MOTO\u2011PAWMAR \u2013 Tw\u00f3j sklep z cz\u0119\u015bciami i akcesoriami do motocykli, skuter\u00f3w i quad\u00f3w.","publisher":{"@id":"https:\/\/moto-pawmar.pl\/#organization"},"potentialAction":[{"@type":"SearchAction","target":{"@type":"EntryPoint","urlTemplate":"https:\/\/moto-pawmar.pl\/?s={search_term_string}"},"query-input":{"@type":"PropertyValueSpecification","valueRequired":true,"valueName":"search_term_string"}}],"inLanguage":"pl-PL"},{"@type":"Organization","@id":"https:\/\/moto-pawmar.pl\/#organization","name":"MOTO-PAWMAR","url":"https:\/\/moto-pawmar.pl\/","logo":{"@type":"ImageObject","inLanguage":"pl-PL","@id":"https:\/\/moto-pawmar.pl\/#\/schema\/logo\/image\/","url":"https:\/\/moto-pawmar.pl\/wp-content\/uploads\/2025\/10\/LOGO-SKLEP.png","contentUrl":"https:\/\/moto-pawmar.pl\/wp-content\/uploads\/2025\/10\/LOGO-SKLEP.png","width":2480,"height":2053,"caption":"MOTO-PAWMAR"},"image":{"@id":"https:\/\/moto-pawmar.pl\/#\/schema\/logo\/image\/"},"sameAs":["https:\/\/www.facebook.com\/motopawmar\/?locale=pl_PL"]}]}},"_links":{"self":[{"href":"https:\/\/moto-pawmar.pl\/index.php?rest_route=\/wp\/v2\/product\/6579","targetHints":{"allow":["GET"]}}],"collection":[{"href":"https:\/\/moto-pawmar.pl\/index.php?rest_route=\/wp\/v2\/product"}],"about":[{"href":"https:\/\/moto-pawmar.pl\/index.php?rest_route=\/wp\/v2\/types\/product"}],"wp:featuredmedia":[{"embeddable":true,"href":"https:\/\/moto-pawmar.pl\/index.php?rest_route=\/wp\/v2\/media\/6594"}],"wp:attachment":[{"href":"https:\/\/moto-pawmar.pl\/index.php?rest_route=%2Fwp%2Fv2%2Fmedia&parent=6579"}],"wp:term":[{"taxonomy":"product_brand","embeddable":true,"href":"https:\/\/moto-pawmar.pl\/index.php?rest_route=%2Fwp%2Fv2%2Fproduct_brand&post=6579"},{"taxonomy":"product_cat","embeddable":true,"href":"https:\/\/moto-pawmar.pl\/index.php?rest_route=%2Fwp%2Fv2%2Fproduct_cat&post=6579"},{"taxonomy":"product_tag","embeddable":true,"href":"https:\/\/moto-pawmar.pl\/index.php?rest_route=%2Fwp%2Fv2%2Fproduct_tag&post=6579"}],"curies":[{"name":"wp","href":"https:\/\/api.w.org\/{rel}","templated":true}]}}