{"id":6074,"date":"2025-12-09T12:18:55","date_gmt":"2025-12-09T11:18:55","guid":{"rendered":"https:\/\/moto-pawmar.pl\/?post_type=product&#038;p=6074"},"modified":"2025-12-09T12:19:54","modified_gmt":"2025-12-09T11:19:54","slug":"kurtka-motocyklowa-tekstylna-rebelhorn-scandal-3-lady-black-grey-red","status":"publish","type":"product","link":"https:\/\/moto-pawmar.pl\/?product=kurtka-motocyklowa-tekstylna-rebelhorn-scandal-3-lady-black-grey-red","title":{"rendered":"Kurtka motocyklowa tekstylna Rebelhorn Scandal 3 LADY Black Grey Red"},"content":{"rendered":"<p><strong>Rebelhorn Scandal 3.0 Women<\/strong>\u00a0\u2013 Letnia, tekstylna kurtka motocyklowa zaprojektowana specjalnie z my\u015bl\u0105 o kobiecej sylwetce. Rebelhorn Scandal 3.0 Women to po\u0142\u0105czenie dopasowanego fasonu, certyfikowanego bezpiecze\u0144stwa i maksymalnej przewiewno\u015bci dzi\u0119ki materia\u0142owi Steel Mesh. Spe\u0142nia rygorystyczn\u0105 norm\u0119 ochrony klasy AA i zosta\u0142a wyposa\u017cona w certyfikowane ochraniacze poziomu 2 na \u0142okciach i barkach. Stylowy wygl\u0105d w klimacie outdoor i ergonomiczne detale sprawiaj\u0105, \u017ce to idealny wyb\u00f3r na ciep\u0142e dni \u2013 zar\u00f3wno w mie\u015bcie, jak i na trasie.<\/p>\n<p>&nbsp;<\/p>\n<p><strong>Dlaczego warto?<\/strong><\/p>\n<p>&#8211;\u00a0<strong>Stworzona z my\u015bl\u0105 o kobietach<\/strong>\u00a0\u2013 idealne dopasowanie i kobiecy kr\u00f3j.<\/p>\n<p>&#8211; Materia\u0142 Steel Mesh \u2013 przewiewno\u015b\u0107 w najgor\u0119tsze dni.<\/p>\n<p>&#8211;\u00a0<strong>Ochraniacze \u0142okci i bark\u00f3w w zestawie<\/strong>\u00a0\u2013 poziom ochrony level 2.<\/p>\n<p>&#8211; Regulacja w czterech strefach \u2013 pe\u0142na kontrola nad dopasowaniem.<\/p>\n<p>&#8211; Styl outdoorowy \u2013 wyr\u00f3\u017cni Ci\u0119 w mie\u015bcie i podczas podr\u00f3\u017cy.<\/p>\n<p><strong>Warstwy i materia\u0142y<\/strong><\/p>\n<p><em>Warstwa zewn\u0119trzna:<\/em>\u00a0Steel Mesh \u2013 70%, Poliester Ripstop \u2013 10%, Mechanical Poliester \u2013 20%<\/p>\n<p><em>Podszewka:<\/em>\u00a0100% Poliester<\/p>\n<p><strong>Bezpiecze\u0144stwo<\/strong><\/p>\n<p>&#8211; Ochraniacze \u0142okci KEEP TECH RHOMB-212\/A LEVEL 2<\/p>\n<p>&#8211; Ochraniacze bark\u00f3w KEEP TECH RHOMB-211\/A LEVEL 2<\/p>\n<p>&#8211; Przygotowana pod ochraniacz plec\u00f3w REZRO MK1-BPM2 SIZE M LEVEL 2 (brak w zestawie).<\/p>\n<p>&#8211; Wzmocnione szwy konstrukcyjne SSS \u2013 Structural Strong Seams.<\/p>\n<p>&#8211; Certyfikowana zgodnie z EN 17092-3:2020 \u2013\u00a0<strong>poziom ochrony AA.<\/strong><\/p>\n<p><strong>Wentylacja<\/strong><\/p>\n<p>Du\u017ce panele wentylacyjne z materia\u0142u Steel Mesh \u2013 zapewniaj\u0105 skuteczn\u0105 cyrkulacj\u0119 powietrza.<\/p>\n<p><strong>Dopasowanie i ergonomia<\/strong><\/p>\n<p>&#8211; Regular fit \u2013 klasyczny kr\u00f3j z uwzgl\u0119dnieniem kszta\u0142tu kobiecej sylwetki.<\/p>\n<p>&#8211; Regulacja dopasowania: biceps (paski), mankiety, przedramiona (paski), talia (dla lepszego dopasowania ochraniacza plec\u00f3w).<\/p>\n<p>&#8211; Kr\u00f3tki zamek \u0142\u0105cz\u0105cy 8VST \u2013 20 cm.<\/p>\n<p><strong>Dodatki i funkcjonalno\u015bci<\/strong><\/p>\n<p>&#8211; Kiesze\u0144 wewn\u0119trzna.<\/p>\n<p>&#8211; Elementy odblaskowe zwi\u0119kszaj\u0105ce widoczno\u015b\u0107.<\/p>\n<p><strong>Dla kogo jest Scandal 3.0 Women?<\/strong><\/p>\n<p>Dla motocyklistek, kt\u00f3re chc\u0105 czu\u0107 si\u0119 bezpiecznie i wygl\u0105da\u0107 kobieco nawet podczas najgor\u0119tszych dni. Rebelhorn Scandal 3.0 Women to kurtka, kt\u00f3ra idealnie podkre\u015bla sylwetk\u0119, oferuje \u015bwietn\u0105 wentylacj\u0119 i chroni, dzi\u0119ki rozwi\u0105zaniom bezpiecze\u0144stwa na wysokim poziomie. Jest doskona\u0142a na lato \u2013 zar\u00f3wno do jazdy po mie\u015bcie, jak i po gor\u0105cych regionach \u015bwiata.<\/p>\n","protected":false},"excerpt":{"rendered":"<p>Rebelhorn Scandal 3.0 Women\u00a0\u2013 Letnia, tekstylna kurtka motocyklowa zaprojektowana specjalnie z my\u015bl\u0105 o kobiecej sylwetce. Rebelhorn Scandal 3.0 Women to po\u0142\u0105czenie dopasowanego fasonu, certyfikowanego bezpiecze\u0144stwa i maksymalnej przewiewno\u015bci dzi\u0119ki materia\u0142owi Steel Mesh. Spe\u0142nia rygorystyczn\u0105 norm\u0119 ochrony klasy AA i zosta\u0142a wyposa\u017cona w certyfikowane ochraniacze poziomu 2 na \u0142okciach i barkach. Stylowy wygl\u0105d w klimacie outdoor [&hellip;]<\/p>\n","protected":false},"featured_media":6086,"template":"","meta":[],"product_brand":[377],"product_cat":[278,337],"product_tag":[],"class_list":{"0":"post-6074","1":"product","2":"type-product","3":"status-publish","4":"has-post-thumbnail","6":"product_brand-rebelhorn","7":"product_cat-kurtki-meska","8":"product_cat-miejskie","10":"first","11":"instock","12":"taxable","13":"shipping-taxable","14":"purchasable","15":"product-type-variable"},"yoast_head":"<!-- This site is optimized with the Yoast SEO plugin v26.9 - https:\/\/yoast.com\/product\/yoast-seo-wordpress\/ -->\n<title>Kurtka motocyklowa tekstylna Rebelhorn Scandal 3 LADY Black Grey Red - MOTO-PAWMAR<\/title>\n<meta name=\"robots\" content=\"index, follow, max-snippet:-1, max-image-preview:large, max-video-preview:-1\" \/>\n<link rel=\"canonical\" href=\"https:\/\/moto-pawmar.pl\/?product=kurtka-motocyklowa-tekstylna-rebelhorn-scandal-3-lady-black-grey-red\" \/>\n<meta property=\"og:locale\" content=\"pl_PL\" \/>\n<meta property=\"og:type\" content=\"article\" \/>\n<meta property=\"og:title\" content=\"Kurtka motocyklowa tekstylna Rebelhorn Scandal 3 LADY Black Grey Red - MOTO-PAWMAR\" \/>\n<meta property=\"og:description\" content=\"Rebelhorn Scandal 3.0 Women\u00a0\u2013 Letnia, tekstylna kurtka motocyklowa zaprojektowana specjalnie z my\u015bl\u0105 o kobiecej sylwetce. Rebelhorn Scandal 3.0 Women to po\u0142\u0105czenie dopasowanego fasonu, certyfikowanego bezpiecze\u0144stwa i maksymalnej przewiewno\u015bci dzi\u0119ki materia\u0142owi Steel Mesh. Spe\u0142nia rygorystyczn\u0105 norm\u0119 ochrony klasy AA i zosta\u0142a wyposa\u017cona w certyfikowane ochraniacze poziomu 2 na \u0142okciach i barkach. Stylowy wygl\u0105d w klimacie outdoor [&hellip;]\" \/>\n<meta property=\"og:url\" content=\"https:\/\/moto-pawmar.pl\/?product=kurtka-motocyklowa-tekstylna-rebelhorn-scandal-3-lady-black-grey-red\" \/>\n<meta property=\"og:site_name\" content=\"MOTO-PAWMAR\" \/>\n<meta property=\"article:publisher\" content=\"https:\/\/www.facebook.com\/motopawmar\/?locale=pl_PL\" \/>\n<meta property=\"article:modified_time\" content=\"2025-12-09T11:19:54+00:00\" \/>\n<meta property=\"og:image\" content=\"https:\/\/moto-pawmar.pl\/wp-content\/uploads\/2025\/12\/348584_ZAL844632.jpg\" \/>\n\t<meta property=\"og:image:width\" content=\"800\" \/>\n\t<meta property=\"og:image:height\" content=\"800\" \/>\n\t<meta property=\"og:image:type\" content=\"image\/jpeg\" \/>\n<meta name=\"twitter:card\" content=\"summary_large_image\" \/>\n<meta name=\"twitter:label1\" content=\"Szacowany czas czytania\" \/>\n\t<meta name=\"twitter:data1\" content=\"2 minuty\" \/>\n<script type=\"application\/ld+json\" class=\"yoast-schema-graph\">{\"@context\":\"https:\/\/schema.org\",\"@graph\":[{\"@type\":\"WebPage\",\"@id\":\"https:\/\/moto-pawmar.pl\/?product=kurtka-motocyklowa-tekstylna-rebelhorn-scandal-3-lady-black-grey-red\",\"url\":\"https:\/\/moto-pawmar.pl\/?product=kurtka-motocyklowa-tekstylna-rebelhorn-scandal-3-lady-black-grey-red\",\"name\":\"Kurtka motocyklowa tekstylna Rebelhorn Scandal 3 LADY Black Grey Red - MOTO-PAWMAR\",\"isPartOf\":{\"@id\":\"https:\/\/moto-pawmar.pl\/#website\"},\"primaryImageOfPage\":{\"@id\":\"https:\/\/moto-pawmar.pl\/?product=kurtka-motocyklowa-tekstylna-rebelhorn-scandal-3-lady-black-grey-red#primaryimage\"},\"image\":{\"@id\":\"https:\/\/moto-pawmar.pl\/?product=kurtka-motocyklowa-tekstylna-rebelhorn-scandal-3-lady-black-grey-red#primaryimage\"},\"thumbnailUrl\":\"https:\/\/moto-pawmar.pl\/wp-content\/uploads\/2025\/12\/348584_ZAL844632.jpg\",\"datePublished\":\"2025-12-09T11:18:55+00:00\",\"dateModified\":\"2025-12-09T11:19:54+00:00\",\"breadcrumb\":{\"@id\":\"https:\/\/moto-pawmar.pl\/?product=kurtka-motocyklowa-tekstylna-rebelhorn-scandal-3-lady-black-grey-red#breadcrumb\"},\"inLanguage\":\"pl-PL\",\"potentialAction\":[{\"@type\":\"ReadAction\",\"target\":[\"https:\/\/moto-pawmar.pl\/?product=kurtka-motocyklowa-tekstylna-rebelhorn-scandal-3-lady-black-grey-red\"]}]},{\"@type\":\"ImageObject\",\"inLanguage\":\"pl-PL\",\"@id\":\"https:\/\/moto-pawmar.pl\/?product=kurtka-motocyklowa-tekstylna-rebelhorn-scandal-3-lady-black-grey-red#primaryimage\",\"url\":\"https:\/\/moto-pawmar.pl\/wp-content\/uploads\/2025\/12\/348584_ZAL844632.jpg\",\"contentUrl\":\"https:\/\/moto-pawmar.pl\/wp-content\/uploads\/2025\/12\/348584_ZAL844632.jpg\",\"width\":800,\"height\":800},{\"@type\":\"BreadcrumbList\",\"@id\":\"https:\/\/moto-pawmar.pl\/?product=kurtka-motocyklowa-tekstylna-rebelhorn-scandal-3-lady-black-grey-red#breadcrumb\",\"itemListElement\":[{\"@type\":\"ListItem\",\"position\":1,\"name\":\"Strona g\u0142\u00f3wna\",\"item\":\"https:\/\/moto-pawmar.pl\/\"},{\"@type\":\"ListItem\",\"position\":2,\"name\":\"Sklep Internetowy\",\"item\":\"https:\/\/moto-pawmar.pl\/?page_id=367\"},{\"@type\":\"ListItem\",\"position\":3,\"name\":\"Kurtka motocyklowa tekstylna Rebelhorn Scandal 3 LADY Black Grey Red\"}]},{\"@type\":\"WebSite\",\"@id\":\"https:\/\/moto-pawmar.pl\/#website\",\"url\":\"https:\/\/moto-pawmar.pl\/\",\"name\":\"MOTO-PAWMAR\",\"description\":\"MOTO\u2011PAWMAR \u2013 Tw\u00f3j sklep z cz\u0119\u015bciami i akcesoriami do motocykli, skuter\u00f3w i quad\u00f3w.\",\"publisher\":{\"@id\":\"https:\/\/moto-pawmar.pl\/#organization\"},\"potentialAction\":[{\"@type\":\"SearchAction\",\"target\":{\"@type\":\"EntryPoint\",\"urlTemplate\":\"https:\/\/moto-pawmar.pl\/?s={search_term_string}\"},\"query-input\":{\"@type\":\"PropertyValueSpecification\",\"valueRequired\":true,\"valueName\":\"search_term_string\"}}],\"inLanguage\":\"pl-PL\"},{\"@type\":\"Organization\",\"@id\":\"https:\/\/moto-pawmar.pl\/#organization\",\"name\":\"MOTO-PAWMAR\",\"url\":\"https:\/\/moto-pawmar.pl\/\",\"logo\":{\"@type\":\"ImageObject\",\"inLanguage\":\"pl-PL\",\"@id\":\"https:\/\/moto-pawmar.pl\/#\/schema\/logo\/image\/\",\"url\":\"https:\/\/moto-pawmar.pl\/wp-content\/uploads\/2025\/10\/LOGO-SKLEP.png\",\"contentUrl\":\"https:\/\/moto-pawmar.pl\/wp-content\/uploads\/2025\/10\/LOGO-SKLEP.png\",\"width\":2480,\"height\":2053,\"caption\":\"MOTO-PAWMAR\"},\"image\":{\"@id\":\"https:\/\/moto-pawmar.pl\/#\/schema\/logo\/image\/\"},\"sameAs\":[\"https:\/\/www.facebook.com\/motopawmar\/?locale=pl_PL\"]}]}<\/script>\n<!-- \/ Yoast SEO plugin. -->","yoast_head_json":{"title":"Kurtka motocyklowa tekstylna Rebelhorn Scandal 3 LADY Black Grey Red - MOTO-PAWMAR","robots":{"index":"index","follow":"follow","max-snippet":"max-snippet:-1","max-image-preview":"max-image-preview:large","max-video-preview":"max-video-preview:-1"},"canonical":"https:\/\/moto-pawmar.pl\/?product=kurtka-motocyklowa-tekstylna-rebelhorn-scandal-3-lady-black-grey-red","og_locale":"pl_PL","og_type":"article","og_title":"Kurtka motocyklowa tekstylna Rebelhorn Scandal 3 LADY Black Grey Red - MOTO-PAWMAR","og_description":"Rebelhorn Scandal 3.0 Women\u00a0\u2013 Letnia, tekstylna kurtka motocyklowa zaprojektowana specjalnie z my\u015bl\u0105 o kobiecej sylwetce. Rebelhorn Scandal 3.0 Women to po\u0142\u0105czenie dopasowanego fasonu, certyfikowanego bezpiecze\u0144stwa i maksymalnej przewiewno\u015bci dzi\u0119ki materia\u0142owi Steel Mesh. Spe\u0142nia rygorystyczn\u0105 norm\u0119 ochrony klasy AA i zosta\u0142a wyposa\u017cona w certyfikowane ochraniacze poziomu 2 na \u0142okciach i barkach. Stylowy wygl\u0105d w klimacie outdoor [&hellip;]","og_url":"https:\/\/moto-pawmar.pl\/?product=kurtka-motocyklowa-tekstylna-rebelhorn-scandal-3-lady-black-grey-red","og_site_name":"MOTO-PAWMAR","article_publisher":"https:\/\/www.facebook.com\/motopawmar\/?locale=pl_PL","article_modified_time":"2025-12-09T11:19:54+00:00","og_image":[{"width":800,"height":800,"url":"https:\/\/moto-pawmar.pl\/wp-content\/uploads\/2025\/12\/348584_ZAL844632.jpg","type":"image\/jpeg"}],"twitter_card":"summary_large_image","twitter_misc":{"Szacowany czas czytania":"2 minuty"},"schema":{"@context":"https:\/\/schema.org","@graph":[{"@type":"WebPage","@id":"https:\/\/moto-pawmar.pl\/?product=kurtka-motocyklowa-tekstylna-rebelhorn-scandal-3-lady-black-grey-red","url":"https:\/\/moto-pawmar.pl\/?product=kurtka-motocyklowa-tekstylna-rebelhorn-scandal-3-lady-black-grey-red","name":"Kurtka motocyklowa tekstylna Rebelhorn Scandal 3 LADY Black Grey Red - MOTO-PAWMAR","isPartOf":{"@id":"https:\/\/moto-pawmar.pl\/#website"},"primaryImageOfPage":{"@id":"https:\/\/moto-pawmar.pl\/?product=kurtka-motocyklowa-tekstylna-rebelhorn-scandal-3-lady-black-grey-red#primaryimage"},"image":{"@id":"https:\/\/moto-pawmar.pl\/?product=kurtka-motocyklowa-tekstylna-rebelhorn-scandal-3-lady-black-grey-red#primaryimage"},"thumbnailUrl":"https:\/\/moto-pawmar.pl\/wp-content\/uploads\/2025\/12\/348584_ZAL844632.jpg","datePublished":"2025-12-09T11:18:55+00:00","dateModified":"2025-12-09T11:19:54+00:00","breadcrumb":{"@id":"https:\/\/moto-pawmar.pl\/?product=kurtka-motocyklowa-tekstylna-rebelhorn-scandal-3-lady-black-grey-red#breadcrumb"},"inLanguage":"pl-PL","potentialAction":[{"@type":"ReadAction","target":["https:\/\/moto-pawmar.pl\/?product=kurtka-motocyklowa-tekstylna-rebelhorn-scandal-3-lady-black-grey-red"]}]},{"@type":"ImageObject","inLanguage":"pl-PL","@id":"https:\/\/moto-pawmar.pl\/?product=kurtka-motocyklowa-tekstylna-rebelhorn-scandal-3-lady-black-grey-red#primaryimage","url":"https:\/\/moto-pawmar.pl\/wp-content\/uploads\/2025\/12\/348584_ZAL844632.jpg","contentUrl":"https:\/\/moto-pawmar.pl\/wp-content\/uploads\/2025\/12\/348584_ZAL844632.jpg","width":800,"height":800},{"@type":"BreadcrumbList","@id":"https:\/\/moto-pawmar.pl\/?product=kurtka-motocyklowa-tekstylna-rebelhorn-scandal-3-lady-black-grey-red#breadcrumb","itemListElement":[{"@type":"ListItem","position":1,"name":"Strona g\u0142\u00f3wna","item":"https:\/\/moto-pawmar.pl\/"},{"@type":"ListItem","position":2,"name":"Sklep Internetowy","item":"https:\/\/moto-pawmar.pl\/?page_id=367"},{"@type":"ListItem","position":3,"name":"Kurtka motocyklowa tekstylna Rebelhorn Scandal 3 LADY Black Grey Red"}]},{"@type":"WebSite","@id":"https:\/\/moto-pawmar.pl\/#website","url":"https:\/\/moto-pawmar.pl\/","name":"MOTO-PAWMAR","description":"MOTO\u2011PAWMAR \u2013 Tw\u00f3j sklep z cz\u0119\u015bciami i akcesoriami do motocykli, skuter\u00f3w i quad\u00f3w.","publisher":{"@id":"https:\/\/moto-pawmar.pl\/#organization"},"potentialAction":[{"@type":"SearchAction","target":{"@type":"EntryPoint","urlTemplate":"https:\/\/moto-pawmar.pl\/?s={search_term_string}"},"query-input":{"@type":"PropertyValueSpecification","valueRequired":true,"valueName":"search_term_string"}}],"inLanguage":"pl-PL"},{"@type":"Organization","@id":"https:\/\/moto-pawmar.pl\/#organization","name":"MOTO-PAWMAR","url":"https:\/\/moto-pawmar.pl\/","logo":{"@type":"ImageObject","inLanguage":"pl-PL","@id":"https:\/\/moto-pawmar.pl\/#\/schema\/logo\/image\/","url":"https:\/\/moto-pawmar.pl\/wp-content\/uploads\/2025\/10\/LOGO-SKLEP.png","contentUrl":"https:\/\/moto-pawmar.pl\/wp-content\/uploads\/2025\/10\/LOGO-SKLEP.png","width":2480,"height":2053,"caption":"MOTO-PAWMAR"},"image":{"@id":"https:\/\/moto-pawmar.pl\/#\/schema\/logo\/image\/"},"sameAs":["https:\/\/www.facebook.com\/motopawmar\/?locale=pl_PL"]}]}},"_links":{"self":[{"href":"https:\/\/moto-pawmar.pl\/index.php?rest_route=\/wp\/v2\/product\/6074","targetHints":{"allow":["GET"]}}],"collection":[{"href":"https:\/\/moto-pawmar.pl\/index.php?rest_route=\/wp\/v2\/product"}],"about":[{"href":"https:\/\/moto-pawmar.pl\/index.php?rest_route=\/wp\/v2\/types\/product"}],"wp:featuredmedia":[{"embeddable":true,"href":"https:\/\/moto-pawmar.pl\/index.php?rest_route=\/wp\/v2\/media\/6086"}],"wp:attachment":[{"href":"https:\/\/moto-pawmar.pl\/index.php?rest_route=%2Fwp%2Fv2%2Fmedia&parent=6074"}],"wp:term":[{"taxonomy":"product_brand","embeddable":true,"href":"https:\/\/moto-pawmar.pl\/index.php?rest_route=%2Fwp%2Fv2%2Fproduct_brand&post=6074"},{"taxonomy":"product_cat","embeddable":true,"href":"https:\/\/moto-pawmar.pl\/index.php?rest_route=%2Fwp%2Fv2%2Fproduct_cat&post=6074"},{"taxonomy":"product_tag","embeddable":true,"href":"https:\/\/moto-pawmar.pl\/index.php?rest_route=%2Fwp%2Fv2%2Fproduct_tag&post=6074"}],"curies":[{"name":"wp","href":"https:\/\/api.w.org\/{rel}","templated":true}]}}