{"id":5443,"date":"2025-11-27T14:28:51","date_gmt":"2025-11-27T13:28:51","guid":{"rendered":"https:\/\/moto-pawmar.pl\/?post_type=product&#038;p=5443"},"modified":"2025-11-27T14:33:06","modified_gmt":"2025-11-27T13:33:06","slug":"kurtka-motocyklowa-tekstylna-rebelhorn-echo-black","status":"publish","type":"product","link":"https:\/\/moto-pawmar.pl\/?product=kurtka-motocyklowa-tekstylna-rebelhorn-echo-black","title":{"rendered":"Kurtka motocyklowa tekstylna Rebelhorn Echo Black"},"content":{"rendered":"<p><strong>Tekstylna kurtka motocyklowa Rebelhorn Echo<\/strong>\u00a0to nowoczesny, dwuwarstwowy model idealny dla motocyklist\u00f3w poszukuj\u0105cych komfortu, stylu i bezpiecze\u0144stwa na miejskich trasach. Wykonana z wytrzyma\u0142ego poliestru 450D i przewiewnego materia\u0142u typu steel mesh, Rebelhorn Echo zapewnia optymalny przep\u0142yw powietrza oraz ochron\u0119 przed warunkami atmosferycznymi dzi\u0119ki wypinanej membranie wodoodpornej DryRide\u2122. Zestaw ochraniaczy na \u0142okciach i barkach oraz certyfikacja na poziomie A, gwarantuj\u0105 odpowiedni\u0105 ochron\u0119 u\u017cytkownika.<\/p>\n<p>&nbsp;<\/p>\n<p><strong>Przeznaczenie:<\/strong>\u00a0STREET<\/p>\n<p><strong>Dopasowanie:<\/strong>\u00a0Regular<\/p>\n<p><strong>Liczba warstw:<\/strong>\u00a02<\/p>\n<p><strong>Warstwy:<\/strong><\/p>\n<p>Kurtka Rebelhorn Echo sk\u0142ada si\u0119 z dw\u00f3ch warstw, kt\u00f3re zapewniaj\u0105 przewiewno\u015b\u0107 i ochron\u0119 w r\u00f3\u017cnych warunkach pogodowych.<\/p>\n<ul>\n<li>Warstwa zewn\u0119trzna: Poliester 450D, Steel Mesh<\/li>\n<li>Podszewka: 100% Poliester Mesh<\/li>\n<li>Membrana wodoodporna DryRide\u2122: Wypinana, idealna na deszczowe dni<\/li>\n<\/ul>\n<p><strong>Ochraniacze\/Bezpiecze\u0144stwo:<\/strong><\/p>\n<p>Kurtka Rebelhorn Echo wyposa\u017cona w ochraniacze poziomu 1 na \u0142okciach i barkach, oraz spe\u0142nia wymogi bezpiecze\u0144stwa CE LEVEL A. Kurtka posiada kiesze\u0144 na ochraniacz plec\u00f3w Armanox, co pozwala zwi\u0119kszy\u0107 poziom ochrony.<\/p>\n<ul>\n<li><strong>\u0141okcie:<\/strong>\u00a0KT-667 E+K TYPE A LEVEL 1 \u2013 regulacja pozycji<\/li>\n<li><strong>Barki:<\/strong>\u00a0KT-665 S TYPE A LEVEL 1<\/li>\n<li><strong>Plecy:<\/strong>\u00a0Kiesze\u0144 na ochraniacz Armanox 203 size L Level 2<\/li>\n<li><strong>CE LEVEL A<\/strong><\/li>\n<\/ul>\n<p><strong>Dopasowanie:<\/strong><\/p>\n<p>Kurtka posiada liczne opcje regulacji, kt\u00f3re umo\u017cliwiaj\u0105 dopasowanie do sylwetki i poprawiaj\u0105 ergonomi\u0119 podczas jazdy.<\/p>\n<ul>\n<li><strong>Regulacja obwodu ramion, mankietu oraz bioder<\/strong><\/li>\n<li><strong>Regulacja pozycji ochraniaczy \u0142okci<\/strong><\/li>\n<\/ul>\n<p><strong>Wentylacja:<\/strong><\/p>\n<p>Wentylacja umieszczona z przodu, z ty\u0142u oraz na wewn\u0119trznej cz\u0119\u015bci r\u0119kaw\u00f3w gwarantuje odpowiedni przep\u0142yw powietrza i komfort termiczny podczas cieplejszych dni.<\/p>\n<ul>\n<li><strong>Panele meshowe na przodzie, tyle oraz na r\u0119kawach<\/strong><\/li>\n<\/ul>\n<p><strong>Komfort + Dodatkowe cechy:<\/strong><\/p>\n<p>Kurtka zosta\u0142a wyposa\u017cona w meshow\u0105 podszewk\u0119 4-way stretch oraz wypinan\u0105 membran\u0119 wodoodporn\u0105, co zwi\u0119ksza jej funkcjonalno\u015b\u0107 i komfort w zr\u00f3\u017cnicowanych warunkach pogodowych. Mi\u0119kkie wyko\u0144czenie ko\u0142nierza neoprenem oraz elementy odblaskowe reflective podnosz\u0105 komfort i widoczno\u015b\u0107 na drodze.<\/p>\n<ul>\n<li><strong>Podszewka 4-way stretch z materia\u0142u mesh<\/strong><\/li>\n<li><strong>Mi\u0119kkie wyko\u0144czenie ko\u0142nierza neoprenem<\/strong><\/li>\n<li><strong>Elementy odblaskowe reflective<\/strong><\/li>\n<li><strong>Kr\u00f3tki zamek \u0142\u0105cz\u0105cy YKK 8VST do spodni<\/strong><\/li>\n<li><strong>Wypinana wodoodporna membrana DryRide\u2122<\/strong><\/li>\n<\/ul>\n<p><strong>Kieszenie:<\/strong><\/p>\n<ul>\n<li>2 kieszenie zewn\u0119trzne z zamkami YKK\u2122 na przodzie<\/li>\n<li>2 kieszenie wewn\u0119trzne, w tym 1 wodoodporna z zamkiem YKK\u2122<\/li>\n<\/ul>\n","protected":false},"excerpt":{"rendered":"<p>Tekstylna kurtka motocyklowa Rebelhorn Echo\u00a0to nowoczesny, dwuwarstwowy model idealny dla motocyklist\u00f3w poszukuj\u0105cych komfortu, stylu i bezpiecze\u0144stwa na miejskich trasach. Wykonana z wytrzyma\u0142ego poliestru 450D i przewiewnego materia\u0142u typu steel mesh, Rebelhorn Echo zapewnia optymalny przep\u0142yw powietrza oraz ochron\u0119 przed warunkami atmosferycznymi dzi\u0119ki wypinanej membranie wodoodpornej DryRide\u2122. Zestaw ochraniaczy na \u0142okciach i barkach oraz certyfikacja na [&hellip;]<\/p>\n","protected":false},"featured_media":5461,"template":"","meta":[],"product_brand":[377],"product_cat":[278,337],"product_tag":[],"class_list":{"0":"post-5443","1":"product","2":"type-product","3":"status-publish","4":"has-post-thumbnail","6":"product_brand-rebelhorn","7":"product_cat-kurtki-meska","8":"product_cat-miejskie","10":"first","11":"instock","12":"taxable","13":"shipping-taxable","14":"purchasable","15":"product-type-variable"},"yoast_head":"<!-- This site is optimized with the Yoast SEO plugin v26.9 - https:\/\/yoast.com\/product\/yoast-seo-wordpress\/ -->\n<title>Kurtka motocyklowa tekstylna Rebelhorn Echo Black - MOTO-PAWMAR<\/title>\n<meta name=\"robots\" content=\"index, follow, max-snippet:-1, max-image-preview:large, max-video-preview:-1\" \/>\n<link rel=\"canonical\" href=\"https:\/\/moto-pawmar.pl\/?product=kurtka-motocyklowa-tekstylna-rebelhorn-echo-black\" \/>\n<meta property=\"og:locale\" content=\"pl_PL\" \/>\n<meta property=\"og:type\" content=\"article\" \/>\n<meta property=\"og:title\" content=\"Kurtka motocyklowa tekstylna Rebelhorn Echo Black - MOTO-PAWMAR\" \/>\n<meta property=\"og:description\" content=\"Tekstylna kurtka motocyklowa Rebelhorn Echo\u00a0to nowoczesny, dwuwarstwowy model idealny dla motocyklist\u00f3w poszukuj\u0105cych komfortu, stylu i bezpiecze\u0144stwa na miejskich trasach. Wykonana z wytrzyma\u0142ego poliestru 450D i przewiewnego materia\u0142u typu steel mesh, Rebelhorn Echo zapewnia optymalny przep\u0142yw powietrza oraz ochron\u0119 przed warunkami atmosferycznymi dzi\u0119ki wypinanej membranie wodoodpornej DryRide\u2122. Zestaw ochraniaczy na \u0142okciach i barkach oraz certyfikacja na [&hellip;]\" \/>\n<meta property=\"og:url\" content=\"https:\/\/moto-pawmar.pl\/?product=kurtka-motocyklowa-tekstylna-rebelhorn-echo-black\" \/>\n<meta property=\"og:site_name\" content=\"MOTO-PAWMAR\" \/>\n<meta property=\"article:publisher\" content=\"https:\/\/www.facebook.com\/motopawmar\/?locale=pl_PL\" \/>\n<meta property=\"article:modified_time\" content=\"2025-11-27T13:33:06+00:00\" \/>\n<meta property=\"og:image\" content=\"https:\/\/moto-pawmar.pl\/wp-content\/uploads\/2025\/11\/330931_ZAL798891.jpg\" \/>\n\t<meta property=\"og:image:width\" content=\"800\" \/>\n\t<meta property=\"og:image:height\" content=\"800\" \/>\n\t<meta property=\"og:image:type\" content=\"image\/jpeg\" \/>\n<meta name=\"twitter:card\" content=\"summary_large_image\" \/>\n<meta name=\"twitter:label1\" content=\"Szacowany czas czytania\" \/>\n\t<meta name=\"twitter:data1\" content=\"2 minuty\" \/>\n<script type=\"application\/ld+json\" class=\"yoast-schema-graph\">{\"@context\":\"https:\/\/schema.org\",\"@graph\":[{\"@type\":\"WebPage\",\"@id\":\"https:\/\/moto-pawmar.pl\/?product=kurtka-motocyklowa-tekstylna-rebelhorn-echo-black\",\"url\":\"https:\/\/moto-pawmar.pl\/?product=kurtka-motocyklowa-tekstylna-rebelhorn-echo-black\",\"name\":\"Kurtka motocyklowa tekstylna Rebelhorn Echo Black - MOTO-PAWMAR\",\"isPartOf\":{\"@id\":\"https:\/\/moto-pawmar.pl\/#website\"},\"primaryImageOfPage\":{\"@id\":\"https:\/\/moto-pawmar.pl\/?product=kurtka-motocyklowa-tekstylna-rebelhorn-echo-black#primaryimage\"},\"image\":{\"@id\":\"https:\/\/moto-pawmar.pl\/?product=kurtka-motocyklowa-tekstylna-rebelhorn-echo-black#primaryimage\"},\"thumbnailUrl\":\"https:\/\/moto-pawmar.pl\/wp-content\/uploads\/2025\/11\/330931_ZAL798891.jpg\",\"datePublished\":\"2025-11-27T13:28:51+00:00\",\"dateModified\":\"2025-11-27T13:33:06+00:00\",\"breadcrumb\":{\"@id\":\"https:\/\/moto-pawmar.pl\/?product=kurtka-motocyklowa-tekstylna-rebelhorn-echo-black#breadcrumb\"},\"inLanguage\":\"pl-PL\",\"potentialAction\":[{\"@type\":\"ReadAction\",\"target\":[\"https:\/\/moto-pawmar.pl\/?product=kurtka-motocyklowa-tekstylna-rebelhorn-echo-black\"]}]},{\"@type\":\"ImageObject\",\"inLanguage\":\"pl-PL\",\"@id\":\"https:\/\/moto-pawmar.pl\/?product=kurtka-motocyklowa-tekstylna-rebelhorn-echo-black#primaryimage\",\"url\":\"https:\/\/moto-pawmar.pl\/wp-content\/uploads\/2025\/11\/330931_ZAL798891.jpg\",\"contentUrl\":\"https:\/\/moto-pawmar.pl\/wp-content\/uploads\/2025\/11\/330931_ZAL798891.jpg\",\"width\":800,\"height\":800},{\"@type\":\"BreadcrumbList\",\"@id\":\"https:\/\/moto-pawmar.pl\/?product=kurtka-motocyklowa-tekstylna-rebelhorn-echo-black#breadcrumb\",\"itemListElement\":[{\"@type\":\"ListItem\",\"position\":1,\"name\":\"Strona g\u0142\u00f3wna\",\"item\":\"https:\/\/moto-pawmar.pl\/\"},{\"@type\":\"ListItem\",\"position\":2,\"name\":\"Sklep Internetowy\",\"item\":\"https:\/\/moto-pawmar.pl\/?page_id=367\"},{\"@type\":\"ListItem\",\"position\":3,\"name\":\"Kurtka motocyklowa tekstylna Rebelhorn Echo Black\"}]},{\"@type\":\"WebSite\",\"@id\":\"https:\/\/moto-pawmar.pl\/#website\",\"url\":\"https:\/\/moto-pawmar.pl\/\",\"name\":\"MOTO-PAWMAR\",\"description\":\"MOTO\u2011PAWMAR \u2013 Tw\u00f3j sklep z cz\u0119\u015bciami i akcesoriami do motocykli, skuter\u00f3w i quad\u00f3w.\",\"publisher\":{\"@id\":\"https:\/\/moto-pawmar.pl\/#organization\"},\"potentialAction\":[{\"@type\":\"SearchAction\",\"target\":{\"@type\":\"EntryPoint\",\"urlTemplate\":\"https:\/\/moto-pawmar.pl\/?s={search_term_string}\"},\"query-input\":{\"@type\":\"PropertyValueSpecification\",\"valueRequired\":true,\"valueName\":\"search_term_string\"}}],\"inLanguage\":\"pl-PL\"},{\"@type\":\"Organization\",\"@id\":\"https:\/\/moto-pawmar.pl\/#organization\",\"name\":\"MOTO-PAWMAR\",\"url\":\"https:\/\/moto-pawmar.pl\/\",\"logo\":{\"@type\":\"ImageObject\",\"inLanguage\":\"pl-PL\",\"@id\":\"https:\/\/moto-pawmar.pl\/#\/schema\/logo\/image\/\",\"url\":\"https:\/\/moto-pawmar.pl\/wp-content\/uploads\/2025\/10\/LOGO-SKLEP.png\",\"contentUrl\":\"https:\/\/moto-pawmar.pl\/wp-content\/uploads\/2025\/10\/LOGO-SKLEP.png\",\"width\":2480,\"height\":2053,\"caption\":\"MOTO-PAWMAR\"},\"image\":{\"@id\":\"https:\/\/moto-pawmar.pl\/#\/schema\/logo\/image\/\"},\"sameAs\":[\"https:\/\/www.facebook.com\/motopawmar\/?locale=pl_PL\"]}]}<\/script>\n<!-- \/ Yoast SEO plugin. -->","yoast_head_json":{"title":"Kurtka motocyklowa tekstylna Rebelhorn Echo Black - MOTO-PAWMAR","robots":{"index":"index","follow":"follow","max-snippet":"max-snippet:-1","max-image-preview":"max-image-preview:large","max-video-preview":"max-video-preview:-1"},"canonical":"https:\/\/moto-pawmar.pl\/?product=kurtka-motocyklowa-tekstylna-rebelhorn-echo-black","og_locale":"pl_PL","og_type":"article","og_title":"Kurtka motocyklowa tekstylna Rebelhorn Echo Black - MOTO-PAWMAR","og_description":"Tekstylna kurtka motocyklowa Rebelhorn Echo\u00a0to nowoczesny, dwuwarstwowy model idealny dla motocyklist\u00f3w poszukuj\u0105cych komfortu, stylu i bezpiecze\u0144stwa na miejskich trasach. Wykonana z wytrzyma\u0142ego poliestru 450D i przewiewnego materia\u0142u typu steel mesh, Rebelhorn Echo zapewnia optymalny przep\u0142yw powietrza oraz ochron\u0119 przed warunkami atmosferycznymi dzi\u0119ki wypinanej membranie wodoodpornej DryRide\u2122. Zestaw ochraniaczy na \u0142okciach i barkach oraz certyfikacja na [&hellip;]","og_url":"https:\/\/moto-pawmar.pl\/?product=kurtka-motocyklowa-tekstylna-rebelhorn-echo-black","og_site_name":"MOTO-PAWMAR","article_publisher":"https:\/\/www.facebook.com\/motopawmar\/?locale=pl_PL","article_modified_time":"2025-11-27T13:33:06+00:00","og_image":[{"width":800,"height":800,"url":"https:\/\/moto-pawmar.pl\/wp-content\/uploads\/2025\/11\/330931_ZAL798891.jpg","type":"image\/jpeg"}],"twitter_card":"summary_large_image","twitter_misc":{"Szacowany czas czytania":"2 minuty"},"schema":{"@context":"https:\/\/schema.org","@graph":[{"@type":"WebPage","@id":"https:\/\/moto-pawmar.pl\/?product=kurtka-motocyklowa-tekstylna-rebelhorn-echo-black","url":"https:\/\/moto-pawmar.pl\/?product=kurtka-motocyklowa-tekstylna-rebelhorn-echo-black","name":"Kurtka motocyklowa tekstylna Rebelhorn Echo Black - MOTO-PAWMAR","isPartOf":{"@id":"https:\/\/moto-pawmar.pl\/#website"},"primaryImageOfPage":{"@id":"https:\/\/moto-pawmar.pl\/?product=kurtka-motocyklowa-tekstylna-rebelhorn-echo-black#primaryimage"},"image":{"@id":"https:\/\/moto-pawmar.pl\/?product=kurtka-motocyklowa-tekstylna-rebelhorn-echo-black#primaryimage"},"thumbnailUrl":"https:\/\/moto-pawmar.pl\/wp-content\/uploads\/2025\/11\/330931_ZAL798891.jpg","datePublished":"2025-11-27T13:28:51+00:00","dateModified":"2025-11-27T13:33:06+00:00","breadcrumb":{"@id":"https:\/\/moto-pawmar.pl\/?product=kurtka-motocyklowa-tekstylna-rebelhorn-echo-black#breadcrumb"},"inLanguage":"pl-PL","potentialAction":[{"@type":"ReadAction","target":["https:\/\/moto-pawmar.pl\/?product=kurtka-motocyklowa-tekstylna-rebelhorn-echo-black"]}]},{"@type":"ImageObject","inLanguage":"pl-PL","@id":"https:\/\/moto-pawmar.pl\/?product=kurtka-motocyklowa-tekstylna-rebelhorn-echo-black#primaryimage","url":"https:\/\/moto-pawmar.pl\/wp-content\/uploads\/2025\/11\/330931_ZAL798891.jpg","contentUrl":"https:\/\/moto-pawmar.pl\/wp-content\/uploads\/2025\/11\/330931_ZAL798891.jpg","width":800,"height":800},{"@type":"BreadcrumbList","@id":"https:\/\/moto-pawmar.pl\/?product=kurtka-motocyklowa-tekstylna-rebelhorn-echo-black#breadcrumb","itemListElement":[{"@type":"ListItem","position":1,"name":"Strona g\u0142\u00f3wna","item":"https:\/\/moto-pawmar.pl\/"},{"@type":"ListItem","position":2,"name":"Sklep Internetowy","item":"https:\/\/moto-pawmar.pl\/?page_id=367"},{"@type":"ListItem","position":3,"name":"Kurtka motocyklowa tekstylna Rebelhorn Echo Black"}]},{"@type":"WebSite","@id":"https:\/\/moto-pawmar.pl\/#website","url":"https:\/\/moto-pawmar.pl\/","name":"MOTO-PAWMAR","description":"MOTO\u2011PAWMAR \u2013 Tw\u00f3j sklep z cz\u0119\u015bciami i akcesoriami do motocykli, skuter\u00f3w i quad\u00f3w.","publisher":{"@id":"https:\/\/moto-pawmar.pl\/#organization"},"potentialAction":[{"@type":"SearchAction","target":{"@type":"EntryPoint","urlTemplate":"https:\/\/moto-pawmar.pl\/?s={search_term_string}"},"query-input":{"@type":"PropertyValueSpecification","valueRequired":true,"valueName":"search_term_string"}}],"inLanguage":"pl-PL"},{"@type":"Organization","@id":"https:\/\/moto-pawmar.pl\/#organization","name":"MOTO-PAWMAR","url":"https:\/\/moto-pawmar.pl\/","logo":{"@type":"ImageObject","inLanguage":"pl-PL","@id":"https:\/\/moto-pawmar.pl\/#\/schema\/logo\/image\/","url":"https:\/\/moto-pawmar.pl\/wp-content\/uploads\/2025\/10\/LOGO-SKLEP.png","contentUrl":"https:\/\/moto-pawmar.pl\/wp-content\/uploads\/2025\/10\/LOGO-SKLEP.png","width":2480,"height":2053,"caption":"MOTO-PAWMAR"},"image":{"@id":"https:\/\/moto-pawmar.pl\/#\/schema\/logo\/image\/"},"sameAs":["https:\/\/www.facebook.com\/motopawmar\/?locale=pl_PL"]}]}},"_links":{"self":[{"href":"https:\/\/moto-pawmar.pl\/index.php?rest_route=\/wp\/v2\/product\/5443","targetHints":{"allow":["GET"]}}],"collection":[{"href":"https:\/\/moto-pawmar.pl\/index.php?rest_route=\/wp\/v2\/product"}],"about":[{"href":"https:\/\/moto-pawmar.pl\/index.php?rest_route=\/wp\/v2\/types\/product"}],"wp:featuredmedia":[{"embeddable":true,"href":"https:\/\/moto-pawmar.pl\/index.php?rest_route=\/wp\/v2\/media\/5461"}],"wp:attachment":[{"href":"https:\/\/moto-pawmar.pl\/index.php?rest_route=%2Fwp%2Fv2%2Fmedia&parent=5443"}],"wp:term":[{"taxonomy":"product_brand","embeddable":true,"href":"https:\/\/moto-pawmar.pl\/index.php?rest_route=%2Fwp%2Fv2%2Fproduct_brand&post=5443"},{"taxonomy":"product_cat","embeddable":true,"href":"https:\/\/moto-pawmar.pl\/index.php?rest_route=%2Fwp%2Fv2%2Fproduct_cat&post=5443"},{"taxonomy":"product_tag","embeddable":true,"href":"https:\/\/moto-pawmar.pl\/index.php?rest_route=%2Fwp%2Fv2%2Fproduct_tag&post=5443"}],"curies":[{"name":"wp","href":"https:\/\/api.w.org\/{rel}","templated":true}]}}