{"id":5374,"date":"2025-11-27T14:15:26","date_gmt":"2025-11-27T13:15:26","guid":{"rendered":"https:\/\/moto-pawmar.pl\/?post_type=product&#038;p=5374"},"modified":"2026-01-23T10:14:04","modified_gmt":"2026-01-23T09:14:04","slug":"kurtka-motocyklowa-tekstylna-rebelhorn-cubby-5-black","status":"publish","type":"product","link":"https:\/\/moto-pawmar.pl\/?product=kurtka-motocyklowa-tekstylna-rebelhorn-cubby-5-black","title":{"rendered":"Kurtka motocyklowa tekstylna Rebelhorn Cubby 5 Black"},"content":{"rendered":"<p><strong>Rebelhorn Cubby V<\/strong>\u00a0to motocyklowa kurtka turystyczna 3-warstwowa, stworzona z my\u015bl\u0105 o motocyklistach, kt\u00f3rzy podr\u00f3\u017cuj\u0105 w r\u00f3\u017cnych warunkach. Dzi\u0119ki nowoczesnej membranie HydraShieldTM Pro typu in&amp;out oraz innowacyjnym rozwi\u0105zaniom, kurtka zapewnia zar\u00f3wno bezpiecze\u0144stwo, jak i komfort jazdy. Rozbudowany system wentylacji oraz wypinana kamizelka ocieplaj\u0105ca sprawiaj\u0105, \u017ce kurtka ta jest gotowa na ka\u017cd\u0105 przygod\u0119 niezale\u017cnie od pogody<\/p>\n<p><strong>Przeznaczenie<\/strong>: Tour<\/p>\n<p><strong>Dopasowanie<\/strong>: Regular<\/p>\n<p><strong>Liczba warstw<\/strong>: 3<\/p>\n<p><strong>Warstwy<\/strong>:<\/p>\n<p>Cubby V to kurtka, kt\u00f3ra podczas jazdy dba o Twoje bezpiecze\u0144stwo i komfort, \u0142\u0105cz\u0105c trzy kluczowe warstwy:<\/p>\n<ul>\n<li><strong>Warstwa zewn\u0119trzna<\/strong>: Wykonana z trzech zaawansowanych materia\u0142\u00f3w &#8211; Polyester 600D, Polyester Ripstop oraz innowacyjnego 3D Matrix Mesh. Te materia\u0142y gwarantuj\u0105 nie tylko trwa\u0142o\u015b\u0107, ale tak\u017ce ochron\u0119.<\/li>\n<li><strong>Membrana<\/strong>: Wyposa\u017cona w wypinan\u0105 membran\u0119 In &amp; Out HydraShieldTM PRO, kt\u00f3ra zapewnia ochron\u0119 przed deszczem (odporno\u015b\u0107 na wod\u0119 18000 mmH20) oraz zachowuje oddychalno\u015b\u0107 (9000 g\/m2\/24h).<\/li>\n<li><strong>Ocieplina<\/strong>: Wypinana kamizelka ocieplaj\u0105ca, kt\u00f3ra zapewnia ciep\u0142o podczas ch\u0142odniejszych dni.<\/li>\n<\/ul>\n<p><strong>Wypinana membrana In and Out<\/strong>:\u00a0 membrana, kt\u00f3r\u0105 mo\u017cesz nosi\u0107 zar\u00f3wno wewn\u0105trz, jak i na zewn\u0105trz kurtki. Jest zaprojektowana tak, aby pasowa\u0142a do r\u00f3\u017cnych warunk\u00f3w pogodowych i aktywno\u015bci. Wyra\u017anie zwi\u0119ksza praktyczno\u015b\u0107 kurtki.<\/p>\n<p><strong>Bezpiecze\u0144stwo<\/strong><\/p>\n<p>Cubby V stawia na najwy\u017cszy poziom ochrony motocyklisty \u0142\u0105cz\u0105c wysokiej jako\u015bci materia\u0142y z certyfikowanymi ochraniaczami:<\/p>\n<ul>\n<li><strong>Ochraniacze \u0142okci<\/strong>\u00a0CE-Level 2 z mo\u017cliwo\u015bci\u0105 regulacji pozycji<\/li>\n<li><strong>Ochraniacze bark\u00f3w<\/strong>\u00a0CE-Level 2<\/li>\n<li>Kiesze\u0144 na ochraniacz plec\u00f3w SAS-TEC SC-1\/15.<\/li>\n<li>Wzmocnienia stref najbardziej nara\u017conych na przetarcia materia\u0142em\u00a0<strong>Ripstop<\/strong><\/li>\n<li>Paski regulacyjne pozwalaj\u0105 na utrzymanie ochraniaczy w odpowiedniej pozycji<\/li>\n<li><strong>Wstawki odblaskowe<\/strong>\u00a0w wielu miejscach poprawiaj\u0105ce widoczno\u015b\u0107 motocyklisty po zmroku<\/li>\n<\/ul>\n<p><strong>Materia\u0142 Ripstop<\/strong>\u00a0to wytrzyma\u0142a tkanina wzmocniona poprzez dodanie w sta\u0142ych odst\u0119pach dodatkowego, mocniejszego w\u0142\u00f3kna.<\/p>\n<p><strong>Wentylacja<\/strong>:<\/p>\n<p>Kurtka Cubby V zapewnia bardzo wydajn\u0105 wentylacj\u0119, co jest niezwykle wa\u017cne podczas d\u0142u\u017cszych tras. Zosta\u0142a tak skonstruowana, aby wszystkie warstwy pracowa\u0142y ze sob\u0105, nie blokuj\u0105c przep\u0142ywu powietrza w kurtce:<\/p>\n<ul>\n<li><em>Prz\u00f3d<\/em>: 2 du\u017ce panele wentylacyjne na przodzie kurtki<\/li>\n<li><em>Plecy<\/em>: Du\u017cy, w pe\u0142ni otwierany panel wentylacyjny na plecach<\/li>\n<li><em>R\u0119kawy<\/em>: 2 d\u0142ugie kana\u0142y wentylacyjne na r\u0119kawach z zamkiem dwukierunkowym, kt\u00f3re mo\u017cna \u0142atwo obs\u0142u\u017cy\u0107 nawet w trakcie jazdy<\/li>\n<\/ul>\n<p><strong>Dopasowanie<\/strong>:<\/p>\n<p>Kurtka Cubby V jest zaprojektowana tak, aby zapewni\u0107 maksymalny komfort noszenia niezale\u017cnie od ilo\u015bci wpi\u0119tych warstw. Dzi\u0119ki rozbudowanej regulacji \u0142atwo mo\u017cna j\u0105 dopasowa\u0107 do sylwetki:<\/p>\n<ul>\n<li><em>R\u0119kawy<\/em>: Mo\u017cliwo\u015b\u0107 regulacji obwod\u00f3w na przedramieniu i bicepsie<\/li>\n<li><em>Talia<\/em>: Regulacja obwodu w talii<\/li>\n<li><em>Ochraniacz plec\u00f3w<\/em>: G\u00f3rna regulacja w talii umo\u017cliwia dopasowanie ochraniacza<\/li>\n<li><em>Biodra<\/em>: Rozpinany klin pozwala na zwi\u0119kszenie obwodu w biodrach<\/li>\n<\/ul>\n<p>Ergonomi\u0119 u\u017cytkowania oraz \u0142atwo\u015b\u0107 dopasowania zapewniaj\u0105 paski regulacyjne.<\/p>\n<ul>\n<li><strong>regulacja obwodu r\u0119kaw\u00f3w<\/strong>: w bicepsie, na przedramieniu i na mankietach<\/li>\n<li><strong>regulacja w pasie i w biodrach<\/strong><\/li>\n<li><strong>wstawki\u00a0<\/strong>z materia\u0142u elastycznego<\/li>\n<li>rozci\u0105gaj\u0105cy si\u0119 w 4 kierunkach materia\u0142 4-way poliester stretch pod pachami, zapewniaj\u0105cy jeszcze wi\u0119ksz\u0105 swobod\u0119 ruch\u00f3w<\/li>\n<\/ul>\n<p><strong>Komfort<\/strong>:<\/p>\n<p>Cubby V to nie tylko bezpiecze\u0144stwo, ale r\u00f3wnie\u017c wygoda i praktyczne rozwi\u0105zania, kt\u00f3re przydadz\u0105 si\u0119 w ka\u017cdej trasie, podczas zmiennych warunk\u00f3w pogodowych:<\/p>\n<ul>\n<li><em>Ko\u0142nierz<\/em>: Odpinany ko\u0142nierz Windshield z regulacj\u0105 obwodu zapewniaj\u0105cy dodatkow\u0105 ochron\u0119 przed warunkami atmosferycznymi. Istnieje mo\u017cliwo\u015b\u0107 zablokowania ko\u0142nierza w pozycji otwartej.<\/li>\n<li><em>Zamki<\/em>: Kurtka wyposa\u017cona w zamki \u0142\u0105cz\u0105ce typu 8VST (360 oraz kr\u00f3tki) z pullerami u\u0142atwiaj\u0105cymi obs\u0142ug\u0119<\/li>\n<li><em>Kieszenie<\/em>: 2 kieszenie zewn\u0119trzne typu cargo, 1 dodatkowa kiesze\u0144 na klucze, 1 du\u017ca kiesze\u0144 z ty\u0142u kurtki, kiesze\u0144 na kart\u0119 na r\u0119kawie oraz sucha kiesze\u0144 wewn\u0105trz kurtki, kt\u00f3ra nie blokuje przep\u0142ywu powietrza z kana\u0142\u00f3w wentylacyjnych<\/li>\n<\/ul>\n<p><strong>Wymiary modela:<\/strong><\/p>\n<ul>\n<li>Wzrost 176 cm<\/li>\n<li>Klatka piersiowa: 106cm<\/li>\n<li>Talia: 87,5<\/li>\n<li>Biodra: 102<\/li>\n<\/ul>\n<p>Model na sobie ma rozmiar M<\/p>\n","protected":false},"excerpt":{"rendered":"<p>Rebelhorn Cubby V\u00a0to motocyklowa kurtka turystyczna 3-warstwowa, stworzona z my\u015bl\u0105 o motocyklistach, kt\u00f3rzy podr\u00f3\u017cuj\u0105 w r\u00f3\u017cnych warunkach. Dzi\u0119ki nowoczesnej membranie HydraShieldTM Pro typu in&amp;out oraz innowacyjnym rozwi\u0105zaniom, kurtka zapewnia zar\u00f3wno bezpiecze\u0144stwo, jak i komfort jazdy. Rozbudowany system wentylacji oraz wypinana kamizelka ocieplaj\u0105ca sprawiaj\u0105, \u017ce kurtka ta jest gotowa na ka\u017cd\u0105 przygod\u0119 niezale\u017cnie od pogody Przeznaczenie: [&hellip;]<\/p>\n","protected":false},"featured_media":5389,"template":"","meta":[],"product_brand":[377],"product_cat":[278,372],"product_tag":[],"class_list":{"0":"post-5374","1":"product","2":"type-product","3":"status-publish","4":"has-post-thumbnail","6":"product_brand-rebelhorn","7":"product_cat-kurtki-meska","8":"product_cat-turystyczne","10":"first","11":"instock","12":"taxable","13":"shipping-taxable","14":"purchasable","15":"product-type-variable"},"yoast_head":"<!-- This site is optimized with the Yoast SEO plugin v26.9 - https:\/\/yoast.com\/product\/yoast-seo-wordpress\/ -->\n<title>Kurtka motocyklowa tekstylna Rebelhorn Cubby 5 Black - MOTO-PAWMAR<\/title>\n<meta name=\"robots\" content=\"index, follow, max-snippet:-1, max-image-preview:large, max-video-preview:-1\" \/>\n<link rel=\"canonical\" href=\"https:\/\/moto-pawmar.pl\/?product=kurtka-motocyklowa-tekstylna-rebelhorn-cubby-5-black\" \/>\n<meta property=\"og:locale\" content=\"pl_PL\" \/>\n<meta property=\"og:type\" content=\"article\" \/>\n<meta property=\"og:title\" content=\"Kurtka motocyklowa tekstylna Rebelhorn Cubby 5 Black - MOTO-PAWMAR\" \/>\n<meta property=\"og:description\" content=\"Rebelhorn Cubby V\u00a0to motocyklowa kurtka turystyczna 3-warstwowa, stworzona z my\u015bl\u0105 o motocyklistach, kt\u00f3rzy podr\u00f3\u017cuj\u0105 w r\u00f3\u017cnych warunkach. Dzi\u0119ki nowoczesnej membranie HydraShieldTM Pro typu in&amp;out oraz innowacyjnym rozwi\u0105zaniom, kurtka zapewnia zar\u00f3wno bezpiecze\u0144stwo, jak i komfort jazdy. Rozbudowany system wentylacji oraz wypinana kamizelka ocieplaj\u0105ca sprawiaj\u0105, \u017ce kurtka ta jest gotowa na ka\u017cd\u0105 przygod\u0119 niezale\u017cnie od pogody Przeznaczenie: [&hellip;]\" \/>\n<meta property=\"og:url\" content=\"https:\/\/moto-pawmar.pl\/?product=kurtka-motocyklowa-tekstylna-rebelhorn-cubby-5-black\" \/>\n<meta property=\"og:site_name\" content=\"MOTO-PAWMAR\" \/>\n<meta property=\"article:publisher\" content=\"https:\/\/www.facebook.com\/motopawmar\/?locale=pl_PL\" \/>\n<meta property=\"article:modified_time\" content=\"2026-01-23T09:14:04+00:00\" \/>\n<meta property=\"og:image\" content=\"https:\/\/moto-pawmar.pl\/wp-content\/uploads\/2025\/11\/cubby.jpg\" \/>\n\t<meta property=\"og:image:width\" content=\"1200\" \/>\n\t<meta property=\"og:image:height\" content=\"630\" \/>\n\t<meta property=\"og:image:type\" content=\"image\/jpeg\" \/>\n<meta name=\"twitter:card\" content=\"summary_large_image\" \/>\n<meta name=\"twitter:label1\" content=\"Szacowany czas czytania\" \/>\n\t<meta name=\"twitter:data1\" content=\"4 minuty\" \/>\n<script type=\"application\/ld+json\" class=\"yoast-schema-graph\">{\"@context\":\"https:\/\/schema.org\",\"@graph\":[{\"@type\":\"WebPage\",\"@id\":\"https:\/\/moto-pawmar.pl\/?product=kurtka-motocyklowa-tekstylna-rebelhorn-cubby-5-black\",\"url\":\"https:\/\/moto-pawmar.pl\/?product=kurtka-motocyklowa-tekstylna-rebelhorn-cubby-5-black\",\"name\":\"Kurtka motocyklowa tekstylna Rebelhorn Cubby 5 Black - MOTO-PAWMAR\",\"isPartOf\":{\"@id\":\"https:\/\/moto-pawmar.pl\/#website\"},\"primaryImageOfPage\":{\"@id\":\"https:\/\/moto-pawmar.pl\/?product=kurtka-motocyklowa-tekstylna-rebelhorn-cubby-5-black#primaryimage\"},\"image\":{\"@id\":\"https:\/\/moto-pawmar.pl\/?product=kurtka-motocyklowa-tekstylna-rebelhorn-cubby-5-black#primaryimage\"},\"thumbnailUrl\":\"https:\/\/moto-pawmar.pl\/wp-content\/uploads\/2025\/11\/293481_ZAL684372.jpg\",\"datePublished\":\"2025-11-27T13:15:26+00:00\",\"dateModified\":\"2026-01-23T09:14:04+00:00\",\"breadcrumb\":{\"@id\":\"https:\/\/moto-pawmar.pl\/?product=kurtka-motocyklowa-tekstylna-rebelhorn-cubby-5-black#breadcrumb\"},\"inLanguage\":\"pl-PL\",\"potentialAction\":[{\"@type\":\"ReadAction\",\"target\":[\"https:\/\/moto-pawmar.pl\/?product=kurtka-motocyklowa-tekstylna-rebelhorn-cubby-5-black\"]}]},{\"@type\":\"ImageObject\",\"inLanguage\":\"pl-PL\",\"@id\":\"https:\/\/moto-pawmar.pl\/?product=kurtka-motocyklowa-tekstylna-rebelhorn-cubby-5-black#primaryimage\",\"url\":\"https:\/\/moto-pawmar.pl\/wp-content\/uploads\/2025\/11\/293481_ZAL684372.jpg\",\"contentUrl\":\"https:\/\/moto-pawmar.pl\/wp-content\/uploads\/2025\/11\/293481_ZAL684372.jpg\",\"width\":800,\"height\":800},{\"@type\":\"BreadcrumbList\",\"@id\":\"https:\/\/moto-pawmar.pl\/?product=kurtka-motocyklowa-tekstylna-rebelhorn-cubby-5-black#breadcrumb\",\"itemListElement\":[{\"@type\":\"ListItem\",\"position\":1,\"name\":\"Strona g\u0142\u00f3wna\",\"item\":\"https:\/\/moto-pawmar.pl\/\"},{\"@type\":\"ListItem\",\"position\":2,\"name\":\"Sklep Internetowy\",\"item\":\"https:\/\/moto-pawmar.pl\/?page_id=367\"},{\"@type\":\"ListItem\",\"position\":3,\"name\":\"Kurtka motocyklowa tekstylna Rebelhorn Cubby 5 Black\"}]},{\"@type\":\"WebSite\",\"@id\":\"https:\/\/moto-pawmar.pl\/#website\",\"url\":\"https:\/\/moto-pawmar.pl\/\",\"name\":\"MOTO-PAWMAR\",\"description\":\"MOTO\u2011PAWMAR \u2013 Tw\u00f3j sklep z cz\u0119\u015bciami i akcesoriami do motocykli, skuter\u00f3w i quad\u00f3w.\",\"publisher\":{\"@id\":\"https:\/\/moto-pawmar.pl\/#organization\"},\"potentialAction\":[{\"@type\":\"SearchAction\",\"target\":{\"@type\":\"EntryPoint\",\"urlTemplate\":\"https:\/\/moto-pawmar.pl\/?s={search_term_string}\"},\"query-input\":{\"@type\":\"PropertyValueSpecification\",\"valueRequired\":true,\"valueName\":\"search_term_string\"}}],\"inLanguage\":\"pl-PL\"},{\"@type\":\"Organization\",\"@id\":\"https:\/\/moto-pawmar.pl\/#organization\",\"name\":\"MOTO-PAWMAR\",\"url\":\"https:\/\/moto-pawmar.pl\/\",\"logo\":{\"@type\":\"ImageObject\",\"inLanguage\":\"pl-PL\",\"@id\":\"https:\/\/moto-pawmar.pl\/#\/schema\/logo\/image\/\",\"url\":\"https:\/\/moto-pawmar.pl\/wp-content\/uploads\/2025\/10\/LOGO-SKLEP.png\",\"contentUrl\":\"https:\/\/moto-pawmar.pl\/wp-content\/uploads\/2025\/10\/LOGO-SKLEP.png\",\"width\":2480,\"height\":2053,\"caption\":\"MOTO-PAWMAR\"},\"image\":{\"@id\":\"https:\/\/moto-pawmar.pl\/#\/schema\/logo\/image\/\"},\"sameAs\":[\"https:\/\/www.facebook.com\/motopawmar\/?locale=pl_PL\"]}]}<\/script>\n<!-- \/ Yoast SEO plugin. -->","yoast_head_json":{"title":"Kurtka motocyklowa tekstylna Rebelhorn Cubby 5 Black - MOTO-PAWMAR","robots":{"index":"index","follow":"follow","max-snippet":"max-snippet:-1","max-image-preview":"max-image-preview:large","max-video-preview":"max-video-preview:-1"},"canonical":"https:\/\/moto-pawmar.pl\/?product=kurtka-motocyklowa-tekstylna-rebelhorn-cubby-5-black","og_locale":"pl_PL","og_type":"article","og_title":"Kurtka motocyklowa tekstylna Rebelhorn Cubby 5 Black - MOTO-PAWMAR","og_description":"Rebelhorn Cubby V\u00a0to motocyklowa kurtka turystyczna 3-warstwowa, stworzona z my\u015bl\u0105 o motocyklistach, kt\u00f3rzy podr\u00f3\u017cuj\u0105 w r\u00f3\u017cnych warunkach. Dzi\u0119ki nowoczesnej membranie HydraShieldTM Pro typu in&amp;out oraz innowacyjnym rozwi\u0105zaniom, kurtka zapewnia zar\u00f3wno bezpiecze\u0144stwo, jak i komfort jazdy. Rozbudowany system wentylacji oraz wypinana kamizelka ocieplaj\u0105ca sprawiaj\u0105, \u017ce kurtka ta jest gotowa na ka\u017cd\u0105 przygod\u0119 niezale\u017cnie od pogody Przeznaczenie: [&hellip;]","og_url":"https:\/\/moto-pawmar.pl\/?product=kurtka-motocyklowa-tekstylna-rebelhorn-cubby-5-black","og_site_name":"MOTO-PAWMAR","article_publisher":"https:\/\/www.facebook.com\/motopawmar\/?locale=pl_PL","article_modified_time":"2026-01-23T09:14:04+00:00","og_image":[{"width":1200,"height":630,"url":"https:\/\/moto-pawmar.pl\/wp-content\/uploads\/2025\/11\/cubby.jpg","type":"image\/jpeg"}],"twitter_card":"summary_large_image","twitter_misc":{"Szacowany czas czytania":"4 minuty"},"schema":{"@context":"https:\/\/schema.org","@graph":[{"@type":"WebPage","@id":"https:\/\/moto-pawmar.pl\/?product=kurtka-motocyklowa-tekstylna-rebelhorn-cubby-5-black","url":"https:\/\/moto-pawmar.pl\/?product=kurtka-motocyklowa-tekstylna-rebelhorn-cubby-5-black","name":"Kurtka motocyklowa tekstylna Rebelhorn Cubby 5 Black - MOTO-PAWMAR","isPartOf":{"@id":"https:\/\/moto-pawmar.pl\/#website"},"primaryImageOfPage":{"@id":"https:\/\/moto-pawmar.pl\/?product=kurtka-motocyklowa-tekstylna-rebelhorn-cubby-5-black#primaryimage"},"image":{"@id":"https:\/\/moto-pawmar.pl\/?product=kurtka-motocyklowa-tekstylna-rebelhorn-cubby-5-black#primaryimage"},"thumbnailUrl":"https:\/\/moto-pawmar.pl\/wp-content\/uploads\/2025\/11\/293481_ZAL684372.jpg","datePublished":"2025-11-27T13:15:26+00:00","dateModified":"2026-01-23T09:14:04+00:00","breadcrumb":{"@id":"https:\/\/moto-pawmar.pl\/?product=kurtka-motocyklowa-tekstylna-rebelhorn-cubby-5-black#breadcrumb"},"inLanguage":"pl-PL","potentialAction":[{"@type":"ReadAction","target":["https:\/\/moto-pawmar.pl\/?product=kurtka-motocyklowa-tekstylna-rebelhorn-cubby-5-black"]}]},{"@type":"ImageObject","inLanguage":"pl-PL","@id":"https:\/\/moto-pawmar.pl\/?product=kurtka-motocyklowa-tekstylna-rebelhorn-cubby-5-black#primaryimage","url":"https:\/\/moto-pawmar.pl\/wp-content\/uploads\/2025\/11\/293481_ZAL684372.jpg","contentUrl":"https:\/\/moto-pawmar.pl\/wp-content\/uploads\/2025\/11\/293481_ZAL684372.jpg","width":800,"height":800},{"@type":"BreadcrumbList","@id":"https:\/\/moto-pawmar.pl\/?product=kurtka-motocyklowa-tekstylna-rebelhorn-cubby-5-black#breadcrumb","itemListElement":[{"@type":"ListItem","position":1,"name":"Strona g\u0142\u00f3wna","item":"https:\/\/moto-pawmar.pl\/"},{"@type":"ListItem","position":2,"name":"Sklep Internetowy","item":"https:\/\/moto-pawmar.pl\/?page_id=367"},{"@type":"ListItem","position":3,"name":"Kurtka motocyklowa tekstylna Rebelhorn Cubby 5 Black"}]},{"@type":"WebSite","@id":"https:\/\/moto-pawmar.pl\/#website","url":"https:\/\/moto-pawmar.pl\/","name":"MOTO-PAWMAR","description":"MOTO\u2011PAWMAR \u2013 Tw\u00f3j sklep z cz\u0119\u015bciami i akcesoriami do motocykli, skuter\u00f3w i quad\u00f3w.","publisher":{"@id":"https:\/\/moto-pawmar.pl\/#organization"},"potentialAction":[{"@type":"SearchAction","target":{"@type":"EntryPoint","urlTemplate":"https:\/\/moto-pawmar.pl\/?s={search_term_string}"},"query-input":{"@type":"PropertyValueSpecification","valueRequired":true,"valueName":"search_term_string"}}],"inLanguage":"pl-PL"},{"@type":"Organization","@id":"https:\/\/moto-pawmar.pl\/#organization","name":"MOTO-PAWMAR","url":"https:\/\/moto-pawmar.pl\/","logo":{"@type":"ImageObject","inLanguage":"pl-PL","@id":"https:\/\/moto-pawmar.pl\/#\/schema\/logo\/image\/","url":"https:\/\/moto-pawmar.pl\/wp-content\/uploads\/2025\/10\/LOGO-SKLEP.png","contentUrl":"https:\/\/moto-pawmar.pl\/wp-content\/uploads\/2025\/10\/LOGO-SKLEP.png","width":2480,"height":2053,"caption":"MOTO-PAWMAR"},"image":{"@id":"https:\/\/moto-pawmar.pl\/#\/schema\/logo\/image\/"},"sameAs":["https:\/\/www.facebook.com\/motopawmar\/?locale=pl_PL"]}]}},"_links":{"self":[{"href":"https:\/\/moto-pawmar.pl\/index.php?rest_route=\/wp\/v2\/product\/5374","targetHints":{"allow":["GET"]}}],"collection":[{"href":"https:\/\/moto-pawmar.pl\/index.php?rest_route=\/wp\/v2\/product"}],"about":[{"href":"https:\/\/moto-pawmar.pl\/index.php?rest_route=\/wp\/v2\/types\/product"}],"wp:featuredmedia":[{"embeddable":true,"href":"https:\/\/moto-pawmar.pl\/index.php?rest_route=\/wp\/v2\/media\/5389"}],"wp:attachment":[{"href":"https:\/\/moto-pawmar.pl\/index.php?rest_route=%2Fwp%2Fv2%2Fmedia&parent=5374"}],"wp:term":[{"taxonomy":"product_brand","embeddable":true,"href":"https:\/\/moto-pawmar.pl\/index.php?rest_route=%2Fwp%2Fv2%2Fproduct_brand&post=5374"},{"taxonomy":"product_cat","embeddable":true,"href":"https:\/\/moto-pawmar.pl\/index.php?rest_route=%2Fwp%2Fv2%2Fproduct_cat&post=5374"},{"taxonomy":"product_tag","embeddable":true,"href":"https:\/\/moto-pawmar.pl\/index.php?rest_route=%2Fwp%2Fv2%2Fproduct_tag&post=5374"}],"curies":[{"name":"wp","href":"https:\/\/api.w.org\/{rel}","templated":true}]}}