{"id":3533,"date":"2025-10-30T10:49:32","date_gmt":"2025-10-30T09:49:32","guid":{"rendered":"https:\/\/moto-pawmar.pl\/?product=kask-hjc-i91-solid-semi-flat-metallic-blue"},"modified":"2025-10-30T10:59:28","modified_gmt":"2025-10-30T09:59:28","slug":"kask-hjc-i91-solid-semi-flat-metallic-blue","status":"publish","type":"product","link":"https:\/\/moto-pawmar.pl\/?product=kask-hjc-i91-solid-semi-flat-metallic-blue","title":{"rendered":"Kask Hjc I91 Solid Semi Flat Metallic Blue"},"content":{"rendered":"<p><strong>Kask motocyklowy HJC i91 <\/strong>to nowe wcielenie popularnego modelu HJC i90. Znacz\u0105co poprawiono jego aerodynamik\u0119 jak i wentylacj\u0119, co zadowoli wszystkich motocyklist\u00f3w je\u017cd\u017c\u0105cych w dalekie trasy. I91 zyska\u0142 tak\u017ce now\u0105, regulowan\u0105 w trzech poziomach blend\u0119, a jego wn\u0119trze zosta\u0142o ca\u0142kowicie przeprojektowane, co znacz\u0105co wp\u0142ywa na komfort jazdy. <strong>Kask HJC i91 <\/strong>posiada podw\u00f3jn\u0105 homologacj\u0119, wi\u0119c mo\u017cna w nim je\u017adzi\u0107 z otwart\u0105 lub zamkni\u0119t\u0105 szcz\u0119k\u0105. Jest tak\u017ce kompatybilny z systemem komunikacji SMART HJC II generacji.<\/p>\n<p><strong>BEZPIECZE\u0143STWO<\/strong><\/p>\n<ul>\n<li><strong>kask spe\u0142nia wymagania rygorystycznej normy ECE R22.06<\/strong>, obejmuj\u0105c\u0105 rozszerzone testy t\u0142umienia energii uderzenia, odporno\u015bci na penetracj\u0119 skorupy i integralno\u015b\u0107 strukturaln\u0105 paska i zapi\u0119cia, co zapewnia <strong>najwy\u017cszy poziom bezpiecze\u0144stwa<\/strong><\/li>\n<\/ul>\n<ul>\n<li><span class=\"ui-provider\" dir=\"ltr\"><strong>Zaawansowana skorupa APC <\/strong>(Advanced Polycarbonate Shell) zapewnia doskona\u0142e dopasowanie i wygod\u0119 dzi\u0119ki zastosowaniu technologii CAD, dzi\u0119ki czemu kask jest lekki i op\u0142ywowy<\/span><\/li>\n<li><strong>Kask posiada podw\u00f3jn\u0105 homologacj\u0119 P\/J<\/strong> &#8211; mo\u017cna w nim bezpiecznie je\u017adzi\u0107 zar\u00f3wno w otwartej jak i zamkni\u0119tej szcz\u0119ce<\/li>\n<li><strong>Szybkie zapi\u0119cie MickroBuckle<\/strong> z mo\u017cliwo\u015bci\u0105 regulacji<\/li>\n<\/ul>\n<p><strong>KOMFORT<\/strong><\/p>\n<ul>\n<li><strong>Blenda przeciws\u0142oneczna HJ-V12<\/strong> regulowana w trzech poziomach, odporna na zarysowania<\/li>\n<li><strong>Przezroczysta szyba HJ-33 <\/strong>z filtrem UV 99%<\/li>\n<li><strong>Nowa, mi\u0119kka wy\u015bci\u00f3\u0142ka<\/strong> wewn\u0105trz kasku jest w\u0119\u017csza dla maksymalnego komfortu podczas u\u017cytkowania<\/li>\n<li><strong>Wymienne poduszki policzkowe<\/strong>, niezale\u017cnie od rozmiaru kasku pozwalaj\u0105 idealnie dopasowa\u0107 kask do g\u0142owy motocyklisty<\/li>\n<\/ul>\n<ul>\n<li>Mo\u017cliwo\u015b\u0107 szybkiej wymiany szyby dzi\u0119ki intuicyjnemu mocowaniu <strong>Secure Ratchet System<\/strong><\/li>\n<\/ul>\n<ul>\n<li>Specjalny uk\u0142ad wn\u0119trza pozwalaj\u0105cy na<strong> jazd\u0119 w okularach<\/strong><\/li>\n<li>kompatybilny z systemem komunikacji SMART HJC II generacji<\/li>\n<\/ul>\n<p><strong>WENTYLACJA<\/strong><\/p>\n<ul>\n<li>Op\u0142ywowa skorupa, kt\u00f3rej kszta\u0142t zmniejsza op\u00f3r powietrza i minimalizuje poziom ha\u0142asu zosta\u0142 unowocze\u015bniony dzi\u0119ki projektowaniu w technologii CFD<\/li>\n<li>\u0141atwy w obs\u0142udze g\u00f3rny i szcz\u0119kowy wlot powietrza oraz wylot ciep\u0142ego powietrza zapewniaj\u0105 efektywn\u0105 wentylacj\u0119 kasku<\/li>\n<\/ul>\n<p><strong>CECHY SZCZEG\u00d3LNE<\/strong><\/p>\n<ul>\n<li>3 wielko\u015bci skorupy<\/li>\n<li>Kompatybilny z systemem komunikacji SMART HJC II generacji<\/li>\n<li>W zestawie przezroczysta szyba (clear), Pinlock, podbr\u00f3dek oraz deflektor<\/li>\n<li>Certyfikaty: ECE 22.06<\/li>\n<\/ul>\n<p>&nbsp;<\/p>\n<p><a href=\"https:\/\/powerlink.powerbike.pl\/Img\/inne\/dopobrania\/TabeleRozmiarow\/i91.jpg\" target=\"_blank\" rel=\"noopener\">TABELA ROZMIAR\u00d3W<\/a><\/p>\n","protected":false},"excerpt":{"rendered":"<p>Kask motocyklowy HJC i91 to nowe wcielenie popularnego modelu HJC i90. Znacz\u0105co poprawiono jego aerodynamik\u0119 jak i wentylacj\u0119, co zadowoli wszystkich motocyklist\u00f3w je\u017cd\u017c\u0105cych w dalekie trasy. I91 zyska\u0142 tak\u017ce now\u0105, regulowan\u0105 w trzech poziomach blend\u0119, a jego wn\u0119trze zosta\u0142o ca\u0142kowicie przeprojektowane, co znacz\u0105co wp\u0142ywa na komfort jazdy. Kask HJC i91 posiada podw\u00f3jn\u0105 homologacj\u0119, wi\u0119c mo\u017cna [&hellip;]<\/p>\n","protected":false},"featured_media":3510,"template":"","meta":[],"product_brand":[339],"product_cat":[272,298],"product_tag":[],"class_list":{"0":"post-3533","1":"product","2":"type-product","3":"status-publish","4":"has-post-thumbnail","6":"product_brand-hjc","7":"product_cat-kaski","8":"product_cat-kaski-modularne","10":"first","11":"instock","12":"taxable","13":"shipping-taxable","14":"purchasable","15":"product-type-variable"},"yoast_head":"<!-- This site is optimized with the Yoast SEO plugin v26.9 - https:\/\/yoast.com\/product\/yoast-seo-wordpress\/ -->\n<title>Kask Hjc I91 Solid Semi Flat Metallic Blue - MOTO-PAWMAR<\/title>\n<meta name=\"robots\" content=\"index, follow, max-snippet:-1, max-image-preview:large, max-video-preview:-1\" \/>\n<link rel=\"canonical\" href=\"https:\/\/moto-pawmar.pl\/?product=kask-hjc-i91-solid-semi-flat-metallic-blue\" \/>\n<meta property=\"og:locale\" content=\"pl_PL\" \/>\n<meta property=\"og:type\" content=\"article\" \/>\n<meta property=\"og:title\" content=\"Kask Hjc I91 Solid Semi Flat Metallic Blue - MOTO-PAWMAR\" \/>\n<meta property=\"og:description\" content=\"Kask motocyklowy HJC i91 to nowe wcielenie popularnego modelu HJC i90. Znacz\u0105co poprawiono jego aerodynamik\u0119 jak i wentylacj\u0119, co zadowoli wszystkich motocyklist\u00f3w je\u017cd\u017c\u0105cych w dalekie trasy. I91 zyska\u0142 tak\u017ce now\u0105, regulowan\u0105 w trzech poziomach blend\u0119, a jego wn\u0119trze zosta\u0142o ca\u0142kowicie przeprojektowane, co znacz\u0105co wp\u0142ywa na komfort jazdy. Kask HJC i91 posiada podw\u00f3jn\u0105 homologacj\u0119, wi\u0119c mo\u017cna [&hellip;]\" \/>\n<meta property=\"og:url\" content=\"https:\/\/moto-pawmar.pl\/?product=kask-hjc-i91-solid-semi-flat-metallic-blue\" \/>\n<meta property=\"og:site_name\" content=\"MOTO-PAWMAR\" \/>\n<meta property=\"article:publisher\" content=\"https:\/\/www.facebook.com\/motopawmar\/?locale=pl_PL\" \/>\n<meta property=\"article:modified_time\" content=\"2025-10-30T09:59:28+00:00\" \/>\n<meta property=\"og:image\" content=\"https:\/\/moto-pawmar.pl\/wp-content\/uploads\/2025\/10\/303230_ZAL663533.jpg\" \/>\n\t<meta property=\"og:image:width\" content=\"800\" \/>\n\t<meta property=\"og:image:height\" content=\"800\" \/>\n\t<meta property=\"og:image:type\" content=\"image\/jpeg\" \/>\n<meta name=\"twitter:card\" content=\"summary_large_image\" \/>\n<meta name=\"twitter:label1\" content=\"Szacowany czas czytania\" \/>\n\t<meta name=\"twitter:data1\" content=\"2 minuty\" \/>\n<script type=\"application\/ld+json\" class=\"yoast-schema-graph\">{\"@context\":\"https:\/\/schema.org\",\"@graph\":[{\"@type\":\"WebPage\",\"@id\":\"https:\/\/moto-pawmar.pl\/?product=kask-hjc-i91-solid-semi-flat-metallic-blue\",\"url\":\"https:\/\/moto-pawmar.pl\/?product=kask-hjc-i91-solid-semi-flat-metallic-blue\",\"name\":\"Kask Hjc I91 Solid Semi Flat Metallic Blue - MOTO-PAWMAR\",\"isPartOf\":{\"@id\":\"https:\/\/moto-pawmar.pl\/#website\"},\"primaryImageOfPage\":{\"@id\":\"https:\/\/moto-pawmar.pl\/?product=kask-hjc-i91-solid-semi-flat-metallic-blue#primaryimage\"},\"image\":{\"@id\":\"https:\/\/moto-pawmar.pl\/?product=kask-hjc-i91-solid-semi-flat-metallic-blue#primaryimage\"},\"thumbnailUrl\":\"https:\/\/moto-pawmar.pl\/wp-content\/uploads\/2025\/10\/303230_ZAL663533.jpg\",\"datePublished\":\"2025-10-30T09:49:32+00:00\",\"dateModified\":\"2025-10-30T09:59:28+00:00\",\"breadcrumb\":{\"@id\":\"https:\/\/moto-pawmar.pl\/?product=kask-hjc-i91-solid-semi-flat-metallic-blue#breadcrumb\"},\"inLanguage\":\"pl-PL\",\"potentialAction\":[{\"@type\":\"ReadAction\",\"target\":[\"https:\/\/moto-pawmar.pl\/?product=kask-hjc-i91-solid-semi-flat-metallic-blue\"]}]},{\"@type\":\"ImageObject\",\"inLanguage\":\"pl-PL\",\"@id\":\"https:\/\/moto-pawmar.pl\/?product=kask-hjc-i91-solid-semi-flat-metallic-blue#primaryimage\",\"url\":\"https:\/\/moto-pawmar.pl\/wp-content\/uploads\/2025\/10\/303230_ZAL663533.jpg\",\"contentUrl\":\"https:\/\/moto-pawmar.pl\/wp-content\/uploads\/2025\/10\/303230_ZAL663533.jpg\",\"width\":800,\"height\":800},{\"@type\":\"BreadcrumbList\",\"@id\":\"https:\/\/moto-pawmar.pl\/?product=kask-hjc-i91-solid-semi-flat-metallic-blue#breadcrumb\",\"itemListElement\":[{\"@type\":\"ListItem\",\"position\":1,\"name\":\"Strona g\u0142\u00f3wna\",\"item\":\"https:\/\/moto-pawmar.pl\/\"},{\"@type\":\"ListItem\",\"position\":2,\"name\":\"Sklep Internetowy\",\"item\":\"https:\/\/moto-pawmar.pl\/?page_id=367\"},{\"@type\":\"ListItem\",\"position\":3,\"name\":\"Kask Hjc I91 Solid Semi Flat Metallic Blue\"}]},{\"@type\":\"WebSite\",\"@id\":\"https:\/\/moto-pawmar.pl\/#website\",\"url\":\"https:\/\/moto-pawmar.pl\/\",\"name\":\"MOTO-PAWMAR\",\"description\":\"MOTO\u2011PAWMAR \u2013 Tw\u00f3j sklep z cz\u0119\u015bciami i akcesoriami do motocykli, skuter\u00f3w i quad\u00f3w.\",\"publisher\":{\"@id\":\"https:\/\/moto-pawmar.pl\/#organization\"},\"potentialAction\":[{\"@type\":\"SearchAction\",\"target\":{\"@type\":\"EntryPoint\",\"urlTemplate\":\"https:\/\/moto-pawmar.pl\/?s={search_term_string}\"},\"query-input\":{\"@type\":\"PropertyValueSpecification\",\"valueRequired\":true,\"valueName\":\"search_term_string\"}}],\"inLanguage\":\"pl-PL\"},{\"@type\":\"Organization\",\"@id\":\"https:\/\/moto-pawmar.pl\/#organization\",\"name\":\"MOTO-PAWMAR\",\"url\":\"https:\/\/moto-pawmar.pl\/\",\"logo\":{\"@type\":\"ImageObject\",\"inLanguage\":\"pl-PL\",\"@id\":\"https:\/\/moto-pawmar.pl\/#\/schema\/logo\/image\/\",\"url\":\"https:\/\/moto-pawmar.pl\/wp-content\/uploads\/2025\/10\/LOGO-SKLEP.png\",\"contentUrl\":\"https:\/\/moto-pawmar.pl\/wp-content\/uploads\/2025\/10\/LOGO-SKLEP.png\",\"width\":2480,\"height\":2053,\"caption\":\"MOTO-PAWMAR\"},\"image\":{\"@id\":\"https:\/\/moto-pawmar.pl\/#\/schema\/logo\/image\/\"},\"sameAs\":[\"https:\/\/www.facebook.com\/motopawmar\/?locale=pl_PL\"]}]}<\/script>\n<!-- \/ Yoast SEO plugin. -->","yoast_head_json":{"title":"Kask Hjc I91 Solid Semi Flat Metallic Blue - MOTO-PAWMAR","robots":{"index":"index","follow":"follow","max-snippet":"max-snippet:-1","max-image-preview":"max-image-preview:large","max-video-preview":"max-video-preview:-1"},"canonical":"https:\/\/moto-pawmar.pl\/?product=kask-hjc-i91-solid-semi-flat-metallic-blue","og_locale":"pl_PL","og_type":"article","og_title":"Kask Hjc I91 Solid Semi Flat Metallic Blue - MOTO-PAWMAR","og_description":"Kask motocyklowy HJC i91 to nowe wcielenie popularnego modelu HJC i90. Znacz\u0105co poprawiono jego aerodynamik\u0119 jak i wentylacj\u0119, co zadowoli wszystkich motocyklist\u00f3w je\u017cd\u017c\u0105cych w dalekie trasy. I91 zyska\u0142 tak\u017ce now\u0105, regulowan\u0105 w trzech poziomach blend\u0119, a jego wn\u0119trze zosta\u0142o ca\u0142kowicie przeprojektowane, co znacz\u0105co wp\u0142ywa na komfort jazdy. Kask HJC i91 posiada podw\u00f3jn\u0105 homologacj\u0119, wi\u0119c mo\u017cna [&hellip;]","og_url":"https:\/\/moto-pawmar.pl\/?product=kask-hjc-i91-solid-semi-flat-metallic-blue","og_site_name":"MOTO-PAWMAR","article_publisher":"https:\/\/www.facebook.com\/motopawmar\/?locale=pl_PL","article_modified_time":"2025-10-30T09:59:28+00:00","og_image":[{"width":800,"height":800,"url":"https:\/\/moto-pawmar.pl\/wp-content\/uploads\/2025\/10\/303230_ZAL663533.jpg","type":"image\/jpeg"}],"twitter_card":"summary_large_image","twitter_misc":{"Szacowany czas czytania":"2 minuty"},"schema":{"@context":"https:\/\/schema.org","@graph":[{"@type":"WebPage","@id":"https:\/\/moto-pawmar.pl\/?product=kask-hjc-i91-solid-semi-flat-metallic-blue","url":"https:\/\/moto-pawmar.pl\/?product=kask-hjc-i91-solid-semi-flat-metallic-blue","name":"Kask Hjc I91 Solid Semi Flat Metallic Blue - MOTO-PAWMAR","isPartOf":{"@id":"https:\/\/moto-pawmar.pl\/#website"},"primaryImageOfPage":{"@id":"https:\/\/moto-pawmar.pl\/?product=kask-hjc-i91-solid-semi-flat-metallic-blue#primaryimage"},"image":{"@id":"https:\/\/moto-pawmar.pl\/?product=kask-hjc-i91-solid-semi-flat-metallic-blue#primaryimage"},"thumbnailUrl":"https:\/\/moto-pawmar.pl\/wp-content\/uploads\/2025\/10\/303230_ZAL663533.jpg","datePublished":"2025-10-30T09:49:32+00:00","dateModified":"2025-10-30T09:59:28+00:00","breadcrumb":{"@id":"https:\/\/moto-pawmar.pl\/?product=kask-hjc-i91-solid-semi-flat-metallic-blue#breadcrumb"},"inLanguage":"pl-PL","potentialAction":[{"@type":"ReadAction","target":["https:\/\/moto-pawmar.pl\/?product=kask-hjc-i91-solid-semi-flat-metallic-blue"]}]},{"@type":"ImageObject","inLanguage":"pl-PL","@id":"https:\/\/moto-pawmar.pl\/?product=kask-hjc-i91-solid-semi-flat-metallic-blue#primaryimage","url":"https:\/\/moto-pawmar.pl\/wp-content\/uploads\/2025\/10\/303230_ZAL663533.jpg","contentUrl":"https:\/\/moto-pawmar.pl\/wp-content\/uploads\/2025\/10\/303230_ZAL663533.jpg","width":800,"height":800},{"@type":"BreadcrumbList","@id":"https:\/\/moto-pawmar.pl\/?product=kask-hjc-i91-solid-semi-flat-metallic-blue#breadcrumb","itemListElement":[{"@type":"ListItem","position":1,"name":"Strona g\u0142\u00f3wna","item":"https:\/\/moto-pawmar.pl\/"},{"@type":"ListItem","position":2,"name":"Sklep Internetowy","item":"https:\/\/moto-pawmar.pl\/?page_id=367"},{"@type":"ListItem","position":3,"name":"Kask Hjc I91 Solid Semi Flat Metallic Blue"}]},{"@type":"WebSite","@id":"https:\/\/moto-pawmar.pl\/#website","url":"https:\/\/moto-pawmar.pl\/","name":"MOTO-PAWMAR","description":"MOTO\u2011PAWMAR \u2013 Tw\u00f3j sklep z cz\u0119\u015bciami i akcesoriami do motocykli, skuter\u00f3w i quad\u00f3w.","publisher":{"@id":"https:\/\/moto-pawmar.pl\/#organization"},"potentialAction":[{"@type":"SearchAction","target":{"@type":"EntryPoint","urlTemplate":"https:\/\/moto-pawmar.pl\/?s={search_term_string}"},"query-input":{"@type":"PropertyValueSpecification","valueRequired":true,"valueName":"search_term_string"}}],"inLanguage":"pl-PL"},{"@type":"Organization","@id":"https:\/\/moto-pawmar.pl\/#organization","name":"MOTO-PAWMAR","url":"https:\/\/moto-pawmar.pl\/","logo":{"@type":"ImageObject","inLanguage":"pl-PL","@id":"https:\/\/moto-pawmar.pl\/#\/schema\/logo\/image\/","url":"https:\/\/moto-pawmar.pl\/wp-content\/uploads\/2025\/10\/LOGO-SKLEP.png","contentUrl":"https:\/\/moto-pawmar.pl\/wp-content\/uploads\/2025\/10\/LOGO-SKLEP.png","width":2480,"height":2053,"caption":"MOTO-PAWMAR"},"image":{"@id":"https:\/\/moto-pawmar.pl\/#\/schema\/logo\/image\/"},"sameAs":["https:\/\/www.facebook.com\/motopawmar\/?locale=pl_PL"]}]}},"_links":{"self":[{"href":"https:\/\/moto-pawmar.pl\/index.php?rest_route=\/wp\/v2\/product\/3533","targetHints":{"allow":["GET"]}}],"collection":[{"href":"https:\/\/moto-pawmar.pl\/index.php?rest_route=\/wp\/v2\/product"}],"about":[{"href":"https:\/\/moto-pawmar.pl\/index.php?rest_route=\/wp\/v2\/types\/product"}],"wp:featuredmedia":[{"embeddable":true,"href":"https:\/\/moto-pawmar.pl\/index.php?rest_route=\/wp\/v2\/media\/3510"}],"wp:attachment":[{"href":"https:\/\/moto-pawmar.pl\/index.php?rest_route=%2Fwp%2Fv2%2Fmedia&parent=3533"}],"wp:term":[{"taxonomy":"product_brand","embeddable":true,"href":"https:\/\/moto-pawmar.pl\/index.php?rest_route=%2Fwp%2Fv2%2Fproduct_brand&post=3533"},{"taxonomy":"product_cat","embeddable":true,"href":"https:\/\/moto-pawmar.pl\/index.php?rest_route=%2Fwp%2Fv2%2Fproduct_cat&post=3533"},{"taxonomy":"product_tag","embeddable":true,"href":"https:\/\/moto-pawmar.pl\/index.php?rest_route=%2Fwp%2Fv2%2Fproduct_tag&post=3533"}],"curies":[{"name":"wp","href":"https:\/\/api.w.org\/{rel}","templated":true}]}}