{"id":3272,"date":"2025-10-28T14:32:28","date_gmt":"2025-10-28T13:32:28","guid":{"rendered":"https:\/\/moto-pawmar.pl\/?product=kask-hjc-f71-monkey-dj-blue-orange"},"modified":"2025-10-28T14:41:03","modified_gmt":"2025-10-28T13:41:03","slug":"kask-hjc-f71-monkey-dj-blue-orange","status":"publish","type":"product","link":"https:\/\/moto-pawmar.pl\/?product=kask-hjc-f71-monkey-dj-blue-orange","title":{"rendered":"Kask Hjc F71 Monkey Dj Blue Orange"},"content":{"rendered":"<p><strong>Kask motocyklowy HJC F71 <\/strong>to nowe wcielenie modelu F70. Zosta\u0142 ca\u0142kowicie przeprojektowany, zyskuj\u0105c nie tylko now\u0105 lini\u0119 ale tak\u017ce nowe funkcje. Jest to sportowo-turystyczny model z aerodynamiczn\u0105 skorup\u0105 z kompozytu w\u0142\u00f3kna szklanego. Zastosowano tu najbezpieczniejsze zapi\u0119cie DD. Posiada blend\u0119 z tr\u00f3jstopniow\u0105 regulacj\u0105. Jego udoskonalona wentylacja sprawdzi si\u0119 zar\u00f3wno podczas szybkiej turystyki szosowej jak i w miejskich realiach.<\/p>\n<p><strong>BEZPIECZE\u0143STWO<\/strong><\/p>\n<ul>\n<li><strong>kask spe\u0142nia rygorystyczn\u0105 norm\u0119 ECE R22.06<\/strong>, obejmuj\u0105c\u0105 rozszerzone testy t\u0142umienia energii uderzenia, odporno\u015bci na penetracj\u0119 skorupy i integralno\u015b\u0107 strukturaln\u0105 paska i zapi\u0119cia, co zapewnia <strong>najwy\u017cszy poziom bezpiecze\u0144stwa<\/strong><\/li>\n<\/ul>\n<ul>\n<li>Skorupa wykonana z <strong>niezwykle wytrzyma\u0142ego kompozytu w\u0142\u00f3kna szklanego<\/strong><\/li>\n<\/ul>\n<ul>\n<li><strong>system awaryjnego wyci\u0105gania poduszek policzkowych<\/strong> umo\u017cliwia ratownikom medycznym bezpieczne zdj\u0119cie kasku w krytycznej sytuacji<\/li>\n<li><strong>Podw\u00f3jna blokada szyby <\/strong>przydatna podczas u\u017cytkowania kasku na torze lub podczas szybkiej turystyki szosowej<\/li>\n<\/ul>\n<ul>\n<li><strong>Najbezpieczniejsze zapi\u0119cie DD<\/strong>, wymagane we wszystkich sportach motocyklowych \u015bwiata<\/li>\n<\/ul>\n<p><strong>KOMFORT<\/strong><\/p>\n<ul>\n<li><strong>3 rozmiary skorupy<\/strong> dla optymalnego dopasowania<\/li>\n<li><strong>ustawiana w trzech pozycjach blenda<\/strong> pozwala perfekcyjnie dopasowa\u0107 j\u0105 do w\u0142asnych potrzeb<\/li>\n<li>Nowa szyba HJ-38<strong> z 99% ochron\u0105 UV<\/strong> zapewnia jeszcze wi\u0119ksze pole widzenia i jest <strong>przystosowana pod Pinlock <\/strong>(w zestawie)<\/li>\n<\/ul>\n<ul>\n<li>Mo\u017cliwo\u015b\u0107 szybkiej wymiany szyby dzi\u0119ki intuicyjnemu mocowaniu <strong>Pivot Ratchet<\/strong><\/li>\n<\/ul>\n<ul>\n<li>Wyjmowana <strong>wy\u015bci\u00f3\u0142ka w pe\u0142ni nadaj\u0105ca si\u0119 do prania <\/strong>umo\u017cliwiaj\u0105ca utrzymanie kasku w nienagannej czysto\u015bci i \u015bwie\u017co\u015bci<\/li>\n<li><strong>Antybakteryjne wn\u0119trze <\/strong>o wysokim wsp\u00f3\u0142czynniku odprowadzania wilgoci<\/li>\n<li>wn\u0119trze kasku przystosowane jest <strong>dla os\u00f3b nosz\u0105cych okulary<\/strong><\/li>\n<li>kask przystosowany jest do monta\u017cu <strong>interkomu Smart HJC<\/strong> II generacji<\/li>\n<\/ul>\n<p><strong>WENTYLACJA<\/strong><\/p>\n<ul>\n<li><strong>Kask wyposa\u017cony jest w ACS (Advenced Channeling Ventylation System)<\/strong>, czyli system zaawansowanych kana\u0142\u00f3w i wlot\u00f3w wentylacyjnych po\u0142\u0105czonych z wylotami odprowadzaj\u0105cymi ciep\u0142e powietrze<\/li>\n<li>Ca\u0142kowicie przeprojektowana wentylacja, w kt\u00f3rej sk\u0142ad wchodz\u0105 <strong>zintegrowane 3 wloty i 2 wyloty powietrza, <\/strong>zosta\u0142y zoptymalizowane tak, aby kask nie parowa\u0142 wewn\u0105trz a cyrkulacja powietrza by\u0142a mo\u017cliwie wydajna<\/li>\n<li>zoptymalizowany w tunelu aerodynamicznym kszta\u0142t skorupy zapewnia <strong>niski poziom ha\u0142asu<\/strong> oraz aktywnie wspiera dzia\u0142anie wlot\u00f3w wentylacyjnych<\/li>\n<\/ul>\n<p><strong>CECHY SZCZEG\u00d3LNE<\/strong><\/p>\n<ul>\n<li>3 rozmiary skorupy kasku<\/li>\n<\/ul>\n<ul>\n<li>Odporna na zarysowania szyba HJ-38 przystosowana pod Pinlock z filtrem UV 99%<\/li>\n<li><strong>W zestawie:<\/strong> Pinlock 70, jasna szyba + blenda, podbr\u00f3dek i deflektor<\/li>\n<\/ul>\n<ul>\n<li>Certyfikaty: ECE 22.06<\/li>\n<li>Kask przystosowany pod interkom SMART HJC Bluetooth II generacji<\/li>\n<\/ul>\n<p><a style=\"color: red;\" href=\"https:\/\/powerlink.powerbike.pl\/Img\/inne\/dopobrania\/TabeleRozmiarow\/F71.jpg\" target=\"_blank\" rel=\"noopener\">Tabela Rozmiar\u00f3w<\/a><\/p>\n","protected":false},"excerpt":{"rendered":"<p>Kask motocyklowy HJC F71 to nowe wcielenie modelu F70. Zosta\u0142 ca\u0142kowicie przeprojektowany, zyskuj\u0105c nie tylko now\u0105 lini\u0119 ale tak\u017ce nowe funkcje. Jest to sportowo-turystyczny model z aerodynamiczn\u0105 skorup\u0105 z kompozytu w\u0142\u00f3kna szklanego. Zastosowano tu najbezpieczniejsze zapi\u0119cie DD. Posiada blend\u0119 z tr\u00f3jstopniow\u0105 regulacj\u0105. Jego udoskonalona wentylacja sprawdzi si\u0119 zar\u00f3wno podczas szybkiej turystyki szosowej jak i w [&hellip;]<\/p>\n","protected":false},"featured_media":3271,"template":"","meta":[],"product_brand":[339],"product_cat":[297,272],"product_tag":[],"class_list":{"0":"post-3272","1":"product","2":"type-product","3":"status-publish","4":"has-post-thumbnail","6":"product_brand-hjc","7":"product_cat-kaski-integralne","8":"product_cat-kaski","10":"first","11":"instock","12":"taxable","13":"shipping-taxable","14":"purchasable","15":"product-type-variable"},"yoast_head":"<!-- This site is optimized with the Yoast SEO plugin v26.9 - https:\/\/yoast.com\/product\/yoast-seo-wordpress\/ -->\n<title>Kask Hjc F71 Monkey Dj Blue Orange - MOTO-PAWMAR<\/title>\n<meta name=\"robots\" content=\"index, follow, max-snippet:-1, max-image-preview:large, max-video-preview:-1\" \/>\n<link rel=\"canonical\" href=\"https:\/\/moto-pawmar.pl\/?product=kask-hjc-f71-monkey-dj-blue-orange\" \/>\n<meta property=\"og:locale\" content=\"pl_PL\" \/>\n<meta property=\"og:type\" content=\"article\" \/>\n<meta property=\"og:title\" content=\"Kask Hjc F71 Monkey Dj Blue Orange - MOTO-PAWMAR\" \/>\n<meta property=\"og:description\" content=\"Kask motocyklowy HJC F71 to nowe wcielenie modelu F70. Zosta\u0142 ca\u0142kowicie przeprojektowany, zyskuj\u0105c nie tylko now\u0105 lini\u0119 ale tak\u017ce nowe funkcje. Jest to sportowo-turystyczny model z aerodynamiczn\u0105 skorup\u0105 z kompozytu w\u0142\u00f3kna szklanego. Zastosowano tu najbezpieczniejsze zapi\u0119cie DD. Posiada blend\u0119 z tr\u00f3jstopniow\u0105 regulacj\u0105. Jego udoskonalona wentylacja sprawdzi si\u0119 zar\u00f3wno podczas szybkiej turystyki szosowej jak i w [&hellip;]\" \/>\n<meta property=\"og:url\" content=\"https:\/\/moto-pawmar.pl\/?product=kask-hjc-f71-monkey-dj-blue-orange\" \/>\n<meta property=\"og:site_name\" content=\"MOTO-PAWMAR\" \/>\n<meta property=\"article:publisher\" content=\"https:\/\/www.facebook.com\/motopawmar\/?locale=pl_PL\" \/>\n<meta property=\"article:modified_time\" content=\"2025-10-28T13:41:03+00:00\" \/>\n<meta property=\"og:image\" content=\"https:\/\/moto-pawmar.pl\/wp-content\/uploads\/2025\/10\/332198_ZAL752078.jpg\" \/>\n\t<meta property=\"og:image:width\" content=\"800\" \/>\n\t<meta property=\"og:image:height\" content=\"800\" \/>\n\t<meta property=\"og:image:type\" content=\"image\/jpeg\" \/>\n<meta name=\"twitter:card\" content=\"summary_large_image\" \/>\n<meta name=\"twitter:label1\" content=\"Szacowany czas czytania\" \/>\n\t<meta name=\"twitter:data1\" content=\"2 minuty\" \/>\n<script type=\"application\/ld+json\" class=\"yoast-schema-graph\">{\"@context\":\"https:\/\/schema.org\",\"@graph\":[{\"@type\":\"WebPage\",\"@id\":\"https:\/\/moto-pawmar.pl\/?product=kask-hjc-f71-monkey-dj-blue-orange\",\"url\":\"https:\/\/moto-pawmar.pl\/?product=kask-hjc-f71-monkey-dj-blue-orange\",\"name\":\"Kask Hjc F71 Monkey Dj Blue Orange - MOTO-PAWMAR\",\"isPartOf\":{\"@id\":\"https:\/\/moto-pawmar.pl\/#website\"},\"primaryImageOfPage\":{\"@id\":\"https:\/\/moto-pawmar.pl\/?product=kask-hjc-f71-monkey-dj-blue-orange#primaryimage\"},\"image\":{\"@id\":\"https:\/\/moto-pawmar.pl\/?product=kask-hjc-f71-monkey-dj-blue-orange#primaryimage\"},\"thumbnailUrl\":\"https:\/\/moto-pawmar.pl\/wp-content\/uploads\/2025\/10\/332198_ZAL752078.jpg\",\"datePublished\":\"2025-10-28T13:32:28+00:00\",\"dateModified\":\"2025-10-28T13:41:03+00:00\",\"breadcrumb\":{\"@id\":\"https:\/\/moto-pawmar.pl\/?product=kask-hjc-f71-monkey-dj-blue-orange#breadcrumb\"},\"inLanguage\":\"pl-PL\",\"potentialAction\":[{\"@type\":\"ReadAction\",\"target\":[\"https:\/\/moto-pawmar.pl\/?product=kask-hjc-f71-monkey-dj-blue-orange\"]}]},{\"@type\":\"ImageObject\",\"inLanguage\":\"pl-PL\",\"@id\":\"https:\/\/moto-pawmar.pl\/?product=kask-hjc-f71-monkey-dj-blue-orange#primaryimage\",\"url\":\"https:\/\/moto-pawmar.pl\/wp-content\/uploads\/2025\/10\/332198_ZAL752078.jpg\",\"contentUrl\":\"https:\/\/moto-pawmar.pl\/wp-content\/uploads\/2025\/10\/332198_ZAL752078.jpg\",\"width\":800,\"height\":800},{\"@type\":\"BreadcrumbList\",\"@id\":\"https:\/\/moto-pawmar.pl\/?product=kask-hjc-f71-monkey-dj-blue-orange#breadcrumb\",\"itemListElement\":[{\"@type\":\"ListItem\",\"position\":1,\"name\":\"Strona g\u0142\u00f3wna\",\"item\":\"https:\/\/moto-pawmar.pl\/\"},{\"@type\":\"ListItem\",\"position\":2,\"name\":\"Sklep Internetowy\",\"item\":\"https:\/\/moto-pawmar.pl\/?page_id=367\"},{\"@type\":\"ListItem\",\"position\":3,\"name\":\"Kask Hjc F71 Monkey Dj Blue Orange\"}]},{\"@type\":\"WebSite\",\"@id\":\"https:\/\/moto-pawmar.pl\/#website\",\"url\":\"https:\/\/moto-pawmar.pl\/\",\"name\":\"MOTO-PAWMAR\",\"description\":\"MOTO\u2011PAWMAR \u2013 Tw\u00f3j sklep z cz\u0119\u015bciami i akcesoriami do motocykli, skuter\u00f3w i quad\u00f3w.\",\"publisher\":{\"@id\":\"https:\/\/moto-pawmar.pl\/#organization\"},\"potentialAction\":[{\"@type\":\"SearchAction\",\"target\":{\"@type\":\"EntryPoint\",\"urlTemplate\":\"https:\/\/moto-pawmar.pl\/?s={search_term_string}\"},\"query-input\":{\"@type\":\"PropertyValueSpecification\",\"valueRequired\":true,\"valueName\":\"search_term_string\"}}],\"inLanguage\":\"pl-PL\"},{\"@type\":\"Organization\",\"@id\":\"https:\/\/moto-pawmar.pl\/#organization\",\"name\":\"MOTO-PAWMAR\",\"url\":\"https:\/\/moto-pawmar.pl\/\",\"logo\":{\"@type\":\"ImageObject\",\"inLanguage\":\"pl-PL\",\"@id\":\"https:\/\/moto-pawmar.pl\/#\/schema\/logo\/image\/\",\"url\":\"https:\/\/moto-pawmar.pl\/wp-content\/uploads\/2025\/10\/LOGO-SKLEP.png\",\"contentUrl\":\"https:\/\/moto-pawmar.pl\/wp-content\/uploads\/2025\/10\/LOGO-SKLEP.png\",\"width\":2480,\"height\":2053,\"caption\":\"MOTO-PAWMAR\"},\"image\":{\"@id\":\"https:\/\/moto-pawmar.pl\/#\/schema\/logo\/image\/\"},\"sameAs\":[\"https:\/\/www.facebook.com\/motopawmar\/?locale=pl_PL\"]}]}<\/script>\n<!-- \/ Yoast SEO plugin. -->","yoast_head_json":{"title":"Kask Hjc F71 Monkey Dj Blue Orange - MOTO-PAWMAR","robots":{"index":"index","follow":"follow","max-snippet":"max-snippet:-1","max-image-preview":"max-image-preview:large","max-video-preview":"max-video-preview:-1"},"canonical":"https:\/\/moto-pawmar.pl\/?product=kask-hjc-f71-monkey-dj-blue-orange","og_locale":"pl_PL","og_type":"article","og_title":"Kask Hjc F71 Monkey Dj Blue Orange - MOTO-PAWMAR","og_description":"Kask motocyklowy HJC F71 to nowe wcielenie modelu F70. Zosta\u0142 ca\u0142kowicie przeprojektowany, zyskuj\u0105c nie tylko now\u0105 lini\u0119 ale tak\u017ce nowe funkcje. Jest to sportowo-turystyczny model z aerodynamiczn\u0105 skorup\u0105 z kompozytu w\u0142\u00f3kna szklanego. Zastosowano tu najbezpieczniejsze zapi\u0119cie DD. Posiada blend\u0119 z tr\u00f3jstopniow\u0105 regulacj\u0105. Jego udoskonalona wentylacja sprawdzi si\u0119 zar\u00f3wno podczas szybkiej turystyki szosowej jak i w [&hellip;]","og_url":"https:\/\/moto-pawmar.pl\/?product=kask-hjc-f71-monkey-dj-blue-orange","og_site_name":"MOTO-PAWMAR","article_publisher":"https:\/\/www.facebook.com\/motopawmar\/?locale=pl_PL","article_modified_time":"2025-10-28T13:41:03+00:00","og_image":[{"width":800,"height":800,"url":"https:\/\/moto-pawmar.pl\/wp-content\/uploads\/2025\/10\/332198_ZAL752078.jpg","type":"image\/jpeg"}],"twitter_card":"summary_large_image","twitter_misc":{"Szacowany czas czytania":"2 minuty"},"schema":{"@context":"https:\/\/schema.org","@graph":[{"@type":"WebPage","@id":"https:\/\/moto-pawmar.pl\/?product=kask-hjc-f71-monkey-dj-blue-orange","url":"https:\/\/moto-pawmar.pl\/?product=kask-hjc-f71-monkey-dj-blue-orange","name":"Kask Hjc F71 Monkey Dj Blue Orange - MOTO-PAWMAR","isPartOf":{"@id":"https:\/\/moto-pawmar.pl\/#website"},"primaryImageOfPage":{"@id":"https:\/\/moto-pawmar.pl\/?product=kask-hjc-f71-monkey-dj-blue-orange#primaryimage"},"image":{"@id":"https:\/\/moto-pawmar.pl\/?product=kask-hjc-f71-monkey-dj-blue-orange#primaryimage"},"thumbnailUrl":"https:\/\/moto-pawmar.pl\/wp-content\/uploads\/2025\/10\/332198_ZAL752078.jpg","datePublished":"2025-10-28T13:32:28+00:00","dateModified":"2025-10-28T13:41:03+00:00","breadcrumb":{"@id":"https:\/\/moto-pawmar.pl\/?product=kask-hjc-f71-monkey-dj-blue-orange#breadcrumb"},"inLanguage":"pl-PL","potentialAction":[{"@type":"ReadAction","target":["https:\/\/moto-pawmar.pl\/?product=kask-hjc-f71-monkey-dj-blue-orange"]}]},{"@type":"ImageObject","inLanguage":"pl-PL","@id":"https:\/\/moto-pawmar.pl\/?product=kask-hjc-f71-monkey-dj-blue-orange#primaryimage","url":"https:\/\/moto-pawmar.pl\/wp-content\/uploads\/2025\/10\/332198_ZAL752078.jpg","contentUrl":"https:\/\/moto-pawmar.pl\/wp-content\/uploads\/2025\/10\/332198_ZAL752078.jpg","width":800,"height":800},{"@type":"BreadcrumbList","@id":"https:\/\/moto-pawmar.pl\/?product=kask-hjc-f71-monkey-dj-blue-orange#breadcrumb","itemListElement":[{"@type":"ListItem","position":1,"name":"Strona g\u0142\u00f3wna","item":"https:\/\/moto-pawmar.pl\/"},{"@type":"ListItem","position":2,"name":"Sklep Internetowy","item":"https:\/\/moto-pawmar.pl\/?page_id=367"},{"@type":"ListItem","position":3,"name":"Kask Hjc F71 Monkey Dj Blue Orange"}]},{"@type":"WebSite","@id":"https:\/\/moto-pawmar.pl\/#website","url":"https:\/\/moto-pawmar.pl\/","name":"MOTO-PAWMAR","description":"MOTO\u2011PAWMAR \u2013 Tw\u00f3j sklep z cz\u0119\u015bciami i akcesoriami do motocykli, skuter\u00f3w i quad\u00f3w.","publisher":{"@id":"https:\/\/moto-pawmar.pl\/#organization"},"potentialAction":[{"@type":"SearchAction","target":{"@type":"EntryPoint","urlTemplate":"https:\/\/moto-pawmar.pl\/?s={search_term_string}"},"query-input":{"@type":"PropertyValueSpecification","valueRequired":true,"valueName":"search_term_string"}}],"inLanguage":"pl-PL"},{"@type":"Organization","@id":"https:\/\/moto-pawmar.pl\/#organization","name":"MOTO-PAWMAR","url":"https:\/\/moto-pawmar.pl\/","logo":{"@type":"ImageObject","inLanguage":"pl-PL","@id":"https:\/\/moto-pawmar.pl\/#\/schema\/logo\/image\/","url":"https:\/\/moto-pawmar.pl\/wp-content\/uploads\/2025\/10\/LOGO-SKLEP.png","contentUrl":"https:\/\/moto-pawmar.pl\/wp-content\/uploads\/2025\/10\/LOGO-SKLEP.png","width":2480,"height":2053,"caption":"MOTO-PAWMAR"},"image":{"@id":"https:\/\/moto-pawmar.pl\/#\/schema\/logo\/image\/"},"sameAs":["https:\/\/www.facebook.com\/motopawmar\/?locale=pl_PL"]}]}},"_links":{"self":[{"href":"https:\/\/moto-pawmar.pl\/index.php?rest_route=\/wp\/v2\/product\/3272","targetHints":{"allow":["GET"]}}],"collection":[{"href":"https:\/\/moto-pawmar.pl\/index.php?rest_route=\/wp\/v2\/product"}],"about":[{"href":"https:\/\/moto-pawmar.pl\/index.php?rest_route=\/wp\/v2\/types\/product"}],"wp:featuredmedia":[{"embeddable":true,"href":"https:\/\/moto-pawmar.pl\/index.php?rest_route=\/wp\/v2\/media\/3271"}],"wp:attachment":[{"href":"https:\/\/moto-pawmar.pl\/index.php?rest_route=%2Fwp%2Fv2%2Fmedia&parent=3272"}],"wp:term":[{"taxonomy":"product_brand","embeddable":true,"href":"https:\/\/moto-pawmar.pl\/index.php?rest_route=%2Fwp%2Fv2%2Fproduct_brand&post=3272"},{"taxonomy":"product_cat","embeddable":true,"href":"https:\/\/moto-pawmar.pl\/index.php?rest_route=%2Fwp%2Fv2%2Fproduct_cat&post=3272"},{"taxonomy":"product_tag","embeddable":true,"href":"https:\/\/moto-pawmar.pl\/index.php?rest_route=%2Fwp%2Fv2%2Fproduct_tag&post=3272"}],"curies":[{"name":"wp","href":"https:\/\/api.w.org\/{rel}","templated":true}]}}