{"id":2840,"date":"2025-10-27T10:17:48","date_gmt":"2025-10-27T09:17:48","guid":{"rendered":"https:\/\/moto-pawmar.pl\/?product=smycz-do-telefonu-z-karabi%ef%bf%bdczykiem-sp-connect-spc-spc"},"modified":"2025-10-27T10:25:46","modified_gmt":"2025-10-27T09:25:46","slug":"smycz-do-telefonu-z-karabi%ef%bf%bdczykiem-sp-connect-spc-spc","status":"publish","type":"product","link":"https:\/\/moto-pawmar.pl\/?product=smycz-do-telefonu-z-karabi%ef%bf%bdczykiem-sp-connect-spc-spc","title":{"rendered":"Smycz Do Telefonu Z Karabi\u0144czykiem Sp Connect Spc\/Spc+"},"content":{"rendered":"<p><strong>Smycz do telefonu z karabi\u0144czykiem SP-Connect &#8211;\u00a0<\/strong>Ta smycz to idealne rozwi\u0105zanie zar\u00f3wno na co dzie\u0144, jak i podczas podr\u00f3\u017cy. Dzi\u0119ki niej mo\u017cesz mie\u0107 wolne r\u0119ce, jednocze\u015bnie zapewniaj\u0105c sobie spok\u00f3j ducha, \u017ce Tw\u00f3j telefon jest zawsze bezpieczny i pod r\u0119k\u0105.<\/p>\n<ul>\n<li>Wytrzyma\u0142a i regulowana smycz (d\u0142ugo\u015b\u0107 od 390 do 760 mm)<\/li>\n<li>Karabi\u0144czyk dla \u0142atwego i szybkiego mocowania<\/li>\n<\/ul>\n<p><strong>Monta\u017c:<\/strong><\/p>\n<p>Monta\u017c jest dziecinnie prosty: wystarczy umie\u015bci\u0107 prostok\u0105tny element w etui telefonu i przymocowa\u0107 karabi\u0144czyk na ko\u0144cu smyczy.<\/p>\n<p>Smycz jest wygodna i trwa\u0142a, mo\u017cna j\u0105 nosi\u0107 na r\u00f3\u017cne sposoby: na szyi, przez rami\u0119 lub przez tu\u0142\u00f3w. Telefon jest zawsze bezpieczny, wygodny w u\u017cyciu i \u0142atwo dost\u0119pny. Smycz jest regulowana, wi\u0119c dopasujesz j\u0105 idealnie do swoich potrzeb.<\/p>\n<p><strong>Wymiary:<\/strong><\/p>\n<p>D\u0142ugo\u015b\u0107 smyczy (bez karabi\u0144czyka): od 390 do 760 mm<\/p>\n<p><strong>W zestawie:<\/strong><\/p>\n<p>1 \u00d7 D\u0142uga smycz do etui na telefon<\/p>\n","protected":false},"excerpt":{"rendered":"<p>Smycz do telefonu z karabi\u0144czykiem SP-Connect &#8211;\u00a0Ta smycz to idealne rozwi\u0105zanie zar\u00f3wno na co dzie\u0144, jak i podczas podr\u00f3\u017cy. Dzi\u0119ki niej mo\u017cesz mie\u0107 wolne r\u0119ce, jednocze\u015bnie zapewniaj\u0105c sobie spok\u00f3j ducha, \u017ce Tw\u00f3j telefon jest zawsze bezpieczny i pod r\u0119k\u0105. Wytrzyma\u0142a i regulowana smycz (d\u0142ugo\u015b\u0107 od 390 do 760 mm) Karabi\u0144czyk dla \u0142atwego i szybkiego mocowania [&hellip;]<\/p>\n","protected":false},"featured_media":2839,"template":"","meta":[],"product_brand":[345],"product_cat":[306,309],"product_tag":[],"class_list":{"0":"post-2840","1":"product","2":"type-product","3":"status-publish","4":"has-post-thumbnail","6":"product_brand-sp-connect","7":"product_cat-elektronika-interkomy","8":"product_cat-uchwyty-ladowarki","10":"first","11":"instock","12":"taxable","13":"shipping-taxable","14":"purchasable","15":"product-type-simple"},"yoast_head":"<!-- This site is optimized with the Yoast SEO plugin v26.9 - https:\/\/yoast.com\/product\/yoast-seo-wordpress\/ -->\n<title>Smycz Do Telefonu Z Karabi\u0144czykiem Sp Connect Spc\/Spc+ - MOTO-PAWMAR<\/title>\n<meta name=\"robots\" content=\"index, follow, max-snippet:-1, max-image-preview:large, max-video-preview:-1\" \/>\n<link rel=\"canonical\" href=\"https:\/\/moto-pawmar.pl\/?product=smycz-do-telefonu-z-karabi\ufffdczykiem-sp-connect-spc-spc\" \/>\n<meta property=\"og:locale\" content=\"pl_PL\" \/>\n<meta property=\"og:type\" content=\"article\" \/>\n<meta property=\"og:title\" content=\"Smycz Do Telefonu Z Karabi\u0144czykiem Sp Connect Spc\/Spc+ - MOTO-PAWMAR\" \/>\n<meta property=\"og:description\" content=\"Smycz do telefonu z karabi\u0144czykiem SP-Connect &#8211;\u00a0Ta smycz to idealne rozwi\u0105zanie zar\u00f3wno na co dzie\u0144, jak i podczas podr\u00f3\u017cy. Dzi\u0119ki niej mo\u017cesz mie\u0107 wolne r\u0119ce, jednocze\u015bnie zapewniaj\u0105c sobie spok\u00f3j ducha, \u017ce Tw\u00f3j telefon jest zawsze bezpieczny i pod r\u0119k\u0105. Wytrzyma\u0142a i regulowana smycz (d\u0142ugo\u015b\u0107 od 390 do 760 mm) Karabi\u0144czyk dla \u0142atwego i szybkiego mocowania [&hellip;]\" \/>\n<meta property=\"og:url\" content=\"https:\/\/moto-pawmar.pl\/?product=smycz-do-telefonu-z-karabi\ufffdczykiem-sp-connect-spc-spc\" \/>\n<meta property=\"og:site_name\" content=\"MOTO-PAWMAR\" \/>\n<meta property=\"article:publisher\" content=\"https:\/\/www.facebook.com\/motopawmar\/?locale=pl_PL\" \/>\n<meta property=\"article:modified_time\" content=\"2025-10-27T09:25:46+00:00\" \/>\n<meta property=\"og:image\" content=\"https:\/\/moto-pawmar.pl\/wp-content\/uploads\/2025\/10\/301807_ZAL692589.jpg\" \/>\n\t<meta property=\"og:image:width\" content=\"800\" \/>\n\t<meta property=\"og:image:height\" content=\"800\" \/>\n\t<meta property=\"og:image:type\" content=\"image\/jpeg\" \/>\n<meta name=\"twitter:card\" content=\"summary_large_image\" \/>\n<meta name=\"twitter:label1\" content=\"Szacowany czas czytania\" \/>\n\t<meta name=\"twitter:data1\" content=\"1 minuta\" \/>\n<script type=\"application\/ld+json\" class=\"yoast-schema-graph\">{\"@context\":\"https:\/\/schema.org\",\"@graph\":[{\"@type\":\"WebPage\",\"@id\":\"https:\/\/moto-pawmar.pl\/?product=smycz-do-telefonu-z-karabi%ef%bf%bdczykiem-sp-connect-spc-spc\",\"url\":\"https:\/\/moto-pawmar.pl\/?product=smycz-do-telefonu-z-karabi%ef%bf%bdczykiem-sp-connect-spc-spc\",\"name\":\"Smycz Do Telefonu Z Karabi\u0144czykiem Sp Connect Spc\/Spc+ - MOTO-PAWMAR\",\"isPartOf\":{\"@id\":\"https:\/\/moto-pawmar.pl\/#website\"},\"primaryImageOfPage\":{\"@id\":\"https:\/\/moto-pawmar.pl\/?product=smycz-do-telefonu-z-karabi%ef%bf%bdczykiem-sp-connect-spc-spc#primaryimage\"},\"image\":{\"@id\":\"https:\/\/moto-pawmar.pl\/?product=smycz-do-telefonu-z-karabi%ef%bf%bdczykiem-sp-connect-spc-spc#primaryimage\"},\"thumbnailUrl\":\"https:\/\/moto-pawmar.pl\/wp-content\/uploads\/2025\/10\/301807_ZAL692589.jpg\",\"datePublished\":\"2025-10-27T09:17:48+00:00\",\"dateModified\":\"2025-10-27T09:25:46+00:00\",\"breadcrumb\":{\"@id\":\"https:\/\/moto-pawmar.pl\/?product=smycz-do-telefonu-z-karabi%ef%bf%bdczykiem-sp-connect-spc-spc#breadcrumb\"},\"inLanguage\":\"pl-PL\",\"potentialAction\":[{\"@type\":\"ReadAction\",\"target\":[\"https:\/\/moto-pawmar.pl\/?product=smycz-do-telefonu-z-karabi%ef%bf%bdczykiem-sp-connect-spc-spc\"]}]},{\"@type\":\"ImageObject\",\"inLanguage\":\"pl-PL\",\"@id\":\"https:\/\/moto-pawmar.pl\/?product=smycz-do-telefonu-z-karabi%ef%bf%bdczykiem-sp-connect-spc-spc#primaryimage\",\"url\":\"https:\/\/moto-pawmar.pl\/wp-content\/uploads\/2025\/10\/301807_ZAL692589.jpg\",\"contentUrl\":\"https:\/\/moto-pawmar.pl\/wp-content\/uploads\/2025\/10\/301807_ZAL692589.jpg\",\"width\":800,\"height\":800},{\"@type\":\"BreadcrumbList\",\"@id\":\"https:\/\/moto-pawmar.pl\/?product=smycz-do-telefonu-z-karabi%ef%bf%bdczykiem-sp-connect-spc-spc#breadcrumb\",\"itemListElement\":[{\"@type\":\"ListItem\",\"position\":1,\"name\":\"Strona g\u0142\u00f3wna\",\"item\":\"https:\/\/moto-pawmar.pl\/\"},{\"@type\":\"ListItem\",\"position\":2,\"name\":\"Sklep Internetowy\",\"item\":\"https:\/\/moto-pawmar.pl\/?page_id=367\"},{\"@type\":\"ListItem\",\"position\":3,\"name\":\"Smycz Do Telefonu Z Karabi\u0144czykiem Sp Connect Spc\/Spc+\"}]},{\"@type\":\"WebSite\",\"@id\":\"https:\/\/moto-pawmar.pl\/#website\",\"url\":\"https:\/\/moto-pawmar.pl\/\",\"name\":\"MOTO-PAWMAR\",\"description\":\"MOTO\u2011PAWMAR \u2013 Tw\u00f3j sklep z cz\u0119\u015bciami i akcesoriami do motocykli, skuter\u00f3w i quad\u00f3w.\",\"publisher\":{\"@id\":\"https:\/\/moto-pawmar.pl\/#organization\"},\"potentialAction\":[{\"@type\":\"SearchAction\",\"target\":{\"@type\":\"EntryPoint\",\"urlTemplate\":\"https:\/\/moto-pawmar.pl\/?s={search_term_string}\"},\"query-input\":{\"@type\":\"PropertyValueSpecification\",\"valueRequired\":true,\"valueName\":\"search_term_string\"}}],\"inLanguage\":\"pl-PL\"},{\"@type\":\"Organization\",\"@id\":\"https:\/\/moto-pawmar.pl\/#organization\",\"name\":\"MOTO-PAWMAR\",\"url\":\"https:\/\/moto-pawmar.pl\/\",\"logo\":{\"@type\":\"ImageObject\",\"inLanguage\":\"pl-PL\",\"@id\":\"https:\/\/moto-pawmar.pl\/#\/schema\/logo\/image\/\",\"url\":\"https:\/\/moto-pawmar.pl\/wp-content\/uploads\/2025\/10\/LOGO-SKLEP.png\",\"contentUrl\":\"https:\/\/moto-pawmar.pl\/wp-content\/uploads\/2025\/10\/LOGO-SKLEP.png\",\"width\":2480,\"height\":2053,\"caption\":\"MOTO-PAWMAR\"},\"image\":{\"@id\":\"https:\/\/moto-pawmar.pl\/#\/schema\/logo\/image\/\"},\"sameAs\":[\"https:\/\/www.facebook.com\/motopawmar\/?locale=pl_PL\"]}]}<\/script>\n<!-- \/ Yoast SEO plugin. -->","yoast_head_json":{"title":"Smycz Do Telefonu Z Karabi\u0144czykiem Sp Connect Spc\/Spc+ - MOTO-PAWMAR","robots":{"index":"index","follow":"follow","max-snippet":"max-snippet:-1","max-image-preview":"max-image-preview:large","max-video-preview":"max-video-preview:-1"},"canonical":"https:\/\/moto-pawmar.pl\/?product=smycz-do-telefonu-z-karabi\ufffdczykiem-sp-connect-spc-spc","og_locale":"pl_PL","og_type":"article","og_title":"Smycz Do Telefonu Z Karabi\u0144czykiem Sp Connect Spc\/Spc+ - MOTO-PAWMAR","og_description":"Smycz do telefonu z karabi\u0144czykiem SP-Connect &#8211;\u00a0Ta smycz to idealne rozwi\u0105zanie zar\u00f3wno na co dzie\u0144, jak i podczas podr\u00f3\u017cy. Dzi\u0119ki niej mo\u017cesz mie\u0107 wolne r\u0119ce, jednocze\u015bnie zapewniaj\u0105c sobie spok\u00f3j ducha, \u017ce Tw\u00f3j telefon jest zawsze bezpieczny i pod r\u0119k\u0105. Wytrzyma\u0142a i regulowana smycz (d\u0142ugo\u015b\u0107 od 390 do 760 mm) Karabi\u0144czyk dla \u0142atwego i szybkiego mocowania [&hellip;]","og_url":"https:\/\/moto-pawmar.pl\/?product=smycz-do-telefonu-z-karabi\ufffdczykiem-sp-connect-spc-spc","og_site_name":"MOTO-PAWMAR","article_publisher":"https:\/\/www.facebook.com\/motopawmar\/?locale=pl_PL","article_modified_time":"2025-10-27T09:25:46+00:00","og_image":[{"width":800,"height":800,"url":"https:\/\/moto-pawmar.pl\/wp-content\/uploads\/2025\/10\/301807_ZAL692589.jpg","type":"image\/jpeg"}],"twitter_card":"summary_large_image","twitter_misc":{"Szacowany czas czytania":"1 minuta"},"schema":{"@context":"https:\/\/schema.org","@graph":[{"@type":"WebPage","@id":"https:\/\/moto-pawmar.pl\/?product=smycz-do-telefonu-z-karabi%ef%bf%bdczykiem-sp-connect-spc-spc","url":"https:\/\/moto-pawmar.pl\/?product=smycz-do-telefonu-z-karabi%ef%bf%bdczykiem-sp-connect-spc-spc","name":"Smycz Do Telefonu Z Karabi\u0144czykiem Sp Connect Spc\/Spc+ - MOTO-PAWMAR","isPartOf":{"@id":"https:\/\/moto-pawmar.pl\/#website"},"primaryImageOfPage":{"@id":"https:\/\/moto-pawmar.pl\/?product=smycz-do-telefonu-z-karabi%ef%bf%bdczykiem-sp-connect-spc-spc#primaryimage"},"image":{"@id":"https:\/\/moto-pawmar.pl\/?product=smycz-do-telefonu-z-karabi%ef%bf%bdczykiem-sp-connect-spc-spc#primaryimage"},"thumbnailUrl":"https:\/\/moto-pawmar.pl\/wp-content\/uploads\/2025\/10\/301807_ZAL692589.jpg","datePublished":"2025-10-27T09:17:48+00:00","dateModified":"2025-10-27T09:25:46+00:00","breadcrumb":{"@id":"https:\/\/moto-pawmar.pl\/?product=smycz-do-telefonu-z-karabi%ef%bf%bdczykiem-sp-connect-spc-spc#breadcrumb"},"inLanguage":"pl-PL","potentialAction":[{"@type":"ReadAction","target":["https:\/\/moto-pawmar.pl\/?product=smycz-do-telefonu-z-karabi%ef%bf%bdczykiem-sp-connect-spc-spc"]}]},{"@type":"ImageObject","inLanguage":"pl-PL","@id":"https:\/\/moto-pawmar.pl\/?product=smycz-do-telefonu-z-karabi%ef%bf%bdczykiem-sp-connect-spc-spc#primaryimage","url":"https:\/\/moto-pawmar.pl\/wp-content\/uploads\/2025\/10\/301807_ZAL692589.jpg","contentUrl":"https:\/\/moto-pawmar.pl\/wp-content\/uploads\/2025\/10\/301807_ZAL692589.jpg","width":800,"height":800},{"@type":"BreadcrumbList","@id":"https:\/\/moto-pawmar.pl\/?product=smycz-do-telefonu-z-karabi%ef%bf%bdczykiem-sp-connect-spc-spc#breadcrumb","itemListElement":[{"@type":"ListItem","position":1,"name":"Strona g\u0142\u00f3wna","item":"https:\/\/moto-pawmar.pl\/"},{"@type":"ListItem","position":2,"name":"Sklep Internetowy","item":"https:\/\/moto-pawmar.pl\/?page_id=367"},{"@type":"ListItem","position":3,"name":"Smycz Do Telefonu Z Karabi\u0144czykiem Sp Connect Spc\/Spc+"}]},{"@type":"WebSite","@id":"https:\/\/moto-pawmar.pl\/#website","url":"https:\/\/moto-pawmar.pl\/","name":"MOTO-PAWMAR","description":"MOTO\u2011PAWMAR \u2013 Tw\u00f3j sklep z cz\u0119\u015bciami i akcesoriami do motocykli, skuter\u00f3w i quad\u00f3w.","publisher":{"@id":"https:\/\/moto-pawmar.pl\/#organization"},"potentialAction":[{"@type":"SearchAction","target":{"@type":"EntryPoint","urlTemplate":"https:\/\/moto-pawmar.pl\/?s={search_term_string}"},"query-input":{"@type":"PropertyValueSpecification","valueRequired":true,"valueName":"search_term_string"}}],"inLanguage":"pl-PL"},{"@type":"Organization","@id":"https:\/\/moto-pawmar.pl\/#organization","name":"MOTO-PAWMAR","url":"https:\/\/moto-pawmar.pl\/","logo":{"@type":"ImageObject","inLanguage":"pl-PL","@id":"https:\/\/moto-pawmar.pl\/#\/schema\/logo\/image\/","url":"https:\/\/moto-pawmar.pl\/wp-content\/uploads\/2025\/10\/LOGO-SKLEP.png","contentUrl":"https:\/\/moto-pawmar.pl\/wp-content\/uploads\/2025\/10\/LOGO-SKLEP.png","width":2480,"height":2053,"caption":"MOTO-PAWMAR"},"image":{"@id":"https:\/\/moto-pawmar.pl\/#\/schema\/logo\/image\/"},"sameAs":["https:\/\/www.facebook.com\/motopawmar\/?locale=pl_PL"]}]}},"_links":{"self":[{"href":"https:\/\/moto-pawmar.pl\/index.php?rest_route=\/wp\/v2\/product\/2840","targetHints":{"allow":["GET"]}}],"collection":[{"href":"https:\/\/moto-pawmar.pl\/index.php?rest_route=\/wp\/v2\/product"}],"about":[{"href":"https:\/\/moto-pawmar.pl\/index.php?rest_route=\/wp\/v2\/types\/product"}],"wp:featuredmedia":[{"embeddable":true,"href":"https:\/\/moto-pawmar.pl\/index.php?rest_route=\/wp\/v2\/media\/2839"}],"wp:attachment":[{"href":"https:\/\/moto-pawmar.pl\/index.php?rest_route=%2Fwp%2Fv2%2Fmedia&parent=2840"}],"wp:term":[{"taxonomy":"product_brand","embeddable":true,"href":"https:\/\/moto-pawmar.pl\/index.php?rest_route=%2Fwp%2Fv2%2Fproduct_brand&post=2840"},{"taxonomy":"product_cat","embeddable":true,"href":"https:\/\/moto-pawmar.pl\/index.php?rest_route=%2Fwp%2Fv2%2Fproduct_cat&post=2840"},{"taxonomy":"product_tag","embeddable":true,"href":"https:\/\/moto-pawmar.pl\/index.php?rest_route=%2Fwp%2Fv2%2Fproduct_tag&post=2840"}],"curies":[{"name":"wp","href":"https:\/\/api.w.org\/{rel}","templated":true}]}}