{"id":15474,"date":"2026-02-03T10:39:09","date_gmt":"2026-02-03T09:39:09","guid":{"rendered":"https:\/\/moto-pawmar.pl\/?post_type=product&#038;p=15474"},"modified":"2026-02-03T10:39:30","modified_gmt":"2026-02-03T09:39:30","slug":"jeansy-motocyklowe-rebelhorn-bronco-washed-blue-monolayer","status":"publish","type":"product","link":"https:\/\/moto-pawmar.pl\/?product=jeansy-motocyklowe-rebelhorn-bronco-washed-blue-monolayer","title":{"rendered":"Jeansy motocyklowe Rebelhorn Bronco Washed Blue Monolayer"},"content":{"rendered":"<p><strong>Jednowarstwowe jeansy motocyklowe Rebelhorn Bronco<\/strong>\u00a0to nowoczesne, jednowarstwowe jeansy stworzone z my\u015bl\u0105 o je\u017adzie miejskiej, kt\u00f3re \u0142\u0105cz\u0105 styl, ochron\u0119 i komfort. Wykonane z zaawansowanego materia\u0142u Armalith\u00ae, oferuj\u0105 odporno\u015b\u0107 na przetarcia, oddychalno\u015b\u0107 oraz rozci\u0105gliwo\u015b\u0107, zapewniaj\u0105c jednocze\u015bnie ochron\u0119 przed promieniowaniem UV. Jeansy Rebelhorn Bronco wyposa\u017cone s\u0105 w nowoczesne, zaawansowane i biodegradowalne ochraniacze RE ZRO<strong>\u00ae<\/strong>.<\/p>\n<p>&nbsp;<\/p>\n<p><strong>Przeznaczenie:<\/strong>\u00a0Miasto<\/p>\n<p><strong>Liczba warstw:<\/strong>\u00a01<\/p>\n<p><strong>Dopasowanie:<\/strong>\u00a0Regular<\/p>\n<p><strong>Warstwy:<\/strong><\/p>\n<p>Jeansy wykonane s\u0105 z materia\u0142u Armalith\u00ae, kt\u00f3ry \u0142\u0105czy wytrzyma\u0142o\u015b\u0107, elastyczno\u015b\u0107 oraz komfort noszenia. Dzi\u0119ki jego zastosowaniu spodnie s\u0105 jednowarstwowe, co ma ogromny wp\u0142yw na wygod\u0119 noszenia.<\/p>\n<ul>\n<li><strong>Warstwa zewn\u0119trzna (Armalith 90 822):\u00a0<\/strong>67% Cotton, 32% Polyamide, 1% Elastane<\/li>\n<li><strong>Podszewka:\u00a0<\/strong>48% Cotton, 52% Polyester<\/li>\n<\/ul>\n<p><strong>Ochraniacze\/Bezpiecze\u0144stwo:<\/strong><\/p>\n<p>Jeansy Rebelhorn Bronco oferuj\u0105 wysok\u0105 ochron\u0119 dzi\u0119ki ochraniaczom bioder, ko\u015bci ogonowej i kolan (z regulacj\u0105 po\u0142o\u017cenia). Ochraniacze RE ZRO<strong>\u00ae<\/strong>\u00a0s\u0105 lekkie i elastyczne, co zwi\u0119ksza komfort u\u017cytkowania.<\/p>\n<ul>\n<li><strong>Kolana:<\/strong>\u00a0RE ZRO<strong>\u00ae<\/strong>\u00a0CE-Level 2 MK1-F1-EK \u2013 mo\u017cliwo\u015b\u0107 regulacji pozycji, wk\u0142adane od wewn\u0105trz<\/li>\n<li><strong>Biodra:<\/strong>\u00a0RE ZRO<strong>\u00ae<\/strong>\u00a0CE-Level 2 MK1-C2-H<\/li>\n<li><strong>Ko\u015b\u0107 ogonowa:<\/strong>\u00a0RE ZRO<strong>\u00ae<\/strong>\u00a0MK1-TB01<\/li>\n<li>CE: EN 17092-3:2020\u00a0<strong>LEVEL AA<\/strong><\/li>\n<\/ul>\n<p><strong>Dopasowanie:<\/strong><\/p>\n<p>Dodatek elastanu zapewnia idealne dopasowanie do sylwetki oraz pe\u0142n\u0105 swobod\u0119 ruch\u00f3w.<\/p>\n<p><strong>Komfort + Dodatkowe cechy:<\/strong><\/p>\n<p>Rebelhorn Bronco to jednowarstwowe, lekkie jeansy, kt\u00f3re zapewniaj\u0105 komfort u\u017cytkowania zar\u00f3wno na motocyklu, jak i na co dzie\u0144. Dzi\u0119ki nowoczesnym technologiom, takim jak szwy IronSeam\u2122 i Quick Dry Mesh, jeansy te s\u0105 trwa\u0142e i wygodne.<\/p>\n<ul>\n<li><strong>Szwy IronSeam\u2122<\/strong>\u00a0zwi\u0119kszaj\u0105ce wytrzyma\u0142o\u015b\u0107<\/li>\n<li><strong>Reflective Tape 3M Scotchlite\u2122<\/strong>\u00a0&#8211; odblaskowa ta\u015bma wszyta w dole nogawki<\/li>\n<li><strong>Mo\u017cliwo\u015b\u0107 wyj\u0119cia wszystkich ochraniaczy i u\u017cytkowania jeans\u00f3w na co dzie\u0144<\/strong><\/li>\n<li><strong>Zamek YKK<\/strong>\u00a04 YZiP GSN8 Slider (Semi-autolock)<\/li>\n<li><strong>Czarne, metalowe okucia<\/strong><\/li>\n<li><strong>Quick Dry Mesh<\/strong>\u00a0\u2013 szybkoschn\u0105cy materia\u0142<\/li>\n<li><strong>Brelok, Key Holder, Torba na protektory w zestawie<\/strong><\/li>\n<\/ul>\n<p><strong>Kieszenie:<\/strong><\/p>\n<ul>\n<li>2 du\u017ce kieszenie zewn\u0119trzne z przodu<\/li>\n<li>1 dodatkowa kiesze\u0144 (coin pocket)<\/li>\n<li>2 du\u017ce kieszenie z ty\u0142u<\/li>\n<\/ul>\n","protected":false},"excerpt":{"rendered":"<p>Jednowarstwowe jeansy motocyklowe Rebelhorn Bronco\u00a0to nowoczesne, jednowarstwowe jeansy stworzone z my\u015bl\u0105 o je\u017adzie miejskiej, kt\u00f3re \u0142\u0105cz\u0105 styl, ochron\u0119 i komfort. Wykonane z zaawansowanego materia\u0142u Armalith\u00ae, oferuj\u0105 odporno\u015b\u0107 na przetarcia, oddychalno\u015b\u0107 oraz rozci\u0105gliwo\u015b\u0107, zapewniaj\u0105c jednocze\u015bnie ochron\u0119 przed promieniowaniem UV. Jeansy Rebelhorn Bronco wyposa\u017cone s\u0105 w nowoczesne, zaawansowane i biodegradowalne ochraniacze RE ZRO\u00ae. &nbsp; Przeznaczenie:\u00a0Miasto Liczba warstw:\u00a01 [&hellip;]<\/p>\n","protected":false},"featured_media":15489,"template":"","meta":[],"product_brand":[377],"product_cat":[287,279],"product_tag":[],"class_list":{"0":"post-15474","1":"product","2":"type-product","3":"status-publish","4":"has-post-thumbnail","6":"product_brand-rebelhorn","7":"product_cat-spodnie-jeans-meska","8":"product_cat-spodnie-meska","10":"first","11":"instock","12":"taxable","13":"shipping-taxable","14":"purchasable","15":"product-type-variable"},"yoast_head":"<!-- This site is optimized with the Yoast SEO plugin v26.9 - https:\/\/yoast.com\/product\/yoast-seo-wordpress\/ -->\n<title>Jeansy motocyklowe Rebelhorn Bronco Washed Blue Monolayer - MOTO-PAWMAR<\/title>\n<meta name=\"robots\" content=\"index, follow, max-snippet:-1, max-image-preview:large, max-video-preview:-1\" \/>\n<link rel=\"canonical\" href=\"https:\/\/moto-pawmar.pl\/?product=jeansy-motocyklowe-rebelhorn-bronco-washed-blue-monolayer\" \/>\n<meta property=\"og:locale\" content=\"pl_PL\" \/>\n<meta property=\"og:type\" content=\"article\" \/>\n<meta property=\"og:title\" content=\"Jeansy motocyklowe Rebelhorn Bronco Washed Blue Monolayer - MOTO-PAWMAR\" \/>\n<meta property=\"og:description\" content=\"Jednowarstwowe jeansy motocyklowe Rebelhorn Bronco\u00a0to nowoczesne, jednowarstwowe jeansy stworzone z my\u015bl\u0105 o je\u017adzie miejskiej, kt\u00f3re \u0142\u0105cz\u0105 styl, ochron\u0119 i komfort. Wykonane z zaawansowanego materia\u0142u Armalith\u00ae, oferuj\u0105 odporno\u015b\u0107 na przetarcia, oddychalno\u015b\u0107 oraz rozci\u0105gliwo\u015b\u0107, zapewniaj\u0105c jednocze\u015bnie ochron\u0119 przed promieniowaniem UV. Jeansy Rebelhorn Bronco wyposa\u017cone s\u0105 w nowoczesne, zaawansowane i biodegradowalne ochraniacze RE ZRO\u00ae. &nbsp; Przeznaczenie:\u00a0Miasto Liczba warstw:\u00a01 [&hellip;]\" \/>\n<meta property=\"og:url\" content=\"https:\/\/moto-pawmar.pl\/?product=jeansy-motocyklowe-rebelhorn-bronco-washed-blue-monolayer\" \/>\n<meta property=\"og:site_name\" content=\"MOTO-PAWMAR\" \/>\n<meta property=\"article:publisher\" content=\"https:\/\/www.facebook.com\/motopawmar\/?locale=pl_PL\" \/>\n<meta property=\"article:modified_time\" content=\"2026-02-03T09:39:30+00:00\" \/>\n<meta property=\"og:image\" content=\"https:\/\/moto-pawmar.pl\/wp-content\/uploads\/2026\/02\/323774_ZAL764331.jpg\" \/>\n\t<meta property=\"og:image:width\" content=\"800\" \/>\n\t<meta property=\"og:image:height\" content=\"800\" \/>\n\t<meta property=\"og:image:type\" content=\"image\/jpeg\" \/>\n<meta name=\"twitter:card\" content=\"summary_large_image\" \/>\n<meta name=\"twitter:label1\" content=\"Szacowany czas czytania\" \/>\n\t<meta name=\"twitter:data1\" content=\"2 minuty\" \/>\n<script type=\"application\/ld+json\" class=\"yoast-schema-graph\">{\"@context\":\"https:\/\/schema.org\",\"@graph\":[{\"@type\":\"WebPage\",\"@id\":\"https:\/\/moto-pawmar.pl\/?product=jeansy-motocyklowe-rebelhorn-bronco-washed-blue-monolayer\",\"url\":\"https:\/\/moto-pawmar.pl\/?product=jeansy-motocyklowe-rebelhorn-bronco-washed-blue-monolayer\",\"name\":\"Jeansy motocyklowe Rebelhorn Bronco Washed Blue Monolayer - MOTO-PAWMAR\",\"isPartOf\":{\"@id\":\"https:\/\/moto-pawmar.pl\/#website\"},\"primaryImageOfPage\":{\"@id\":\"https:\/\/moto-pawmar.pl\/?product=jeansy-motocyklowe-rebelhorn-bronco-washed-blue-monolayer#primaryimage\"},\"image\":{\"@id\":\"https:\/\/moto-pawmar.pl\/?product=jeansy-motocyklowe-rebelhorn-bronco-washed-blue-monolayer#primaryimage\"},\"thumbnailUrl\":\"https:\/\/moto-pawmar.pl\/wp-content\/uploads\/2026\/02\/323774_ZAL764331.jpg\",\"datePublished\":\"2026-02-03T09:39:09+00:00\",\"dateModified\":\"2026-02-03T09:39:30+00:00\",\"breadcrumb\":{\"@id\":\"https:\/\/moto-pawmar.pl\/?product=jeansy-motocyklowe-rebelhorn-bronco-washed-blue-monolayer#breadcrumb\"},\"inLanguage\":\"pl-PL\",\"potentialAction\":[{\"@type\":\"ReadAction\",\"target\":[\"https:\/\/moto-pawmar.pl\/?product=jeansy-motocyklowe-rebelhorn-bronco-washed-blue-monolayer\"]}]},{\"@type\":\"ImageObject\",\"inLanguage\":\"pl-PL\",\"@id\":\"https:\/\/moto-pawmar.pl\/?product=jeansy-motocyklowe-rebelhorn-bronco-washed-blue-monolayer#primaryimage\",\"url\":\"https:\/\/moto-pawmar.pl\/wp-content\/uploads\/2026\/02\/323774_ZAL764331.jpg\",\"contentUrl\":\"https:\/\/moto-pawmar.pl\/wp-content\/uploads\/2026\/02\/323774_ZAL764331.jpg\",\"width\":800,\"height\":800},{\"@type\":\"BreadcrumbList\",\"@id\":\"https:\/\/moto-pawmar.pl\/?product=jeansy-motocyklowe-rebelhorn-bronco-washed-blue-monolayer#breadcrumb\",\"itemListElement\":[{\"@type\":\"ListItem\",\"position\":1,\"name\":\"Strona g\u0142\u00f3wna\",\"item\":\"https:\/\/moto-pawmar.pl\/\"},{\"@type\":\"ListItem\",\"position\":2,\"name\":\"Sklep Internetowy\",\"item\":\"https:\/\/moto-pawmar.pl\/?page_id=367\"},{\"@type\":\"ListItem\",\"position\":3,\"name\":\"Jeansy motocyklowe Rebelhorn Bronco Washed Blue Monolayer\"}]},{\"@type\":\"WebSite\",\"@id\":\"https:\/\/moto-pawmar.pl\/#website\",\"url\":\"https:\/\/moto-pawmar.pl\/\",\"name\":\"MOTO-PAWMAR\",\"description\":\"MOTO\u2011PAWMAR \u2013 Tw\u00f3j sklep z cz\u0119\u015bciami i akcesoriami do motocykli, skuter\u00f3w i quad\u00f3w.\",\"publisher\":{\"@id\":\"https:\/\/moto-pawmar.pl\/#organization\"},\"potentialAction\":[{\"@type\":\"SearchAction\",\"target\":{\"@type\":\"EntryPoint\",\"urlTemplate\":\"https:\/\/moto-pawmar.pl\/?s={search_term_string}\"},\"query-input\":{\"@type\":\"PropertyValueSpecification\",\"valueRequired\":true,\"valueName\":\"search_term_string\"}}],\"inLanguage\":\"pl-PL\"},{\"@type\":\"Organization\",\"@id\":\"https:\/\/moto-pawmar.pl\/#organization\",\"name\":\"MOTO-PAWMAR\",\"url\":\"https:\/\/moto-pawmar.pl\/\",\"logo\":{\"@type\":\"ImageObject\",\"inLanguage\":\"pl-PL\",\"@id\":\"https:\/\/moto-pawmar.pl\/#\/schema\/logo\/image\/\",\"url\":\"https:\/\/moto-pawmar.pl\/wp-content\/uploads\/2025\/10\/LOGO-SKLEP.png\",\"contentUrl\":\"https:\/\/moto-pawmar.pl\/wp-content\/uploads\/2025\/10\/LOGO-SKLEP.png\",\"width\":2480,\"height\":2053,\"caption\":\"MOTO-PAWMAR\"},\"image\":{\"@id\":\"https:\/\/moto-pawmar.pl\/#\/schema\/logo\/image\/\"},\"sameAs\":[\"https:\/\/www.facebook.com\/motopawmar\/?locale=pl_PL\"]}]}<\/script>\n<!-- \/ Yoast SEO plugin. -->","yoast_head_json":{"title":"Jeansy motocyklowe Rebelhorn Bronco Washed Blue Monolayer - MOTO-PAWMAR","robots":{"index":"index","follow":"follow","max-snippet":"max-snippet:-1","max-image-preview":"max-image-preview:large","max-video-preview":"max-video-preview:-1"},"canonical":"https:\/\/moto-pawmar.pl\/?product=jeansy-motocyklowe-rebelhorn-bronco-washed-blue-monolayer","og_locale":"pl_PL","og_type":"article","og_title":"Jeansy motocyklowe Rebelhorn Bronco Washed Blue Monolayer - MOTO-PAWMAR","og_description":"Jednowarstwowe jeansy motocyklowe Rebelhorn Bronco\u00a0to nowoczesne, jednowarstwowe jeansy stworzone z my\u015bl\u0105 o je\u017adzie miejskiej, kt\u00f3re \u0142\u0105cz\u0105 styl, ochron\u0119 i komfort. Wykonane z zaawansowanego materia\u0142u Armalith\u00ae, oferuj\u0105 odporno\u015b\u0107 na przetarcia, oddychalno\u015b\u0107 oraz rozci\u0105gliwo\u015b\u0107, zapewniaj\u0105c jednocze\u015bnie ochron\u0119 przed promieniowaniem UV. Jeansy Rebelhorn Bronco wyposa\u017cone s\u0105 w nowoczesne, zaawansowane i biodegradowalne ochraniacze RE ZRO\u00ae. &nbsp; Przeznaczenie:\u00a0Miasto Liczba warstw:\u00a01 [&hellip;]","og_url":"https:\/\/moto-pawmar.pl\/?product=jeansy-motocyklowe-rebelhorn-bronco-washed-blue-monolayer","og_site_name":"MOTO-PAWMAR","article_publisher":"https:\/\/www.facebook.com\/motopawmar\/?locale=pl_PL","article_modified_time":"2026-02-03T09:39:30+00:00","og_image":[{"width":800,"height":800,"url":"https:\/\/moto-pawmar.pl\/wp-content\/uploads\/2026\/02\/323774_ZAL764331.jpg","type":"image\/jpeg"}],"twitter_card":"summary_large_image","twitter_misc":{"Szacowany czas czytania":"2 minuty"},"schema":{"@context":"https:\/\/schema.org","@graph":[{"@type":"WebPage","@id":"https:\/\/moto-pawmar.pl\/?product=jeansy-motocyklowe-rebelhorn-bronco-washed-blue-monolayer","url":"https:\/\/moto-pawmar.pl\/?product=jeansy-motocyklowe-rebelhorn-bronco-washed-blue-monolayer","name":"Jeansy motocyklowe Rebelhorn Bronco Washed Blue Monolayer - MOTO-PAWMAR","isPartOf":{"@id":"https:\/\/moto-pawmar.pl\/#website"},"primaryImageOfPage":{"@id":"https:\/\/moto-pawmar.pl\/?product=jeansy-motocyklowe-rebelhorn-bronco-washed-blue-monolayer#primaryimage"},"image":{"@id":"https:\/\/moto-pawmar.pl\/?product=jeansy-motocyklowe-rebelhorn-bronco-washed-blue-monolayer#primaryimage"},"thumbnailUrl":"https:\/\/moto-pawmar.pl\/wp-content\/uploads\/2026\/02\/323774_ZAL764331.jpg","datePublished":"2026-02-03T09:39:09+00:00","dateModified":"2026-02-03T09:39:30+00:00","breadcrumb":{"@id":"https:\/\/moto-pawmar.pl\/?product=jeansy-motocyklowe-rebelhorn-bronco-washed-blue-monolayer#breadcrumb"},"inLanguage":"pl-PL","potentialAction":[{"@type":"ReadAction","target":["https:\/\/moto-pawmar.pl\/?product=jeansy-motocyklowe-rebelhorn-bronco-washed-blue-monolayer"]}]},{"@type":"ImageObject","inLanguage":"pl-PL","@id":"https:\/\/moto-pawmar.pl\/?product=jeansy-motocyklowe-rebelhorn-bronco-washed-blue-monolayer#primaryimage","url":"https:\/\/moto-pawmar.pl\/wp-content\/uploads\/2026\/02\/323774_ZAL764331.jpg","contentUrl":"https:\/\/moto-pawmar.pl\/wp-content\/uploads\/2026\/02\/323774_ZAL764331.jpg","width":800,"height":800},{"@type":"BreadcrumbList","@id":"https:\/\/moto-pawmar.pl\/?product=jeansy-motocyklowe-rebelhorn-bronco-washed-blue-monolayer#breadcrumb","itemListElement":[{"@type":"ListItem","position":1,"name":"Strona g\u0142\u00f3wna","item":"https:\/\/moto-pawmar.pl\/"},{"@type":"ListItem","position":2,"name":"Sklep Internetowy","item":"https:\/\/moto-pawmar.pl\/?page_id=367"},{"@type":"ListItem","position":3,"name":"Jeansy motocyklowe Rebelhorn Bronco Washed Blue Monolayer"}]},{"@type":"WebSite","@id":"https:\/\/moto-pawmar.pl\/#website","url":"https:\/\/moto-pawmar.pl\/","name":"MOTO-PAWMAR","description":"MOTO\u2011PAWMAR \u2013 Tw\u00f3j sklep z cz\u0119\u015bciami i akcesoriami do motocykli, skuter\u00f3w i quad\u00f3w.","publisher":{"@id":"https:\/\/moto-pawmar.pl\/#organization"},"potentialAction":[{"@type":"SearchAction","target":{"@type":"EntryPoint","urlTemplate":"https:\/\/moto-pawmar.pl\/?s={search_term_string}"},"query-input":{"@type":"PropertyValueSpecification","valueRequired":true,"valueName":"search_term_string"}}],"inLanguage":"pl-PL"},{"@type":"Organization","@id":"https:\/\/moto-pawmar.pl\/#organization","name":"MOTO-PAWMAR","url":"https:\/\/moto-pawmar.pl\/","logo":{"@type":"ImageObject","inLanguage":"pl-PL","@id":"https:\/\/moto-pawmar.pl\/#\/schema\/logo\/image\/","url":"https:\/\/moto-pawmar.pl\/wp-content\/uploads\/2025\/10\/LOGO-SKLEP.png","contentUrl":"https:\/\/moto-pawmar.pl\/wp-content\/uploads\/2025\/10\/LOGO-SKLEP.png","width":2480,"height":2053,"caption":"MOTO-PAWMAR"},"image":{"@id":"https:\/\/moto-pawmar.pl\/#\/schema\/logo\/image\/"},"sameAs":["https:\/\/www.facebook.com\/motopawmar\/?locale=pl_PL"]}]}},"_links":{"self":[{"href":"https:\/\/moto-pawmar.pl\/index.php?rest_route=\/wp\/v2\/product\/15474","targetHints":{"allow":["GET"]}}],"collection":[{"href":"https:\/\/moto-pawmar.pl\/index.php?rest_route=\/wp\/v2\/product"}],"about":[{"href":"https:\/\/moto-pawmar.pl\/index.php?rest_route=\/wp\/v2\/types\/product"}],"wp:featuredmedia":[{"embeddable":true,"href":"https:\/\/moto-pawmar.pl\/index.php?rest_route=\/wp\/v2\/media\/15489"}],"wp:attachment":[{"href":"https:\/\/moto-pawmar.pl\/index.php?rest_route=%2Fwp%2Fv2%2Fmedia&parent=15474"}],"wp:term":[{"taxonomy":"product_brand","embeddable":true,"href":"https:\/\/moto-pawmar.pl\/index.php?rest_route=%2Fwp%2Fv2%2Fproduct_brand&post=15474"},{"taxonomy":"product_cat","embeddable":true,"href":"https:\/\/moto-pawmar.pl\/index.php?rest_route=%2Fwp%2Fv2%2Fproduct_cat&post=15474"},{"taxonomy":"product_tag","embeddable":true,"href":"https:\/\/moto-pawmar.pl\/index.php?rest_route=%2Fwp%2Fv2%2Fproduct_tag&post=15474"}],"curies":[{"name":"wp","href":"https:\/\/api.w.org\/{rel}","templated":true}]}}