{"id":13503,"date":"2026-01-29T09:38:08","date_gmt":"2026-01-29T08:38:08","guid":{"rendered":"https:\/\/moto-pawmar.pl\/?product=zestaw-bagazowy-adventure-sw-motech-ducati-desertx-22-silver"},"modified":"2026-01-29T09:38:08","modified_gmt":"2026-01-29T08:38:08","slug":"zestaw-bagazowy-adventure-sw-motech-ducati-desertx-22-silver","status":"publish","type":"product","link":"https:\/\/moto-pawmar.pl\/?product=zestaw-bagazowy-adventure-sw-motech-ducati-desertx-22-silver","title":{"rendered":"ZESTAW BAGA\u017bOWY ADVENTURE SW-MOTECH DUCATI DESERTX (22-) SILVER"},"content":{"rendered":"<p>Zestaw baga\u017cowy SW \u2013 Motech TRAX ADV to kompletne rozwi\u0105zanie, zaprojektowane specjalnie dla twojego motocykla. Boczny uchwyt i baga\u017cnik s\u0105 przymocowane do specyficznych dla motocykla punkt\u00f3w mocowania i oferuj\u0105 solidne wsparcie dla czarnych aluminiowych kufr\u00f3w TRAX ADV.<\/p>\n<p>Ten zestaw to wszechstronny, bezproblemowy pakiet na ka\u017cd\u0105 wycieczk\u0119. Na zestaw wodoszczelnych i py\u0142oszczelnych aluminiowych kufr\u00f3w TRAX ADV sk\u0142adaj\u0105 si\u0119, dwa boczne i jeden g\u00f3rny kufer. Wszystkie stela\u017ce i mocowania s\u0105 projektowane z my\u015bl\u0105 o konkretnym modelu a to z kolei gwarantuje nie tylko doskona\u0142e dopasowanie, ale te\u017c \u0142atwy monta\u017c i dziecinnie prost\u0105 obs\u0142ug\u0119.<\/p>\n<p>&#xa0;<\/p>\n<p>Aluminiowe kufry TRAX ADV przekonuj\u0105 swoj\u0105 stabilno\u015bci\u0105, nieprzepuszczalno\u015bci\u0105 dla wody i py\u0142u, eleganckim wygl\u0105dem, przemy\u015blanymi funkcjami i du\u017cym wyborem akcesori\u00f3w. Dla jeszcze wi\u0119kszej przestrzeni do przechowywania, zestaw zawiera dwie wodoszczelne torby rozszerzaj\u0105ce TRAX M\/L. dzi\u0119ki mo\u017cliwo\u015bci zamontowania ich na kufrach, ich zawarto\u015b\u0107 zawsze b\u0119dzie pod r\u0119k\u0105.<\/p>\n<p>Na zestaw sk\u0142ada si\u0119:<\/p>\n<p>&#8211; 1 x Kufer aluminiowy TRAX ADV M, 37 l (po stronie uk\u0142adu wydechowego)<\/p>\n<p>&#8211; 1 x Kufer aluminiowy TRAX ADV L, 45l&#xa0;<\/p>\n<p>&#8211; 1 x Kufer g\u00f3rny TRAX ADV, 38 l,<\/p>\n<p>&#8211; 2 x Boczny uchwyt PRO<\/p>\n<p>&#8211; 2 x Zestaw adaptera do bocznego uchwytu PRO<\/p>\n<p>&#8211; 2 x Ochrona przed kradzie\u017c\u0105 dla bocznych uchwyt\u00f3w PRO<\/p>\n<p>&#8211; 1 x ADVENTURE-RACK<\/p>\n<p>&#8211; 1 x Zestaw adaptera do ADVENTURE-RACK<\/p>\n<p>&#8211; 3 x Zestaw zamk\u00f3w TRAX<\/p>\n<p>&#8211; 2 x Torba akcesoryjna TRAX WP M\/L<\/p>\n<p>&#8211; 6 x Ogranicznik pokrywy<\/p>\n<p>&#8211; 3 x Torby do przechowywania<\/p>\n<p>&#8211; 1 x Multitool jako brelok do kluczy<\/p>\n<p>&#8211; Instrukcja monta\u017cu<\/p>\n<p>&#8211; Materia\u0142y monta\u017cowe<\/p>\n<p>&#8211; Ca\u0142kowita waga: ok. 33,0 kg \/ ok. 72,6 lb<\/p>\n<p>&#8211; Ca\u0142kowita pojemno\u015b\u0107: 150,0 l<\/p>\n<p>&#xa0;<\/p>\n<p>Boczny stela\u017c PRO:<\/p>\n<p>&#8211; Trwa\u0142a o solidna konstrukcja wykonana ze stali o grubo\u015bci 2,5 mm<\/p>\n<p>&#8211; Idealne dopasowany, zaprojektowany tak, aby przylega\u0142 do motocykla<\/p>\n<p>&#8211; Ca\u0142kowicie zdejmowany dzi\u0119ki nowo opracowanym wytrzyma\u0142ym szybkoz\u0142\u0105czkom<\/p>\n<p>&#8211; Dost\u0119pna opcjonalna ochrona przed kradzie\u017c\u0105<\/p>\n<p>&#8211; Do sta\u0142ego monta\u017cu szybkoz\u0142\u0105czki mo\u017cna zast\u0105pi\u0107 standardowymi cz\u0119\u015bciami (M8)<\/p>\n<p>&#8211; Liczne funkcjonalne otwory<\/p>\n<p>&#8211; Prosty monta\u017c na oryginalnych punktach mocowania<\/p>\n<p>&#8211; Mocna ochrona przed korozj\u0105 dzi\u0119ki pow\u0142oce proszkowej<\/p>\n<p>&#8211; Przeznaczony dla zestaw\u00f3w TRAX, AERO i SysBags z p\u0142yt\u0105 adaptera (SysBag 15, 30, WP L)<\/p>\n<p>Szczeg\u00f3\u0142y:<\/p>\n<p>&#8211; Materia\u0142: Stal<\/p>\n<p>&#8211; Powierzchnia: malowana proszkowo<\/p>\n<p>&#8211; Kolor: czarny<\/p>\n<p>&#8211; Ca\u0142kowita waga: ok. 5,8 kg \/ ok. 12,7 lb<\/p>\n<p>&#8211; Szeroko\u015b\u0107 zamontowana na motocyklu: 52,5 cm \/ 20,7 cala<\/p>\n<p>Uwaga Zestawy adapter\u00f3w s\u0105 wymagane dla aluminiowych kufr\u00f3w od SW-MOTECH i innych producent\u00f3w, a tak\u017ce dla bocznych kufr\u00f3w AERO ABS i SysBags z p\u0142ytami adaptera (SysBag 15, 30, WP L).<\/p>\n<p>Zestaw adaptera do bocznego stela\u017ca PRO<\/p>\n<p>&#8211; Zestaw adaptera do mocowania bocznego kufra TRAX lub NANUK do bocznego stela\u017ca SW-MOTECH PRO<\/p>\n<p>&#8211; Mocowany do istniej\u0105cych otwor\u00f3w bocznego stela\u017ca SW-MOTECH PRO<\/p>\n<p>&#8211; Na lew\u0105 i praw\u0105 stron\u0119<\/p>\n<p>&#8211; Szczeg\u00f3\u0142y Kolor: srebrny<\/p>\n<p>&#8211; Ca\u0142kowita waga: ok. 0,3 kg \/ ok. 0,7 lb<\/p>\n<p>Kufer aluminiowy TRAX ADV L<\/p>\n<p>&#8211; Ochrona przed utlenianiem i \u015bcieraniem dzi\u0119ki czarnej pow\u0142oce proszkowej<\/p>\n<p>&#8211; \u0141atwa do czyszczenia powierzchnia<\/p>\n<p>&#8211; Solidny i wodoszczelny boczny kufer wykonany z aluminium<\/p>\n<p>&#8211; Du\u017ce fazowanie po bokach zapewnia prze\u015bwit podczas pokonywania zakr\u0119t\u00f3w<\/p>\n<p>&#8211; Dodatkowa ochrona dzi\u0119ki naro\u017cnikom z tworzywa sztucznego wzmocnionego w\u0142\u00f3knem szklanym<\/p>\n<p>&#8211; Spawanie maszynowe i nitowanie samowierc\u0105ce zapobiegaj\u0105 przedostawaniu si\u0119 wilgoci<\/p>\n<p>&#8211; Ca\u0142kowicie zdejmowana pokrywa z szybkoz\u0142\u0105czk\u0105<\/p>\n<p>&#8211; 4 du\u017ce uchwyty zintegrowane w konstrukcji pokrywy (np. na namiot lub torb\u0119 z akcesoriami)<\/p>\n<p>&#8211; Wysoka stabilno\u015b\u0107 dzi\u0119ki wyt\u0142aczanym wzorom, spawanym kraw\u0119dziom i wst\u0119pnie zamontowanej szynie mocuj\u0105cej<\/p>\n<p>&#8211; Zawiasy wykonane ze stali nierdzewnej<\/p>\n<p>&#8211; Uchwyty wykonane z anodowanego aluminium<\/p>\n<p>&#8211; Ograniczniki pokrywy zapewniaj\u0105 dodatkow\u0105 stabilno\u015b\u0107 przy mocowaniu dodatkowego baga\u017cu na pokrywie<\/p>\n<p>&#8211; Wymienna uszczelka pokrywy<\/p>\n<p>&#8211; Membrana u\u0142atwia otwieranie pokrywy, nawet w przypadku ekstremalnych waha\u0144 ci\u015bnienia i temperatury<\/p>\n<p>&#8211; Szybki monta\u017c na wszystkich baga\u017cnikach PRO i EVO (adaptery sprzedawane oddzielnie)<\/p>\n<p>&#8211; Dost\u0119pne r\u00f3wnie\u017c zestawy adapter\u00f3w do monta\u017cu na stela\u017cach innych producent\u00f3w, takich jak Givi i Hepco &amp; Becker<\/p>\n<p>&#8211; Zestaw zamk\u00f3w z 6 identycznymi zamkami dost\u0119pny opcjonalnie i nie jest wliczony w dostaw\u0119<\/p>\n<p>&#8211; Materia\u0142: Aluminium<\/p>\n<p>&#8211; Grubo\u015b\u0107 materia\u0142u: 0,15 cm \/ 0,06 cala<\/p>\n<p>&#8211; Powierzchnia: malowana proszkowo<\/p>\n<p>&#8211; Kolor: czarny<\/p>\n<p>&#8211; Rozmiar: 49,0 x 28,0 x 37,0 cm \/ 19,3 x 11,0 x 14,6 cala<\/p>\n<p>&#8211; Ca\u0142kowita waga: ok. 5,4 kg \/ ok. 11,9 lb<\/p>\n<p>&#8211; Ca\u0142kowita pojemno\u015b\u0107: 45,0 l<\/p>\n<p>Uwaga<\/p>\n<p>Dost\u0119pny r\u00f3wnie\u017c jako system aluminiowych kufr\u00f3w TRAX ADV z 2 bocznymi kuframi, specyficznymi dla motocykla bocznymi stela\u017cami, adapterami i zestawem zamk\u00f3w. Wymagane do monta\u017cu:<\/p>\n<p>&#8211; Boczny stela\u017c, zestaw adapter\u00f3w, zestaw zamk\u00f3w TRAX<\/p>\n<p>Kufer aluminiowy TRAX ADV M<\/p>\n<p>&#8211; Ochrona przed utlenianiem i \u015bcieraniem dzi\u0119ki czarnej pow\u0142oce proszkowej<\/p>\n<p>&#8211; \u0141atwa do czyszczenia powierzchnia<\/p>\n<p>&#8211; Solidny i wodoszczelny boczny kufer wykonany z aluminium<\/p>\n<p>&#8211; Du\u017ce fazowanie po bokach zapewnia prze\u015bwit podczas pokonywania zakr\u0119t\u00f3w<\/p>\n<p>&#8211; Dodatkowa ochrona dzi\u0119ki naro\u017cnikom z tworzywa sztucznego wzmocnionego w\u0142\u00f3knem szklanym<\/p>\n<p>&#8211; Spawanie maszynowe i nitowanie samowierc\u0105ce zapobiegaj\u0105 przedostawaniu si\u0119 wilgoci<\/p>\n<p>&#8211; Ca\u0142kowicie zdejmowana pokrywa z szybkoz\u0142\u0105czk\u0105<\/p>\n<p>&#8211; 4 du\u017ce uchwyty zintegrowane w konstrukcji pokrywy (np. na namiot lub torb\u0119 z akcesoriami)<\/p>\n<p>&#8211; Wysoka stabilno\u015b\u0107 dzi\u0119ki wyt\u0142aczanym wzorom, spawanym kraw\u0119dziom i wst\u0119pnie zamontowanej szynie mocuj\u0105cej<\/p>\n<p>&#8211; Zawiasy wykonane ze stali nierdzewnej<\/p>\n<p>&#8211; Uchwyty wykonane z anodowanego aluminium<\/p>\n<p>&#8211; Ograniczniki pokrywy zapewniaj\u0105 dodatkow\u0105 stabilno\u015b\u0107 przy mocowaniu dodatkowego baga\u017cu na pokrywie<\/p>\n<p>&#8211; Wymienna uszczelka pokrywy<\/p>\n<p>&#8211; Membrana u\u0142atwia otwieranie pokrywy, nawet w przypadku ekstremalnych waha\u0144 ci\u015bnienia i temperatury<\/p>\n<p>&#8211; Szybki monta\u017c na wszystkich baga\u017cnikach PRO i EVO (adaptery sprzedawane oddzielnie)<\/p>\n<p>&#8211; Dost\u0119pne r\u00f3wnie\u017c zestawy adapter\u00f3w do monta\u017cu na stela\u017cach innych producent\u00f3w, takich jak Givi i Hepco &amp; Becker<\/p>\n<p>&#8211; Zestaw zamk\u00f3w z 6 identycznymi zamkami dost\u0119pny opcjonalnie i nie jest wliczony w dostaw\u0119<\/p>\n<p>&#8211; Materia\u0142: Aluminium<\/p>\n<p>&#8211; Grubo\u015b\u0107 materia\u0142u: 0,15 cm \/ 0,06 cala<\/p>\n<p>&#8211; Powierzchnia: malowana proszkowo<\/p>\n<p>&#8211; Kolor: czarny<\/p>\n<p>&#8211; Rozmiar: 49,0 x 23,0 x 37,0 cm \/ 19,3 x 9,1 x 14,6 cala<\/p>\n<p>&#8211; Ca\u0142kowita waga: ok. 5,1 kg \/ ok. 11,2 lb<\/p>\n<p>&#8211; Ca\u0142kowita pojemno\u015b\u0107: 37,0 l<\/p>\n<p>Uwaga<\/p>\n<p>Dost\u0119pny r\u00f3wnie\u017c jako system aluminiowych kufr\u00f3w TRAX ADV z 2 bocznymi kuframi, specyficznymi dla motocykla bocznymi stela\u017cami, adapterami i zestawem zamk\u00f3w. Wymagane do monta\u017cu:<\/p>\n<p>&#8211; Boczny stela\u017c, zestaw adapter\u00f3w, zestaw zamk\u00f3w TRAX<\/p>\n<p>Zestaw zamk\u00f3w TRAX z ochron\u0105 przed kradzie\u017c\u0105 PRO<\/p>\n<p>&#8211; 9 pasuj\u0105cych zamk\u00f3w z ochron\u0105 przed kradzie\u017c\u0105 dla bocznego uchwytu PRO<\/p>\n<p>&#8211; Kompatybilny z bocznymi kuframi i g\u00f3rnymi kuframi z serii TRAX ADV i TRAX ION<\/p>\n<p>&#8211; Jeden klucz do wszystkich zamk\u00f3w<\/p>\n<p>&#8211; Szczeg\u00f3\u0142y Kolor: czarny<\/p>\n<p>&#8211; Ca\u0142kowita waga: ok. 0,5 kg \/ ok. 1,0 lb<\/p>\n<p>Multitool jako praktyczny brelok do kluczy<\/p>\n<p>&#8211; Otwieracz szybkoz\u0142\u0105czek<\/p>\n<p>&#8211; Klucz sze\u015bciok\u0105tny (14 mm) &#8211; idealny do wielu lusterek motocyklowych<\/p>\n<p>&#8211; Klucze sze\u015bciok\u0105tne w czterech dodatkowych rozmiarach (8, 10, 12, 13 mm)<\/p>\n<p>&#8211; Otwieracz do butelek<\/p>\n<p>&#8211; Oczko na brelok do kluczy<\/p>\n<p>&#8211; Z laserowo grawerowanym logo SW-MOTECH<\/p>\n<p>&#8211; Materia\u0142: Stal nierdzewna<\/p>\n<p>&#8211; Powierzchnia: szczotkowana<\/p>\n<p>&#8211; Kolor: srebrny<\/p>\n<p>&#8211; Ca\u0142kowita waga: ok. 0,0 kg \/ ok. 0,1 lb<\/p>\n<p>&#xa0;<\/p>\n<p>Baga\u017cnik:<\/p>\n<p>&#8211; Niezwykle wytrzyma\u0142y baga\u017cnik idealny na d\u0142ugie tra<\/p>\n","protected":false},"excerpt":{"rendered":"<p>Zestaw baga\u017cowy SW \u2013 Motech TRAX ADV to kompletne rozwi\u0105zanie, zaprojektowane specjalnie dla twojego motocykla. Boczny uchwyt i baga\u017cnik s\u0105 przymocowane do specyficznych dla motocykla punkt\u00f3w mocowania i oferuj\u0105 solidne wsparcie dla czarnych aluminiowych kufr\u00f3w TRAX ADV. Ten zestaw to wszechstronny, bezproblemowy pakiet na ka\u017cd\u0105 wycieczk\u0119. Na zestaw wodoszczelnych i py\u0142oszczelnych aluminiowych kufr\u00f3w TRAX ADV [&hellip;]<\/p>\n","protected":false},"featured_media":13502,"template":"","meta":[],"product_brand":[386],"product_cat":[390],"product_tag":[],"class_list":{"0":"post-13503","1":"product","2":"type-product","3":"status-publish","4":"has-post-thumbnail","6":"product_brand-sw-motech","7":"product_cat-akcesoria-sw-motech-2","9":"first","10":"onbackorder","11":"taxable","12":"shipping-taxable","13":"purchasable","14":"product-type-simple"},"yoast_head":"<!-- This site is optimized with the Yoast SEO plugin v26.9 - https:\/\/yoast.com\/product\/yoast-seo-wordpress\/ -->\n<title>ZESTAW BAGA\u017bOWY ADVENTURE SW-MOTECH DUCATI DESERTX (22-) SILVER - MOTO-PAWMAR<\/title>\n<meta name=\"robots\" content=\"index, follow, max-snippet:-1, max-image-preview:large, max-video-preview:-1\" \/>\n<link rel=\"canonical\" href=\"https:\/\/moto-pawmar.pl\/?product=zestaw-bagazowy-adventure-sw-motech-ducati-desertx-22-silver\" \/>\n<meta property=\"og:locale\" content=\"pl_PL\" \/>\n<meta property=\"og:type\" content=\"article\" \/>\n<meta property=\"og:title\" content=\"ZESTAW BAGA\u017bOWY ADVENTURE SW-MOTECH DUCATI DESERTX (22-) SILVER - MOTO-PAWMAR\" \/>\n<meta property=\"og:description\" content=\"Zestaw baga\u017cowy SW \u2013 Motech TRAX ADV to kompletne rozwi\u0105zanie, zaprojektowane specjalnie dla twojego motocykla. Boczny uchwyt i baga\u017cnik s\u0105 przymocowane do specyficznych dla motocykla punkt\u00f3w mocowania i oferuj\u0105 solidne wsparcie dla czarnych aluminiowych kufr\u00f3w TRAX ADV. Ten zestaw to wszechstronny, bezproblemowy pakiet na ka\u017cd\u0105 wycieczk\u0119. Na zestaw wodoszczelnych i py\u0142oszczelnych aluminiowych kufr\u00f3w TRAX ADV [&hellip;]\" \/>\n<meta property=\"og:url\" content=\"https:\/\/moto-pawmar.pl\/?product=zestaw-bagazowy-adventure-sw-motech-ducati-desertx-22-silver\" \/>\n<meta property=\"og:site_name\" content=\"MOTO-PAWMAR\" \/>\n<meta property=\"article:publisher\" content=\"https:\/\/www.facebook.com\/motopawmar\/?locale=pl_PL\" \/>\n<meta name=\"twitter:card\" content=\"summary_large_image\" \/>\n<meta name=\"twitter:label1\" content=\"Szacowany czas czytania\" \/>\n\t<meta name=\"twitter:data1\" content=\"6 minut\" \/>\n<script type=\"application\/ld+json\" class=\"yoast-schema-graph\">{\"@context\":\"https:\/\/schema.org\",\"@graph\":[{\"@type\":\"WebPage\",\"@id\":\"https:\/\/moto-pawmar.pl\/?product=zestaw-bagazowy-adventure-sw-motech-ducati-desertx-22-silver\",\"url\":\"https:\/\/moto-pawmar.pl\/?product=zestaw-bagazowy-adventure-sw-motech-ducati-desertx-22-silver\",\"name\":\"ZESTAW BAGA\u017bOWY ADVENTURE SW-MOTECH DUCATI DESERTX (22-) SILVER - MOTO-PAWMAR\",\"isPartOf\":{\"@id\":\"https:\/\/moto-pawmar.pl\/#website\"},\"primaryImageOfPage\":{\"@id\":\"https:\/\/moto-pawmar.pl\/?product=zestaw-bagazowy-adventure-sw-motech-ducati-desertx-22-silver#primaryimage\"},\"image\":{\"@id\":\"https:\/\/moto-pawmar.pl\/?product=zestaw-bagazowy-adventure-sw-motech-ducati-desertx-22-silver#primaryimage\"},\"thumbnailUrl\":\"https:\/\/moto-pawmar.pl\/wp-content\/uploads\/2026\/01\/340342_ZAL767824.jpg\",\"datePublished\":\"2026-01-29T08:38:08+00:00\",\"breadcrumb\":{\"@id\":\"https:\/\/moto-pawmar.pl\/?product=zestaw-bagazowy-adventure-sw-motech-ducati-desertx-22-silver#breadcrumb\"},\"inLanguage\":\"pl-PL\",\"potentialAction\":[{\"@type\":\"ReadAction\",\"target\":[\"https:\/\/moto-pawmar.pl\/?product=zestaw-bagazowy-adventure-sw-motech-ducati-desertx-22-silver\"]}]},{\"@type\":\"ImageObject\",\"inLanguage\":\"pl-PL\",\"@id\":\"https:\/\/moto-pawmar.pl\/?product=zestaw-bagazowy-adventure-sw-motech-ducati-desertx-22-silver#primaryimage\",\"url\":\"https:\/\/moto-pawmar.pl\/wp-content\/uploads\/2026\/01\/340342_ZAL767824.jpg\",\"contentUrl\":\"https:\/\/moto-pawmar.pl\/wp-content\/uploads\/2026\/01\/340342_ZAL767824.jpg\",\"width\":600,\"height\":424},{\"@type\":\"BreadcrumbList\",\"@id\":\"https:\/\/moto-pawmar.pl\/?product=zestaw-bagazowy-adventure-sw-motech-ducati-desertx-22-silver#breadcrumb\",\"itemListElement\":[{\"@type\":\"ListItem\",\"position\":1,\"name\":\"Strona g\u0142\u00f3wna\",\"item\":\"https:\/\/moto-pawmar.pl\/\"},{\"@type\":\"ListItem\",\"position\":2,\"name\":\"Sklep Internetowy\",\"item\":\"https:\/\/moto-pawmar.pl\/?page_id=367\"},{\"@type\":\"ListItem\",\"position\":3,\"name\":\"ZESTAW BAGA\u017bOWY ADVENTURE SW-MOTECH DUCATI DESERTX (22-) SILVER\"}]},{\"@type\":\"WebSite\",\"@id\":\"https:\/\/moto-pawmar.pl\/#website\",\"url\":\"https:\/\/moto-pawmar.pl\/\",\"name\":\"MOTO-PAWMAR\",\"description\":\"MOTO\u2011PAWMAR \u2013 Tw\u00f3j sklep z cz\u0119\u015bciami i akcesoriami do motocykli, skuter\u00f3w i quad\u00f3w.\",\"publisher\":{\"@id\":\"https:\/\/moto-pawmar.pl\/#organization\"},\"potentialAction\":[{\"@type\":\"SearchAction\",\"target\":{\"@type\":\"EntryPoint\",\"urlTemplate\":\"https:\/\/moto-pawmar.pl\/?s={search_term_string}\"},\"query-input\":{\"@type\":\"PropertyValueSpecification\",\"valueRequired\":true,\"valueName\":\"search_term_string\"}}],\"inLanguage\":\"pl-PL\"},{\"@type\":\"Organization\",\"@id\":\"https:\/\/moto-pawmar.pl\/#organization\",\"name\":\"MOTO-PAWMAR\",\"url\":\"https:\/\/moto-pawmar.pl\/\",\"logo\":{\"@type\":\"ImageObject\",\"inLanguage\":\"pl-PL\",\"@id\":\"https:\/\/moto-pawmar.pl\/#\/schema\/logo\/image\/\",\"url\":\"https:\/\/moto-pawmar.pl\/wp-content\/uploads\/2025\/10\/LOGO-SKLEP.png\",\"contentUrl\":\"https:\/\/moto-pawmar.pl\/wp-content\/uploads\/2025\/10\/LOGO-SKLEP.png\",\"width\":2480,\"height\":2053,\"caption\":\"MOTO-PAWMAR\"},\"image\":{\"@id\":\"https:\/\/moto-pawmar.pl\/#\/schema\/logo\/image\/\"},\"sameAs\":[\"https:\/\/www.facebook.com\/motopawmar\/?locale=pl_PL\"]}]}<\/script>\n<!-- \/ Yoast SEO plugin. -->","yoast_head_json":{"title":"ZESTAW BAGA\u017bOWY ADVENTURE SW-MOTECH DUCATI DESERTX (22-) SILVER - MOTO-PAWMAR","robots":{"index":"index","follow":"follow","max-snippet":"max-snippet:-1","max-image-preview":"max-image-preview:large","max-video-preview":"max-video-preview:-1"},"canonical":"https:\/\/moto-pawmar.pl\/?product=zestaw-bagazowy-adventure-sw-motech-ducati-desertx-22-silver","og_locale":"pl_PL","og_type":"article","og_title":"ZESTAW BAGA\u017bOWY ADVENTURE SW-MOTECH DUCATI DESERTX (22-) SILVER - MOTO-PAWMAR","og_description":"Zestaw baga\u017cowy SW \u2013 Motech TRAX ADV to kompletne rozwi\u0105zanie, zaprojektowane specjalnie dla twojego motocykla. Boczny uchwyt i baga\u017cnik s\u0105 przymocowane do specyficznych dla motocykla punkt\u00f3w mocowania i oferuj\u0105 solidne wsparcie dla czarnych aluminiowych kufr\u00f3w TRAX ADV. Ten zestaw to wszechstronny, bezproblemowy pakiet na ka\u017cd\u0105 wycieczk\u0119. Na zestaw wodoszczelnych i py\u0142oszczelnych aluminiowych kufr\u00f3w TRAX ADV [&hellip;]","og_url":"https:\/\/moto-pawmar.pl\/?product=zestaw-bagazowy-adventure-sw-motech-ducati-desertx-22-silver","og_site_name":"MOTO-PAWMAR","article_publisher":"https:\/\/www.facebook.com\/motopawmar\/?locale=pl_PL","twitter_card":"summary_large_image","twitter_misc":{"Szacowany czas czytania":"6 minut"},"schema":{"@context":"https:\/\/schema.org","@graph":[{"@type":"WebPage","@id":"https:\/\/moto-pawmar.pl\/?product=zestaw-bagazowy-adventure-sw-motech-ducati-desertx-22-silver","url":"https:\/\/moto-pawmar.pl\/?product=zestaw-bagazowy-adventure-sw-motech-ducati-desertx-22-silver","name":"ZESTAW BAGA\u017bOWY ADVENTURE SW-MOTECH DUCATI DESERTX (22-) SILVER - MOTO-PAWMAR","isPartOf":{"@id":"https:\/\/moto-pawmar.pl\/#website"},"primaryImageOfPage":{"@id":"https:\/\/moto-pawmar.pl\/?product=zestaw-bagazowy-adventure-sw-motech-ducati-desertx-22-silver#primaryimage"},"image":{"@id":"https:\/\/moto-pawmar.pl\/?product=zestaw-bagazowy-adventure-sw-motech-ducati-desertx-22-silver#primaryimage"},"thumbnailUrl":"https:\/\/moto-pawmar.pl\/wp-content\/uploads\/2026\/01\/340342_ZAL767824.jpg","datePublished":"2026-01-29T08:38:08+00:00","breadcrumb":{"@id":"https:\/\/moto-pawmar.pl\/?product=zestaw-bagazowy-adventure-sw-motech-ducati-desertx-22-silver#breadcrumb"},"inLanguage":"pl-PL","potentialAction":[{"@type":"ReadAction","target":["https:\/\/moto-pawmar.pl\/?product=zestaw-bagazowy-adventure-sw-motech-ducati-desertx-22-silver"]}]},{"@type":"ImageObject","inLanguage":"pl-PL","@id":"https:\/\/moto-pawmar.pl\/?product=zestaw-bagazowy-adventure-sw-motech-ducati-desertx-22-silver#primaryimage","url":"https:\/\/moto-pawmar.pl\/wp-content\/uploads\/2026\/01\/340342_ZAL767824.jpg","contentUrl":"https:\/\/moto-pawmar.pl\/wp-content\/uploads\/2026\/01\/340342_ZAL767824.jpg","width":600,"height":424},{"@type":"BreadcrumbList","@id":"https:\/\/moto-pawmar.pl\/?product=zestaw-bagazowy-adventure-sw-motech-ducati-desertx-22-silver#breadcrumb","itemListElement":[{"@type":"ListItem","position":1,"name":"Strona g\u0142\u00f3wna","item":"https:\/\/moto-pawmar.pl\/"},{"@type":"ListItem","position":2,"name":"Sklep Internetowy","item":"https:\/\/moto-pawmar.pl\/?page_id=367"},{"@type":"ListItem","position":3,"name":"ZESTAW BAGA\u017bOWY ADVENTURE SW-MOTECH DUCATI DESERTX (22-) SILVER"}]},{"@type":"WebSite","@id":"https:\/\/moto-pawmar.pl\/#website","url":"https:\/\/moto-pawmar.pl\/","name":"MOTO-PAWMAR","description":"MOTO\u2011PAWMAR \u2013 Tw\u00f3j sklep z cz\u0119\u015bciami i akcesoriami do motocykli, skuter\u00f3w i quad\u00f3w.","publisher":{"@id":"https:\/\/moto-pawmar.pl\/#organization"},"potentialAction":[{"@type":"SearchAction","target":{"@type":"EntryPoint","urlTemplate":"https:\/\/moto-pawmar.pl\/?s={search_term_string}"},"query-input":{"@type":"PropertyValueSpecification","valueRequired":true,"valueName":"search_term_string"}}],"inLanguage":"pl-PL"},{"@type":"Organization","@id":"https:\/\/moto-pawmar.pl\/#organization","name":"MOTO-PAWMAR","url":"https:\/\/moto-pawmar.pl\/","logo":{"@type":"ImageObject","inLanguage":"pl-PL","@id":"https:\/\/moto-pawmar.pl\/#\/schema\/logo\/image\/","url":"https:\/\/moto-pawmar.pl\/wp-content\/uploads\/2025\/10\/LOGO-SKLEP.png","contentUrl":"https:\/\/moto-pawmar.pl\/wp-content\/uploads\/2025\/10\/LOGO-SKLEP.png","width":2480,"height":2053,"caption":"MOTO-PAWMAR"},"image":{"@id":"https:\/\/moto-pawmar.pl\/#\/schema\/logo\/image\/"},"sameAs":["https:\/\/www.facebook.com\/motopawmar\/?locale=pl_PL"]}]}},"_links":{"self":[{"href":"https:\/\/moto-pawmar.pl\/index.php?rest_route=\/wp\/v2\/product\/13503","targetHints":{"allow":["GET"]}}],"collection":[{"href":"https:\/\/moto-pawmar.pl\/index.php?rest_route=\/wp\/v2\/product"}],"about":[{"href":"https:\/\/moto-pawmar.pl\/index.php?rest_route=\/wp\/v2\/types\/product"}],"wp:featuredmedia":[{"embeddable":true,"href":"https:\/\/moto-pawmar.pl\/index.php?rest_route=\/wp\/v2\/media\/13502"}],"wp:attachment":[{"href":"https:\/\/moto-pawmar.pl\/index.php?rest_route=%2Fwp%2Fv2%2Fmedia&parent=13503"}],"wp:term":[{"taxonomy":"product_brand","embeddable":true,"href":"https:\/\/moto-pawmar.pl\/index.php?rest_route=%2Fwp%2Fv2%2Fproduct_brand&post=13503"},{"taxonomy":"product_cat","embeddable":true,"href":"https:\/\/moto-pawmar.pl\/index.php?rest_route=%2Fwp%2Fv2%2Fproduct_cat&post=13503"},{"taxonomy":"product_tag","embeddable":true,"href":"https:\/\/moto-pawmar.pl\/index.php?rest_route=%2Fwp%2Fv2%2Fproduct_tag&post=13503"}],"curies":[{"name":"wp","href":"https:\/\/api.w.org\/{rel}","templated":true}]}}