{"id":13295,"date":"2026-01-29T09:37:25","date_gmt":"2026-01-29T08:37:25","guid":{"rendered":"https:\/\/moto-pawmar.pl\/?product=pedal-hamulca-sw-motech-ktm-990-duke-23"},"modified":"2026-01-29T09:37:25","modified_gmt":"2026-01-29T08:37:25","slug":"pedal-hamulca-sw-motech-ktm-990-duke-23","status":"publish","type":"product","link":"https:\/\/moto-pawmar.pl\/?product=pedal-hamulca-sw-motech-ktm-990-duke-23","title":{"rendered":"PEDA\u0141 HAMULCA SW-MOTECH KTM 990 DUKE (23-)"},"content":{"rendered":"<p>Regulowany peda\u0142 hamulca SW \u2013 Motech zosta\u0142 zaprojektowany specjalnie do wybranych typ\u00f3w motocykli. Wykonany z wysokiej jako\u015bci frezowanego aluminium z wyko\u0144czeniem HART-COAT\u00ae pozwala na optymaln\u0105 obs\u0142ug\u0119 i kontrol\u0119 hamulca. D\u0142ugo\u015b\u0107 peda\u0142u hamulca SW-MOTECH mo\u017cna regulowa\u0107 o 5 cm, dzi\u0119ki czemu pasuje do ka\u017cdej stopy i ka\u017cdego stylu jazdy. Wz\u00f3r bie\u017cnika zwi\u0119ksza przyczepno\u015b\u0107 i zapewnia lepsz\u0105 stabilno\u015b\u0107 podczas sportowej jazdy i d\u0142u\u017cszych wycieczek.<\/p>\n<p>&#xa0;<\/p>\n<p>Dzi\u0119ki bie\u017cnikowi Adventure (sprzedawanemu osobno) mo\u017cna poprawi\u0107 obs\u0142ug\u0119 peda\u0142u hamulca, zw\u0142aszcza podczas jazdy terenowej na stoj\u0105co.<\/p>\n<p>&#8211; Specyficzne dla motocykla rami\u0119 d\u017awigni hamulca<\/p>\n<p>&#8211; Solidna konstrukcja, idealne dopasowanie: frezowane CNC, powlekane aluminium HART-COAT\u00ae<\/p>\n<p>&#8211; Lepsza ergonomia i bezpieczna obs\u0142uga peda\u0142u hamulca<\/p>\n<p>&#8211; Naci\u0119cia zwi\u0119kszaj\u0105 przyczepno\u015b\u0107 i zapobiegaj\u0105 po\u015blizgowi<\/p>\n<p>&#8211; Platforma oferuje r\u00f3\u017cne regulowane pozycje<\/p>\n<p>&#8211; Bie\u017cnik STREET w zestawie standardowym<\/p>\n<p>&#8211; Bie\u017cnik Adventure do jazdy terenowej (sprzedawany osobno)<\/p>\n<p>&#8211; Certyfikat T\u00dcV<\/p>\n<p>Zawarto\u015b\u0107 zestawu:<\/p>\n<p>&#8211; 1 x Peda\u0142 hamulca<\/p>\n<p>&#8211; Instrukcja monta\u017cu<\/p>\n<p>&#8211; Materia\u0142 monta\u017cowy<\/p>\n<p>Szczeg\u00f3\u0142y:<\/p>\n<p>&#8211; Materia\u0142: Aluminium<\/p>\n<p>&#8211; Kolor: czarny<\/p>\n<p>&#8211; Ca\u0142kowita waga: ok. 0,4 kg \/ ok. 1,0 lb<\/p>\n<p>&#xa0;<\/p>\n<p>&#xa0;<\/p>\n","protected":false},"excerpt":{"rendered":"<p>Regulowany peda\u0142 hamulca SW \u2013 Motech zosta\u0142 zaprojektowany specjalnie do wybranych typ\u00f3w motocykli. Wykonany z wysokiej jako\u015bci frezowanego aluminium z wyko\u0144czeniem HART-COAT\u00ae pozwala na optymaln\u0105 obs\u0142ug\u0119 i kontrol\u0119 hamulca. D\u0142ugo\u015b\u0107 peda\u0142u hamulca SW-MOTECH mo\u017cna regulowa\u0107 o 5 cm, dzi\u0119ki czemu pasuje do ka\u017cdej stopy i ka\u017cdego stylu jazdy. Wz\u00f3r bie\u017cnika zwi\u0119ksza przyczepno\u015b\u0107 i zapewnia lepsz\u0105 [&hellip;]<\/p>\n","protected":false},"featured_media":13294,"template":"","meta":[],"product_brand":[386],"product_cat":[390],"product_tag":[],"class_list":{"0":"post-13295","1":"product","2":"type-product","3":"status-publish","4":"has-post-thumbnail","6":"product_brand-sw-motech","7":"product_cat-akcesoria-sw-motech-2","9":"first","10":"onbackorder","11":"taxable","12":"shipping-taxable","13":"purchasable","14":"product-type-simple"},"yoast_head":"<!-- This site is optimized with the Yoast SEO plugin v26.9 - https:\/\/yoast.com\/product\/yoast-seo-wordpress\/ -->\n<title>PEDA\u0141 HAMULCA SW-MOTECH KTM 990 DUKE (23-) - MOTO-PAWMAR<\/title>\n<meta name=\"robots\" content=\"index, follow, max-snippet:-1, max-image-preview:large, max-video-preview:-1\" \/>\n<link rel=\"canonical\" href=\"https:\/\/moto-pawmar.pl\/?product=pedal-hamulca-sw-motech-ktm-990-duke-23\" \/>\n<meta property=\"og:locale\" content=\"pl_PL\" \/>\n<meta property=\"og:type\" content=\"article\" \/>\n<meta property=\"og:title\" content=\"PEDA\u0141 HAMULCA SW-MOTECH KTM 990 DUKE (23-) - MOTO-PAWMAR\" \/>\n<meta property=\"og:description\" content=\"Regulowany peda\u0142 hamulca SW \u2013 Motech zosta\u0142 zaprojektowany specjalnie do wybranych typ\u00f3w motocykli. Wykonany z wysokiej jako\u015bci frezowanego aluminium z wyko\u0144czeniem HART-COAT\u00ae pozwala na optymaln\u0105 obs\u0142ug\u0119 i kontrol\u0119 hamulca. D\u0142ugo\u015b\u0107 peda\u0142u hamulca SW-MOTECH mo\u017cna regulowa\u0107 o 5 cm, dzi\u0119ki czemu pasuje do ka\u017cdej stopy i ka\u017cdego stylu jazdy. Wz\u00f3r bie\u017cnika zwi\u0119ksza przyczepno\u015b\u0107 i zapewnia lepsz\u0105 [&hellip;]\" \/>\n<meta property=\"og:url\" content=\"https:\/\/moto-pawmar.pl\/?product=pedal-hamulca-sw-motech-ktm-990-duke-23\" \/>\n<meta property=\"og:site_name\" content=\"MOTO-PAWMAR\" \/>\n<meta property=\"article:publisher\" content=\"https:\/\/www.facebook.com\/motopawmar\/?locale=pl_PL\" \/>\n<meta name=\"twitter:card\" content=\"summary_large_image\" \/>\n<meta name=\"twitter:label1\" content=\"Szacowany czas czytania\" \/>\n\t<meta name=\"twitter:data1\" content=\"1 minuta\" \/>\n<script type=\"application\/ld+json\" class=\"yoast-schema-graph\">{\"@context\":\"https:\/\/schema.org\",\"@graph\":[{\"@type\":\"WebPage\",\"@id\":\"https:\/\/moto-pawmar.pl\/?product=pedal-hamulca-sw-motech-ktm-990-duke-23\",\"url\":\"https:\/\/moto-pawmar.pl\/?product=pedal-hamulca-sw-motech-ktm-990-duke-23\",\"name\":\"PEDA\u0141 HAMULCA SW-MOTECH KTM 990 DUKE (23-) - MOTO-PAWMAR\",\"isPartOf\":{\"@id\":\"https:\/\/moto-pawmar.pl\/#website\"},\"primaryImageOfPage\":{\"@id\":\"https:\/\/moto-pawmar.pl\/?product=pedal-hamulca-sw-motech-ktm-990-duke-23#primaryimage\"},\"image\":{\"@id\":\"https:\/\/moto-pawmar.pl\/?product=pedal-hamulca-sw-motech-ktm-990-duke-23#primaryimage\"},\"thumbnailUrl\":\"https:\/\/moto-pawmar.pl\/wp-content\/uploads\/2026\/01\/340231_ZAL768118.jpg\",\"datePublished\":\"2026-01-29T08:37:25+00:00\",\"breadcrumb\":{\"@id\":\"https:\/\/moto-pawmar.pl\/?product=pedal-hamulca-sw-motech-ktm-990-duke-23#breadcrumb\"},\"inLanguage\":\"pl-PL\",\"potentialAction\":[{\"@type\":\"ReadAction\",\"target\":[\"https:\/\/moto-pawmar.pl\/?product=pedal-hamulca-sw-motech-ktm-990-duke-23\"]}]},{\"@type\":\"ImageObject\",\"inLanguage\":\"pl-PL\",\"@id\":\"https:\/\/moto-pawmar.pl\/?product=pedal-hamulca-sw-motech-ktm-990-duke-23#primaryimage\",\"url\":\"https:\/\/moto-pawmar.pl\/wp-content\/uploads\/2026\/01\/340231_ZAL768118.jpg\",\"contentUrl\":\"https:\/\/moto-pawmar.pl\/wp-content\/uploads\/2026\/01\/340231_ZAL768118.jpg\",\"width\":600,\"height\":400},{\"@type\":\"BreadcrumbList\",\"@id\":\"https:\/\/moto-pawmar.pl\/?product=pedal-hamulca-sw-motech-ktm-990-duke-23#breadcrumb\",\"itemListElement\":[{\"@type\":\"ListItem\",\"position\":1,\"name\":\"Strona g\u0142\u00f3wna\",\"item\":\"https:\/\/moto-pawmar.pl\/\"},{\"@type\":\"ListItem\",\"position\":2,\"name\":\"Sklep Internetowy\",\"item\":\"https:\/\/moto-pawmar.pl\/?page_id=367\"},{\"@type\":\"ListItem\",\"position\":3,\"name\":\"PEDA\u0141 HAMULCA SW-MOTECH KTM 990 DUKE (23-)\"}]},{\"@type\":\"WebSite\",\"@id\":\"https:\/\/moto-pawmar.pl\/#website\",\"url\":\"https:\/\/moto-pawmar.pl\/\",\"name\":\"MOTO-PAWMAR\",\"description\":\"MOTO\u2011PAWMAR \u2013 Tw\u00f3j sklep z cz\u0119\u015bciami i akcesoriami do motocykli, skuter\u00f3w i quad\u00f3w.\",\"publisher\":{\"@id\":\"https:\/\/moto-pawmar.pl\/#organization\"},\"potentialAction\":[{\"@type\":\"SearchAction\",\"target\":{\"@type\":\"EntryPoint\",\"urlTemplate\":\"https:\/\/moto-pawmar.pl\/?s={search_term_string}\"},\"query-input\":{\"@type\":\"PropertyValueSpecification\",\"valueRequired\":true,\"valueName\":\"search_term_string\"}}],\"inLanguage\":\"pl-PL\"},{\"@type\":\"Organization\",\"@id\":\"https:\/\/moto-pawmar.pl\/#organization\",\"name\":\"MOTO-PAWMAR\",\"url\":\"https:\/\/moto-pawmar.pl\/\",\"logo\":{\"@type\":\"ImageObject\",\"inLanguage\":\"pl-PL\",\"@id\":\"https:\/\/moto-pawmar.pl\/#\/schema\/logo\/image\/\",\"url\":\"https:\/\/moto-pawmar.pl\/wp-content\/uploads\/2025\/10\/LOGO-SKLEP.png\",\"contentUrl\":\"https:\/\/moto-pawmar.pl\/wp-content\/uploads\/2025\/10\/LOGO-SKLEP.png\",\"width\":2480,\"height\":2053,\"caption\":\"MOTO-PAWMAR\"},\"image\":{\"@id\":\"https:\/\/moto-pawmar.pl\/#\/schema\/logo\/image\/\"},\"sameAs\":[\"https:\/\/www.facebook.com\/motopawmar\/?locale=pl_PL\"]}]}<\/script>\n<!-- \/ Yoast SEO plugin. -->","yoast_head_json":{"title":"PEDA\u0141 HAMULCA SW-MOTECH KTM 990 DUKE (23-) - MOTO-PAWMAR","robots":{"index":"index","follow":"follow","max-snippet":"max-snippet:-1","max-image-preview":"max-image-preview:large","max-video-preview":"max-video-preview:-1"},"canonical":"https:\/\/moto-pawmar.pl\/?product=pedal-hamulca-sw-motech-ktm-990-duke-23","og_locale":"pl_PL","og_type":"article","og_title":"PEDA\u0141 HAMULCA SW-MOTECH KTM 990 DUKE (23-) - MOTO-PAWMAR","og_description":"Regulowany peda\u0142 hamulca SW \u2013 Motech zosta\u0142 zaprojektowany specjalnie do wybranych typ\u00f3w motocykli. Wykonany z wysokiej jako\u015bci frezowanego aluminium z wyko\u0144czeniem HART-COAT\u00ae pozwala na optymaln\u0105 obs\u0142ug\u0119 i kontrol\u0119 hamulca. D\u0142ugo\u015b\u0107 peda\u0142u hamulca SW-MOTECH mo\u017cna regulowa\u0107 o 5 cm, dzi\u0119ki czemu pasuje do ka\u017cdej stopy i ka\u017cdego stylu jazdy. Wz\u00f3r bie\u017cnika zwi\u0119ksza przyczepno\u015b\u0107 i zapewnia lepsz\u0105 [&hellip;]","og_url":"https:\/\/moto-pawmar.pl\/?product=pedal-hamulca-sw-motech-ktm-990-duke-23","og_site_name":"MOTO-PAWMAR","article_publisher":"https:\/\/www.facebook.com\/motopawmar\/?locale=pl_PL","twitter_card":"summary_large_image","twitter_misc":{"Szacowany czas czytania":"1 minuta"},"schema":{"@context":"https:\/\/schema.org","@graph":[{"@type":"WebPage","@id":"https:\/\/moto-pawmar.pl\/?product=pedal-hamulca-sw-motech-ktm-990-duke-23","url":"https:\/\/moto-pawmar.pl\/?product=pedal-hamulca-sw-motech-ktm-990-duke-23","name":"PEDA\u0141 HAMULCA SW-MOTECH KTM 990 DUKE (23-) - MOTO-PAWMAR","isPartOf":{"@id":"https:\/\/moto-pawmar.pl\/#website"},"primaryImageOfPage":{"@id":"https:\/\/moto-pawmar.pl\/?product=pedal-hamulca-sw-motech-ktm-990-duke-23#primaryimage"},"image":{"@id":"https:\/\/moto-pawmar.pl\/?product=pedal-hamulca-sw-motech-ktm-990-duke-23#primaryimage"},"thumbnailUrl":"https:\/\/moto-pawmar.pl\/wp-content\/uploads\/2026\/01\/340231_ZAL768118.jpg","datePublished":"2026-01-29T08:37:25+00:00","breadcrumb":{"@id":"https:\/\/moto-pawmar.pl\/?product=pedal-hamulca-sw-motech-ktm-990-duke-23#breadcrumb"},"inLanguage":"pl-PL","potentialAction":[{"@type":"ReadAction","target":["https:\/\/moto-pawmar.pl\/?product=pedal-hamulca-sw-motech-ktm-990-duke-23"]}]},{"@type":"ImageObject","inLanguage":"pl-PL","@id":"https:\/\/moto-pawmar.pl\/?product=pedal-hamulca-sw-motech-ktm-990-duke-23#primaryimage","url":"https:\/\/moto-pawmar.pl\/wp-content\/uploads\/2026\/01\/340231_ZAL768118.jpg","contentUrl":"https:\/\/moto-pawmar.pl\/wp-content\/uploads\/2026\/01\/340231_ZAL768118.jpg","width":600,"height":400},{"@type":"BreadcrumbList","@id":"https:\/\/moto-pawmar.pl\/?product=pedal-hamulca-sw-motech-ktm-990-duke-23#breadcrumb","itemListElement":[{"@type":"ListItem","position":1,"name":"Strona g\u0142\u00f3wna","item":"https:\/\/moto-pawmar.pl\/"},{"@type":"ListItem","position":2,"name":"Sklep Internetowy","item":"https:\/\/moto-pawmar.pl\/?page_id=367"},{"@type":"ListItem","position":3,"name":"PEDA\u0141 HAMULCA SW-MOTECH KTM 990 DUKE (23-)"}]},{"@type":"WebSite","@id":"https:\/\/moto-pawmar.pl\/#website","url":"https:\/\/moto-pawmar.pl\/","name":"MOTO-PAWMAR","description":"MOTO\u2011PAWMAR \u2013 Tw\u00f3j sklep z cz\u0119\u015bciami i akcesoriami do motocykli, skuter\u00f3w i quad\u00f3w.","publisher":{"@id":"https:\/\/moto-pawmar.pl\/#organization"},"potentialAction":[{"@type":"SearchAction","target":{"@type":"EntryPoint","urlTemplate":"https:\/\/moto-pawmar.pl\/?s={search_term_string}"},"query-input":{"@type":"PropertyValueSpecification","valueRequired":true,"valueName":"search_term_string"}}],"inLanguage":"pl-PL"},{"@type":"Organization","@id":"https:\/\/moto-pawmar.pl\/#organization","name":"MOTO-PAWMAR","url":"https:\/\/moto-pawmar.pl\/","logo":{"@type":"ImageObject","inLanguage":"pl-PL","@id":"https:\/\/moto-pawmar.pl\/#\/schema\/logo\/image\/","url":"https:\/\/moto-pawmar.pl\/wp-content\/uploads\/2025\/10\/LOGO-SKLEP.png","contentUrl":"https:\/\/moto-pawmar.pl\/wp-content\/uploads\/2025\/10\/LOGO-SKLEP.png","width":2480,"height":2053,"caption":"MOTO-PAWMAR"},"image":{"@id":"https:\/\/moto-pawmar.pl\/#\/schema\/logo\/image\/"},"sameAs":["https:\/\/www.facebook.com\/motopawmar\/?locale=pl_PL"]}]}},"_links":{"self":[{"href":"https:\/\/moto-pawmar.pl\/index.php?rest_route=\/wp\/v2\/product\/13295","targetHints":{"allow":["GET"]}}],"collection":[{"href":"https:\/\/moto-pawmar.pl\/index.php?rest_route=\/wp\/v2\/product"}],"about":[{"href":"https:\/\/moto-pawmar.pl\/index.php?rest_route=\/wp\/v2\/types\/product"}],"wp:featuredmedia":[{"embeddable":true,"href":"https:\/\/moto-pawmar.pl\/index.php?rest_route=\/wp\/v2\/media\/13294"}],"wp:attachment":[{"href":"https:\/\/moto-pawmar.pl\/index.php?rest_route=%2Fwp%2Fv2%2Fmedia&parent=13295"}],"wp:term":[{"taxonomy":"product_brand","embeddable":true,"href":"https:\/\/moto-pawmar.pl\/index.php?rest_route=%2Fwp%2Fv2%2Fproduct_brand&post=13295"},{"taxonomy":"product_cat","embeddable":true,"href":"https:\/\/moto-pawmar.pl\/index.php?rest_route=%2Fwp%2Fv2%2Fproduct_cat&post=13295"},{"taxonomy":"product_tag","embeddable":true,"href":"https:\/\/moto-pawmar.pl\/index.php?rest_route=%2Fwp%2Fv2%2Fproduct_tag&post=13295"}],"curies":[{"name":"wp","href":"https:\/\/api.w.org\/{rel}","templated":true}]}}